{"id":3420,"date":"2018-11-23T16:25:29","date_gmt":"2018-11-23T15:25:29","guid":{"rendered":"http:\/\/arwann.com\/?page_id=3420"},"modified":"2018-11-23T16:25:29","modified_gmt":"2018-11-23T15:25:29","slug":"%d0%b2%d1%8b%d1%81%d0%be%d0%ba%d0%b8%d0%b9-%d0%bf%d0%b0%d1%82%d1%80%d1%83%d0%bb%d1%8c","status":"publish","type":"page","link":"https:\/\/arwann.com\/?page_id=3420&lang=ru","title":{"rendered":"\u0412\u044b\u0441\u043e\u043a\u0438\u0439 \u041f\u0430\u0442\u0440\u0443\u043b\u044c"},"content":{"rendered":"<p><a href=\"http:\/\/arwann.com\/?page_id=31\"><img loading=\"lazy\" decoding=\"async\" class=\"alignright wp-image-891\" src=\"http:\/\/arwann.com\/wp-content\/uploads\/2014\/04\/Bouton-HP.png\" alt=\"Bouton HP\" width=\"200\" height=\"200\" srcset=\"https:\/\/arwann.com\/wp-content\/uploads\/2014\/04\/Bouton-HP.png 400w, https:\/\/arwann.com\/wp-content\/uploads\/2014\/04\/Bouton-HP-200x200.png 200w, https:\/\/arwann.com\/wp-content\/uploads\/2014\/04\/Bouton-HP-100x100.png 100w, https:\/\/arwann.com\/wp-content\/uploads\/2014\/04\/Bouton-HP-300x300.png 300w, https:\/\/arwann.com\/wp-content\/uploads\/2014\/04\/Bouton-HP-150x150.png 150w\" sizes=\"auto, (max-width: 200px) 100vw, 200px\" \/><\/a>\u00a0<a title=\"Camper en patrouille\" href=\"http:\/\/arwann.com\/?page_id=1177\">Camper en patrouille<br \/>\n<\/a>Les activit\u00e9s durant l&rsquo;ann\u00e9e<br \/>\nMonter une patrouille<br \/>\n<a title=\"Construire un radeau\" href=\"http:\/\/arwann.com\/?page_id=1573\">Construire un radeau<br \/>\n<\/a>Le camp et sa pr\u00e9paration<br \/>\n<a title=\"Gagner de l\u2019argent\" href=\"http:\/\/arwann.com\/?page_id=1901\">Gagner de l&rsquo;argent<br \/>\n<\/a><a href=\"http:\/\/arwann.com\/?page_id=3342\">Une chemin\u00e9e au camp<\/a><\/p>\n<p>&nbsp;<\/p>\n","protected":false},"excerpt":{"rendered":"<p>\u00a0Camper en patrouille Les activit\u00e9s durant l&rsquo;ann\u00e9e Monter une patrouille Construire un radeau Le camp et sa pr\u00e9paration Gagner de l&rsquo;argent Une chemin\u00e9e au camp &nbsp;<\/p>\n","protected":false},"author":1,"featured_media":0,"parent":0,"menu_order":0,"comment_status":"closed","ping_status":"closed","template":"","meta":{"footnotes":""},"class_list":["post-3420","page","type-page","status-publish","hentry"],"yoast_head":"<!-- This site is optimized with the Yoast SEO plugin v27.2 - https:\/\/yoast.com\/product\/yoast-seo-wordpress\/ -->\n<title>\u0412\u044b\u0441\u043e\u043a\u0438\u0439 \u041f\u0430\u0442\u0440\u0443\u043b\u044c -<\/title>\n<meta name=\"robots\" content=\"index, follow, max-snippet:-1, max-image-preview:large, max-video-preview:-1\" \/>\n<link rel=\"canonical\" href=\"https:\/\/arwann.com\/?page_id=3420&lang=ru\" \/>\n<meta property=\"og:locale\" content=\"fr_FR\" \/>\n<meta property=\"og:type\" content=\"article\" \/>\n<meta property=\"og:title\" content=\"\u0412\u044b\u0441\u043e\u043a\u0438\u0439 \u041f\u0430\u0442\u0440\u0443\u043b\u044c -\" \/>\n<meta property=\"og:description\" content=\"\u00a0Camper en patrouille Les activit\u00e9s durant l&rsquo;ann\u00e9e Monter une patrouille Construire un radeau Le camp et sa pr\u00e9paration Gagner de l&rsquo;argent Une chemin\u00e9e au camp &nbsp;\" \/>\n<meta property=\"og:url\" content=\"https:\/\/arwann.com\/?page_id=3420&amp;lang=ru\" \/>\n<meta property=\"og:image\" content=\"http:\/\/arwann.com\/wp-content\/uploads\/2014\/04\/Bouton-HP.png\" \/>\n<script type=\"application\/ld+json\" class=\"yoast-schema-graph\">{\"@context\":\"https:\/\/schema.org\",\"@graph\":[{\"@type\":\"WebPage\",\"@id\":\"https:\/\/arwann.com\/?page_id=3420&lang=ru\",\"url\":\"https:\/\/arwann.com\/?page_id=3420&lang=ru\",\"name\":\"\u0412\u044b\u0441\u043e\u043a\u0438\u0439 \u041f\u0430\u0442\u0440\u0443\u043b\u044c -\",\"isPartOf\":{\"@id\":\"https:\/\/arwann.com\/#website\"},\"primaryImageOfPage\":{\"@id\":\"https:\/\/arwann.com\/?page_id=3420&lang=ru#primaryimage\"},\"image\":{\"@id\":\"https:\/\/arwann.com\/?page_id=3420&lang=ru#primaryimage\"},\"thumbnailUrl\":\"http:\/\/arwann.com\/wp-content\/uploads\/2014\/04\/Bouton-HP.png\",\"datePublished\":\"2018-11-23T15:25:29+00:00\",\"breadcrumb\":{\"@id\":\"https:\/\/arwann.com\/?page_id=3420&lang=ru#breadcrumb\"},\"inLanguage\":\"fr-FR\",\"potentialAction\":[{\"@type\":\"ReadAction\",\"target\":[\"https:\/\/arwann.com\/?page_id=3420&lang=ru\"]}]},{\"@type\":\"ImageObject\",\"inLanguage\":\"fr-FR\",\"@id\":\"https:\/\/arwann.com\/?page_id=3420&lang=ru#primaryimage\",\"url\":\"https:\/\/arwann.com\/wp-content\/uploads\/2014\/04\/Bouton-HP.png\",\"contentUrl\":\"https:\/\/arwann.com\/wp-content\/uploads\/2014\/04\/Bouton-HP.png\",\"width\":400,\"height\":400},{\"@type\":\"BreadcrumbList\",\"@id\":\"https:\/\/arwann.com\/?page_id=3420&lang=ru#breadcrumb\",\"itemListElement\":[{\"@type\":\"ListItem\",\"position\":1,\"name\":\"Home\",\"item\":\"https:\/\/arwann.com\/\"},{\"@type\":\"ListItem\",\"position\":2,\"name\":\"\u0412\u044b\u0441\u043e\u043a\u0438\u0439 \u041f\u0430\u0442\u0440\u0443\u043b\u044c\"}]},{\"@type\":\"WebSite\",\"@id\":\"https:\/\/arwann.com\/#website\",\"url\":\"https:\/\/arwann.com\/\",\"name\":\"Arwann.com\",\"description\":\"\",\"publisher\":{\"@id\":\"https:\/\/arwann.com\/#organization\"},\"potentialAction\":[{\"@type\":\"SearchAction\",\"target\":{\"@type\":\"EntryPoint\",\"urlTemplate\":\"https:\/\/arwann.com\/?s={search_term_string}\"},\"query-input\":{\"@type\":\"PropertyValueSpecification\",\"valueRequired\":true,\"valueName\":\"search_term_string\"}}],\"inLanguage\":\"fr-FR\"},{\"@type\":\"Organization\",\"@id\":\"https:\/\/arwann.com\/#organization\",\"name\":\"Arwann\",\"url\":\"https:\/\/arwann.com\/\",\"logo\":{\"@type\":\"ImageObject\",\"inLanguage\":\"fr-FR\",\"@id\":\"https:\/\/arwann.com\/#\/schema\/logo\/image\/\",\"url\":\"http:\/\/arwann.com\/wp-content\/uploads\/2014\/04\/cropped-bandeau-arwann-5.png\",\"contentUrl\":\"http:\/\/arwann.com\/wp-content\/uploads\/2014\/04\/cropped-bandeau-arwann-5.png\",\"width\":1600,\"height\":230,\"caption\":\"Arwann\"},\"image\":{\"@id\":\"https:\/\/arwann.com\/#\/schema\/logo\/image\/\"}}]}<\/script>\n<!-- \/ Yoast SEO plugin. -->","yoast_head_json":{"title":"\u0412\u044b\u0441\u043e\u043a\u0438\u0439 \u041f\u0430\u0442\u0440\u0443\u043b\u044c -","robots":{"index":"index","follow":"follow","max-snippet":"max-snippet:-1","max-image-preview":"max-image-preview:large","max-video-preview":"max-video-preview:-1"},"canonical":"https:\/\/arwann.com\/?page_id=3420&lang=ru","og_locale":"fr_FR","og_type":"article","og_title":"\u0412\u044b\u0441\u043e\u043a\u0438\u0439 \u041f\u0430\u0442\u0440\u0443\u043b\u044c -","og_description":"\u00a0Camper en patrouille Les activit\u00e9s durant l&rsquo;ann\u00e9e Monter une patrouille Construire un radeau Le camp et sa pr\u00e9paration Gagner de l&rsquo;argent Une chemin\u00e9e au camp &nbsp;","og_url":"https:\/\/arwann.com\/?page_id=3420&lang=ru","og_image":[{"url":"http:\/\/arwann.com\/wp-content\/uploads\/2014\/04\/Bouton-HP.png","type":"","width":"","height":""}],"schema":{"@context":"https:\/\/schema.org","@graph":[{"@type":"WebPage","@id":"https:\/\/arwann.com\/?page_id=3420&lang=ru","url":"https:\/\/arwann.com\/?page_id=3420&lang=ru","name":"\u0412\u044b\u0441\u043e\u043a\u0438\u0439 \u041f\u0430\u0442\u0440\u0443\u043b\u044c -","isPartOf":{"@id":"https:\/\/arwann.com\/#website"},"primaryImageOfPage":{"@id":"https:\/\/arwann.com\/?page_id=3420&lang=ru#primaryimage"},"image":{"@id":"https:\/\/arwann.com\/?page_id=3420&lang=ru#primaryimage"},"thumbnailUrl":"http:\/\/arwann.com\/wp-content\/uploads\/2014\/04\/Bouton-HP.png","datePublished":"2018-11-23T15:25:29+00:00","breadcrumb":{"@id":"https:\/\/arwann.com\/?page_id=3420&lang=ru#breadcrumb"},"inLanguage":"fr-FR","potentialAction":[{"@type":"ReadAction","target":["https:\/\/arwann.com\/?page_id=3420&lang=ru"]}]},{"@type":"ImageObject","inLanguage":"fr-FR","@id":"https:\/\/arwann.com\/?page_id=3420&lang=ru#primaryimage","url":"https:\/\/arwann.com\/wp-content\/uploads\/2014\/04\/Bouton-HP.png","contentUrl":"https:\/\/arwann.com\/wp-content\/uploads\/2014\/04\/Bouton-HP.png","width":400,"height":400},{"@type":"BreadcrumbList","@id":"https:\/\/arwann.com\/?page_id=3420&lang=ru#breadcrumb","itemListElement":[{"@type":"ListItem","position":1,"name":"Home","item":"https:\/\/arwann.com\/"},{"@type":"ListItem","position":2,"name":"\u0412\u044b\u0441\u043e\u043a\u0438\u0439 \u041f\u0430\u0442\u0440\u0443\u043b\u044c"}]},{"@type":"WebSite","@id":"https:\/\/arwann.com\/#website","url":"https:\/\/arwann.com\/","name":"Arwann.com","description":"","publisher":{"@id":"https:\/\/arwann.com\/#organization"},"potentialAction":[{"@type":"SearchAction","target":{"@type":"EntryPoint","urlTemplate":"https:\/\/arwann.com\/?s={search_term_string}"},"query-input":{"@type":"PropertyValueSpecification","valueRequired":true,"valueName":"search_term_string"}}],"inLanguage":"fr-FR"},{"@type":"Organization","@id":"https:\/\/arwann.com\/#organization","name":"Arwann","url":"https:\/\/arwann.com\/","logo":{"@type":"ImageObject","inLanguage":"fr-FR","@id":"https:\/\/arwann.com\/#\/schema\/logo\/image\/","url":"http:\/\/arwann.com\/wp-content\/uploads\/2014\/04\/cropped-bandeau-arwann-5.png","contentUrl":"http:\/\/arwann.com\/wp-content\/uploads\/2014\/04\/cropped-bandeau-arwann-5.png","width":1600,"height":230,"caption":"Arwann"},"image":{"@id":"https:\/\/arwann.com\/#\/schema\/logo\/image\/"}}]}},"_links":{"self":[{"href":"https:\/\/arwann.com\/index.php?rest_route=\/wp\/v2\/pages\/3420","targetHints":{"allow":["GET"]}}],"collection":[{"href":"https:\/\/arwann.com\/index.php?rest_route=\/wp\/v2\/pages"}],"about":[{"href":"https:\/\/arwann.com\/index.php?rest_route=\/wp\/v2\/types\/page"}],"author":[{"embeddable":true,"href":"https:\/\/arwann.com\/index.php?rest_route=\/wp\/v2\/users\/1"}],"replies":[{"embeddable":true,"href":"https:\/\/arwann.com\/index.php?rest_route=%2Fwp%2Fv2%2Fcomments&post=3420"}],"version-history":[{"count":1,"href":"https:\/\/arwann.com\/index.php?rest_route=\/wp\/v2\/pages\/3420\/revisions"}],"predecessor-version":[{"id":3421,"href":"https:\/\/arwann.com\/index.php?rest_route=\/wp\/v2\/pages\/3420\/revisions\/3421"}],"wp:attachment":[{"href":"https:\/\/arwann.com\/index.php?rest_route=%2Fwp%2Fv2%2Fmedia&parent=3420"}],"curies":[{"name":"wp","href":"https:\/\/api.w.org\/{rel}","templated":true}]}}