{"id":2987,"date":"2016-01-20T20:44:01","date_gmt":"2016-01-20T19:44:01","guid":{"rendered":"http:\/\/arwann.com\/?page_id=2987"},"modified":"2016-01-20T20:49:46","modified_gmt":"2016-01-20T19:49:46","slug":"devoir-dassiduite-parents","status":"publish","type":"page","link":"https:\/\/arwann.com\/?page_id=2987","title":{"rendered":"Devoir d&rsquo;assiduit\u00e9 pour les parents"},"content":{"rendered":"<p>Par Lama<\/p>\n<p>Le scoutisme fonctionne correctement et produit de bons fruits lorsque sont respect\u00e9s les 15 points qui le caract\u00e9risent. Mais il faut y ajouter une condition \u00e9vidente\u00a0qui se d\u00e9cline d\u00e8s que le scout ou la guide est inscrite\u00a0: participer r\u00e9guli\u00e8rement \u00e0 toutes les activit\u00e9s. Le scoutisme n\u2019est pas une activit\u00e9 que chacun vit \u00e0 son rythme, le scoutisme est un mouvement qui vit, avance, qui cr\u00e9e une histoire collective. Si un membre de la bande n\u2019a pas v\u00e9cu telle ou telle aventure avec sa patrouille ou son unit\u00e9, le capital n\u2019est plus enti\u00e8rement partag\u00e9. L\u2019esprit de bande se distend et le rapport au groupe s\u2019affaiblit. Si tel ou tel membre ne fait partie que de temps en temps \u00e0 la soci\u00e9t\u00e9 particuli\u00e8re que constitue l\u2019unit\u00e9, il n\u2019en fait pas r\u00e9ellement partie, il devient peu \u00e0 peu un figurant de l\u2019aventure commune du groupe. Plus prosa\u00efquement, un membre qui ne vient pas, est automatiquement retranch\u00e9 par les organisateurs des phases de responsabilit\u00e9s et d\u2019engagement. Et ceci uniquement parce qu\u2019ils ne peuvent faire autrement. En outre le manque d\u2019assiduit\u00e9 complique s\u00e9rieusement les t\u00e2ches d\u2019organisation des chefs.<\/p>\n<p>Le manque d\u2019assiduit\u00e9 trouve deux causes principales\u00a0:<br \/>\n<strong><span style=\"color: #800080;\">Le probl\u00e8me vient du scout ou de la guide.<br \/>\n<\/span><\/strong><strong><span style=\"color: #800080;\">Autre priorit\u00e9 pour les parents.<\/span><\/strong><\/p>\n<h3><span style=\"color: #0000ff;\">Manque d\u2019int\u00e9r\u00eat du jeune<\/span><\/h3>\n<p>On constate que le scoutisme ne convient pas \u00e0 tous les jeunes. On peut avancer la proportion de 50%. Certains caract\u00e8res particulier ne se sentent pas sp\u00e9cialement pouss\u00e9s par les 5 moteurs traditionnels du scoutisme (Aventure, Esprit de bande, Engagement, Responsabilit\u00e9, Techniques scoutes). \u00c0 ces enfants il faut peut-\u00eatre autre chose. Aux parents et aux chefs de s\u2019en apercevoir. Ici la r\u00e8gle consiste \u00e0 ne pas maintenir \u00e0 tout prix un jeune non motiv\u00e9 par le scoutisme.<\/p>\n<h3><span style=\"color: #0000ff;\">La crise d\u2019ado<\/span><\/h3>\n<p><span style=\"text-decoration: underline;\">Oui \u00e7a existe<\/span>. Il arrive qu\u2019\u00e0 l\u2019\u00e2ge crucial de 14 &#8211; 15 ans, le jeune comprenne soudain o\u00f9 le m\u00e8ne le scoutisme et qu\u2019il s\u2019y refuse. Ce qu\u2019il comprend c\u2019est qu\u2019on ne peut pas aimer le \u00ab\u00a0monde\u00a0\u00bb en m\u00eame temps que le scoutisme. S\u2019il n\u2019abandonne pas certains modes de vie, il sait que sa vie scoute deviendra hypocrite et que ce ne sera pas vivable, et pour lui, et pour la patrouille. Dans ce cas, c\u2019est triste, mais il doit partir franchement. D\u2019autant plus franchement qu\u2019\u00e9tant parmi les a\u00een\u00e9s il tient des responsabilit\u00e9s.<\/p>\n<h3><span style=\"color: #0000ff;\">Maladie<\/span><\/h3>\n<p>Bien que personne ne soit fautif, les cas de <u>maladie ou de convalescence<\/u> produisent les m\u00eames effets que le manque d\u2019assiduit\u00e9. Les liens entre le jeune et la bande se distendent peu \u00e0 peu et peuvent fort bien conduire \u00e0 une s\u00e9paration. C\u2019est pourquoi dans ce cas le CP mais aussi le chef de troupe doit veiller \u00e0 entretenir ces liens par des visites, des courriers, des blogs ou tout autre moyen et ceci de mani\u00e8re d\u2019autant plus imp\u00e9rative qu\u2019on peut suspecter un int\u00e9r\u00eat l\u00e9g\u00e8rement d\u00e9ficient.<\/p>\n<h3><span style=\"color: #0000ff;\">Incompatibilit\u00e9 de caract\u00e8re<\/span><\/h3>\n<p>Il se peut aussi que <u>des tensions internes<\/u> \u00e0 la patrouille g\u00e2chent la vie de tel ou tel. C\u2019est humain, cela existe, il faut que les parents et les chefs aient l\u2019\u0153il ouvert sur la r\u00e9alit\u00e9 et l\u2019oreille attentive \u00e0 ce qui se dit ou ce qui ne se dit pas. Ces conflits internes se r\u00e9solvent toujours avec un peu de bonne volont\u00e9. Souvent un changement de patrouille se r\u00e9v\u00e8le une bonne solution en cas d\u2019incompatibilit\u00e9 de caract\u00e8re.<\/p>\n<p>&nbsp;<\/p>\n<h2><span style=\"color: #800080;\">Autres priorit\u00e9 pour les parents<\/span><\/h2>\n<p>En fait c\u2019est souvent l\u00e0 que le b\u00e2t blesse\u00a0: les parents sont convaincus des bienfaits du scoutisme mais, dans les faits, tout le reste passe avant. Nous allons recenser les pr\u00e9textes invoqu\u00e9s pour manquer une sortie ou un camp et tenter de montrer, quelle est l\u2019erreur sous-jacente commise en toute bonne foi par les parents<\/p>\n<h3><span style=\"color: #0000ff;\">Un petit Rhume<\/span><\/h3>\n<p>La plupart des \u00ab\u00a0petites maladies\u00a0\u00bb se soignent par le m\u00e9pris et bien souvent la vie au grand air, dans des conditions actives permet \u00e0 l\u2019organisme de prendre le dessus. Le dorlotage syst\u00e9matique en cas de petite affection oriente l\u2019organisme et surtout la volont\u00e9 vers l\u2019absence d\u2019effort. L\u2019un des buts du scoutisme \u00ab\u00a0sant\u00e9\u00a0\u00bb couvre justement ces petites affections que le jeune doit savoir surmonter m\u00eame s\u2019il doit prendre un traitement<\/p>\n<h3><span style=\"color: #0000ff;\">Du travail scolaire<\/span><\/h3>\n<p>Voici la liste non exhaustive des pr\u00e9textes. Il n\u2019a pas fini son travail\u00a0; il n\u2019aura pas le temps de le faire\u00a0; lundi il y a un contr\u00f4le important\u00a0; il est fatigu\u00e9 de sa semaine\u2026 Chers parents, tout ceci appartient au domaine <u>pr\u00e9visible<\/u>, il vous faut donc le pr\u00e9voir et veiller \u00e0 ce que votre enfant fasse son travail \u00e0 temps. Honn\u00eatement je n\u2019ai jamais vu un ado travailler tout le samedi et tout le dimanche, jamais\u00a0! Fatigu\u00e9 ? Certainement mais c\u2019est nerveux, c\u00e9r\u00e9bral\u2026 allez hop, au plein air\u00a0! Au retour un bon bain ou une bonne douche et au dodo. Vous me direz ensuite s\u2019il est fatigu\u00e9.<\/p>\n<h3><span style=\"color: #0000ff;\">Le chantage au travail (ou \u00e0 la conduite)<\/span><\/h3>\n<p><em>Il a \u00e9t\u00e9 tellement odieux ou il a r\u00e9colt\u00e9 de si mauvaise notes que nous allons faire un exemple\u00a0: il sera puni dans ce qui lui tient le plus \u00e0 c\u0153ur\u00a0: le scoutisme<\/em>.<br \/>\nC\u2019est un pr\u00e9texte tr\u00e8s souvent avanc\u00e9. Cette solution, que beaucoup de parents consid\u00e8rent comme l\u2019arme absolue, obtient des r\u00e9sultats exactement \u00e0 l\u2019oppos\u00e9 de ceux qu\u2019ils attendaient. Expliquons les trois erreurs ainsi commises.<\/p>\n<p><span style=\"font-family: 'Arial','sans-serif'; font-size: 12pt;\"><span style=\"color: #000000;\"><strong>La premi\u00e8re erreur<\/strong> est que si punition il y a, elle doit \u00eatre en rapport avec la faute. C\u2019est imp\u00e9ratif sinon ce n\u2019est pas \u00e9ducatif. L\u2019enfant trouve la punition injuste et il ne s\u2019y soumet qu\u2019en apparence.<br \/>\n<\/span><\/span><strong>La deuxi\u00e8me<\/strong> est qu\u2019on ne corrige pas une attitude par un \u00ab\u00a0exemple\u00a0\u00bb mais par une autre attitude. En clair, c\u2019est aux parents de prendre vraiment les moyens de faire travailler leur enfant, de s\u2019y coller vraiment. L\u2019enfant va inconscient mesurer la faiblesse de ses parents.<br \/>\n<strong>Troisi\u00e8me erreur<\/strong>, en privant leur enfant de scoutisme, ces parents se privent sans doute du meilleur rem\u00e8de. Il est vrai que c\u2019est un rem\u00e8de \u00e0 long terme et que le retour n\u2019est pas imm\u00e9diat. Dans toute ma carri\u00e8re comme chef ou parent, je n\u2019ai jamais, mais absolument jamais vu un enfant obtenir de bonnes notes parce qu\u2019on l\u2019avait priv\u00e9 de scouts. Ce que j\u2019ai vu en revanche, ce sont des enfants \u00ab\u00a0difficiles\u00a0\u00bb (mais pas des fain\u00e9ants) qui soudain se r\u00e9v\u00e8lent aux scouts. Ces enfants ont trouv\u00e9 leur place aux scouts, ils ont exp\u00e9riment\u00e9 la vie en soci\u00e9t\u00e9 proactive et leur caract\u00e8re difficile s\u2019est amend\u00e9, il s\u2019est d\u00e9velopp\u00e9 dans ses composantes dynamiques les meilleures. Le go\u00fbt de la r\u00e9ussite puis du travail est enfin arriv\u00e9.<\/p>\n<h3><span style=\"color: #0000ff;\">La famille<\/span><\/h3>\n<p>Les r\u00e9unions de famille sont tr\u00e8s souvent invoqu\u00e9es. Mais il y r\u00e9union et r\u00e9union. D\u2019une mani\u00e8re g\u00e9n\u00e9rale, tous les parents normaux pr\u00e9f\u00e8rent avoir leurs enfants autour d\u2019eux plut\u00f4t qu\u2019au loin. Mais inscrire aux scouts puis faire s\u00e9cher au moindre pr\u00e9texte c\u2019est une forme de vell\u00e9it\u00e9. Cependant, aux chefs et aux groupes d\u2019essayer de tenir compte d\u2019un certain nombre d\u2019imp\u00e9ratifs dans la mesure o\u00f9 ils sont l\u00e9gitimes et annonc\u00e9s suffisamment t\u00f4t. Par la paroisse on conna\u00eet les dates des communions, on conna\u00eet assez t\u00f4t les dates d\u2019examens au coll\u00e8ge ou au lyc\u00e9e, beaucoup de chose sont pr\u00e9visibles auxquelles on peut trouver de bonnes solutions plut\u00f4t que l\u2019absence s\u00e8che. OK, un scout doit assister au mariage d\u2019un fr\u00e8re ou d\u2019une s\u0153ur, mais pas besoin si le degr\u00e9 de parent\u00e9 est moindre.<br \/>\nIl existe une autre variante du pr\u00e9texte de la famille\u00a0: un vieux parent \u00e0 l\u2019article de la mort. Cela arrive et c\u2019est vrai que c\u2019est important. Cependant chers parents, on n\u2019est pas \u00e0 l\u2019article de la mort plusieurs fois par an et trois ann\u00e9es d\u2019affil\u00e9e<\/p>\n<h2><span style=\"color: #800080;\">Et le chef ?<\/span><\/h2>\n<p>Enfin il faut que les parents respectent le d\u00e9vouement des ma\u00eetrises. Le chef a lui aussi des examens, une famille, des maladies, des petites d\u00e9primes\u2026 et pourtant il est l\u00e0 \u00e0 chaque fois. La pr\u00e9paration d\u2019un camp demande plusieurs centaines d\u2019heures de travail rigoureux pour monter les dossiers, obtenir les autorisations, pour aller voir sur place\u2026 et pour offrir \u00e0 vos enfants une v\u00e9ritable aventure qui fera partie de leur histoire. Et pour le chef, l\u2019absence d\u2019un seul gar\u00e7on est souvent ressentie comme une petite amputation ou un petit \u00e9chec.<\/p>\n<ul>\n<li>Parents, la premi\u00e8re reconnaissance pour le d\u00e9vouement du chef est l\u2019assiduit\u00e9 de l\u2019enfant. C\u2019est un d\u00fb dont vous ne pouvez vous dispenser ni par l\u2019impr\u00e9voyance, ni par la d\u00e9sinvolture, ni par l\u2019\u00e9go\u00efsme.<\/li>\n<li>Les parents ne se rendent souvent pas compte du travail et de l\u2019organisation pour pr\u00e9parer un camp. Le chef se forme et paye de son temps et de son argent souvent pour cela. Pouvoir diriger un camp de plus de 11 nuits suppose d\u2019avoir suivi et r\u00e9ussi 2 camps \u00e9cole de 8 jours. C\u2019est deux semaines de vacances qui sautent en plus du temps des camp<\/li>\n<\/ul>\n<p><span style=\"color: #ff0000;\"><a href=\"http:\/\/arwann.com\/?page_id=1200\">retour \u00e0 la liste<\/a><\/span><\/p>\n","protected":false},"excerpt":{"rendered":"<p>Par Lama Le scoutisme fonctionne correctement et produit de bons fruits lorsque sont respect\u00e9s les 15 points qui le caract\u00e9risent. Mais il faut y ajouter une condition \u00e9vidente\u00a0qui se d\u00e9cline d\u00e8s que le scout ou la guide est inscrite\u00a0: participer r\u00e9guli\u00e8rement \u00e0 toutes les activit\u00e9s. Le scoutisme n\u2019est pas une activit\u00e9 que chacun vit \u00e0 &hellip; <a href=\"https:\/\/arwann.com\/?page_id=2987\" class=\"more-link\">Continuer la lecture de <span class=\"screen-reader-text\">Devoir d&rsquo;assiduit\u00e9 pour les parents<\/span> <span class=\"meta-nav\">&rarr;<\/span><\/a><\/p>\n","protected":false},"author":1,"featured_media":0,"parent":1200,"menu_order":0,"comment_status":"closed","ping_status":"closed","template":"","meta":{"footnotes":""},"class_list":["post-2987","page","type-page","status-publish","hentry"],"yoast_head":"<!-- This site is optimized with the Yoast SEO plugin v27.2 - https:\/\/yoast.com\/product\/yoast-seo-wordpress\/ -->\n<title>Devoir d&#039;assiduit\u00e9 pour les parents -<\/title>\n<meta name=\"robots\" content=\"index, follow, max-snippet:-1, max-image-preview:large, max-video-preview:-1\" \/>\n<link rel=\"canonical\" href=\"https:\/\/arwann.com\/?page_id=2987\" \/>\n<meta property=\"og:locale\" content=\"fr_FR\" \/>\n<meta property=\"og:type\" content=\"article\" \/>\n<meta property=\"og:title\" content=\"Devoir d&#039;assiduit\u00e9 pour les parents -\" \/>\n<meta property=\"og:description\" content=\"Par Lama Le scoutisme fonctionne correctement et produit de bons fruits lorsque sont respect\u00e9s les 15 points qui le caract\u00e9risent. Mais il faut y ajouter une condition \u00e9vidente\u00a0qui se d\u00e9cline d\u00e8s que le scout ou la guide est inscrite\u00a0: participer r\u00e9guli\u00e8rement \u00e0 toutes les activit\u00e9s. Le scoutisme n\u2019est pas une activit\u00e9 que chacun vit \u00e0 &hellip; Continuer la lecture de Devoir d&rsquo;assiduit\u00e9 pour les parents &rarr;\" \/>\n<meta property=\"og:url\" content=\"https:\/\/arwann.com\/?page_id=2987\" \/>\n<meta property=\"article:modified_time\" content=\"2016-01-20T19:49:46+00:00\" \/>\n<meta name=\"twitter:label1\" content=\"Dur\u00e9e de lecture estim\u00e9e\" \/>\n\t<meta name=\"twitter:data1\" content=\"8 minutes\" \/>\n<script type=\"application\/ld+json\" class=\"yoast-schema-graph\">{\"@context\":\"https:\/\/schema.org\",\"@graph\":[{\"@type\":\"WebPage\",\"@id\":\"https:\/\/arwann.com\/?page_id=2987\",\"url\":\"https:\/\/arwann.com\/?page_id=2987\",\"name\":\"Devoir d'assiduit\u00e9 pour les parents -\",\"isPartOf\":{\"@id\":\"https:\/\/arwann.com\/#website\"},\"datePublished\":\"2016-01-20T19:44:01+00:00\",\"dateModified\":\"2016-01-20T19:49:46+00:00\",\"breadcrumb\":{\"@id\":\"https:\/\/arwann.com\/?page_id=2987#breadcrumb\"},\"inLanguage\":\"fr-FR\",\"potentialAction\":[{\"@type\":\"ReadAction\",\"target\":[\"https:\/\/arwann.com\/?page_id=2987\"]}]},{\"@type\":\"BreadcrumbList\",\"@id\":\"https:\/\/arwann.com\/?page_id=2987#breadcrumb\",\"itemListElement\":[{\"@type\":\"ListItem\",\"position\":1,\"name\":\"Home\",\"item\":\"https:\/\/arwann.com\/\"},{\"@type\":\"ListItem\",\"position\":2,\"name\":\"La Maison\",\"item\":\"http:\/\/arwann.com\/?page_id=35\"},{\"@type\":\"ListItem\",\"position\":3,\"name\":\"Que faut-il attendre du scoutisme\",\"item\":\"http:\/\/arwann.com\/?page_id=1200\"},{\"@type\":\"ListItem\",\"position\":4,\"name\":\"Devoir d&rsquo;assiduit\u00e9 pour les parents\"}]},{\"@type\":\"WebSite\",\"@id\":\"https:\/\/arwann.com\/#website\",\"url\":\"https:\/\/arwann.com\/\",\"name\":\"Arwann.com\",\"description\":\"\",\"publisher\":{\"@id\":\"https:\/\/arwann.com\/#organization\"},\"potentialAction\":[{\"@type\":\"SearchAction\",\"target\":{\"@type\":\"EntryPoint\",\"urlTemplate\":\"https:\/\/arwann.com\/?s={search_term_string}\"},\"query-input\":{\"@type\":\"PropertyValueSpecification\",\"valueRequired\":true,\"valueName\":\"search_term_string\"}}],\"inLanguage\":\"fr-FR\"},{\"@type\":\"Organization\",\"@id\":\"https:\/\/arwann.com\/#organization\",\"name\":\"Arwann\",\"url\":\"https:\/\/arwann.com\/\",\"logo\":{\"@type\":\"ImageObject\",\"inLanguage\":\"fr-FR\",\"@id\":\"https:\/\/arwann.com\/#\/schema\/logo\/image\/\",\"url\":\"http:\/\/arwann.com\/wp-content\/uploads\/2014\/04\/cropped-bandeau-arwann-5.png\",\"contentUrl\":\"http:\/\/arwann.com\/wp-content\/uploads\/2014\/04\/cropped-bandeau-arwann-5.png\",\"width\":1600,\"height\":230,\"caption\":\"Arwann\"},\"image\":{\"@id\":\"https:\/\/arwann.com\/#\/schema\/logo\/image\/\"}}]}<\/script>\n<!-- \/ Yoast SEO plugin. -->","yoast_head_json":{"title":"Devoir d'assiduit\u00e9 pour les parents -","robots":{"index":"index","follow":"follow","max-snippet":"max-snippet:-1","max-image-preview":"max-image-preview:large","max-video-preview":"max-video-preview:-1"},"canonical":"https:\/\/arwann.com\/?page_id=2987","og_locale":"fr_FR","og_type":"article","og_title":"Devoir d'assiduit\u00e9 pour les parents -","og_description":"Par Lama Le scoutisme fonctionne correctement et produit de bons fruits lorsque sont respect\u00e9s les 15 points qui le caract\u00e9risent. Mais il faut y ajouter une condition \u00e9vidente\u00a0qui se d\u00e9cline d\u00e8s que le scout ou la guide est inscrite\u00a0: participer r\u00e9guli\u00e8rement \u00e0 toutes les activit\u00e9s. Le scoutisme n\u2019est pas une activit\u00e9 que chacun vit \u00e0 &hellip; Continuer la lecture de Devoir d&rsquo;assiduit\u00e9 pour les parents &rarr;","og_url":"https:\/\/arwann.com\/?page_id=2987","article_modified_time":"2016-01-20T19:49:46+00:00","twitter_misc":{"Dur\u00e9e de lecture estim\u00e9e":"8 minutes"},"schema":{"@context":"https:\/\/schema.org","@graph":[{"@type":"WebPage","@id":"https:\/\/arwann.com\/?page_id=2987","url":"https:\/\/arwann.com\/?page_id=2987","name":"Devoir d'assiduit\u00e9 pour les parents -","isPartOf":{"@id":"https:\/\/arwann.com\/#website"},"datePublished":"2016-01-20T19:44:01+00:00","dateModified":"2016-01-20T19:49:46+00:00","breadcrumb":{"@id":"https:\/\/arwann.com\/?page_id=2987#breadcrumb"},"inLanguage":"fr-FR","potentialAction":[{"@type":"ReadAction","target":["https:\/\/arwann.com\/?page_id=2987"]}]},{"@type":"BreadcrumbList","@id":"https:\/\/arwann.com\/?page_id=2987#breadcrumb","itemListElement":[{"@type":"ListItem","position":1,"name":"Home","item":"https:\/\/arwann.com\/"},{"@type":"ListItem","position":2,"name":"La Maison","item":"http:\/\/arwann.com\/?page_id=35"},{"@type":"ListItem","position":3,"name":"Que faut-il attendre du scoutisme","item":"http:\/\/arwann.com\/?page_id=1200"},{"@type":"ListItem","position":4,"name":"Devoir d&rsquo;assiduit\u00e9 pour les parents"}]},{"@type":"WebSite","@id":"https:\/\/arwann.com\/#website","url":"https:\/\/arwann.com\/","name":"Arwann.com","description":"","publisher":{"@id":"https:\/\/arwann.com\/#organization"},"potentialAction":[{"@type":"SearchAction","target":{"@type":"EntryPoint","urlTemplate":"https:\/\/arwann.com\/?s={search_term_string}"},"query-input":{"@type":"PropertyValueSpecification","valueRequired":true,"valueName":"search_term_string"}}],"inLanguage":"fr-FR"},{"@type":"Organization","@id":"https:\/\/arwann.com\/#organization","name":"Arwann","url":"https:\/\/arwann.com\/","logo":{"@type":"ImageObject","inLanguage":"fr-FR","@id":"https:\/\/arwann.com\/#\/schema\/logo\/image\/","url":"http:\/\/arwann.com\/wp-content\/uploads\/2014\/04\/cropped-bandeau-arwann-5.png","contentUrl":"http:\/\/arwann.com\/wp-content\/uploads\/2014\/04\/cropped-bandeau-arwann-5.png","width":1600,"height":230,"caption":"Arwann"},"image":{"@id":"https:\/\/arwann.com\/#\/schema\/logo\/image\/"}}]}},"_links":{"self":[{"href":"https:\/\/arwann.com\/index.php?rest_route=\/wp\/v2\/pages\/2987","targetHints":{"allow":["GET"]}}],"collection":[{"href":"https:\/\/arwann.com\/index.php?rest_route=\/wp\/v2\/pages"}],"about":[{"href":"https:\/\/arwann.com\/index.php?rest_route=\/wp\/v2\/types\/page"}],"author":[{"embeddable":true,"href":"https:\/\/arwann.com\/index.php?rest_route=\/wp\/v2\/users\/1"}],"replies":[{"embeddable":true,"href":"https:\/\/arwann.com\/index.php?rest_route=%2Fwp%2Fv2%2Fcomments&post=2987"}],"version-history":[{"count":3,"href":"https:\/\/arwann.com\/index.php?rest_route=\/wp\/v2\/pages\/2987\/revisions"}],"predecessor-version":[{"id":2992,"href":"https:\/\/arwann.com\/index.php?rest_route=\/wp\/v2\/pages\/2987\/revisions\/2992"}],"up":[{"embeddable":true,"href":"https:\/\/arwann.com\/index.php?rest_route=\/wp\/v2\/pages\/1200"}],"wp:attachment":[{"href":"https:\/\/arwann.com\/index.php?rest_route=%2Fwp%2Fv2%2Fmedia&parent=2987"}],"curies":[{"name":"wp","href":"https:\/\/api.w.org\/{rel}","templated":true}]}}