{"id":3573,"date":"2019-11-28T10:35:04","date_gmt":"2019-11-28T09:35:04","guid":{"rendered":"http:\/\/arwann.com\/?post_type=product&#038;p=3573"},"modified":"2024-06-03T14:59:28","modified_gmt":"2024-06-03T13:59:28","slug":"les-chevaliers-du-taennchel-15e","status":"publish","type":"product","link":"http:\/\/arwann.com\/?product=les-chevaliers-du-taennchel-15e","title":{"rendered":"Les Chevaliers du Taennchel (15\u20ac)"},"content":{"rendered":"<p>358 pages, dont annexes techniques<br \/>\nFormat: 14 x 20,5 cm<br \/>\npoids: 325 g .<\/p>\n<p><span style=\"color: #993300;\"><strong>15\u20ac<\/strong><\/span><\/p>\n<hr \/>\n<p><img loading=\"lazy\" decoding=\"async\" class=\"alignnone size-full wp-image-3574\" src=\"http:\/\/arwann.com\/wp-content\/uploads\/2019\/11\/Couverture-Taennchel.jpg\" alt=\"\" width=\"1000\" height=\"1000\" srcset=\"http:\/\/arwann.com\/wp-content\/uploads\/2019\/11\/Couverture-Taennchel.jpg 1000w, http:\/\/arwann.com\/wp-content\/uploads\/2019\/11\/Couverture-Taennchel-150x150.jpg 150w, http:\/\/arwann.com\/wp-content\/uploads\/2019\/11\/Couverture-Taennchel-300x300.jpg 300w, http:\/\/arwann.com\/wp-content\/uploads\/2019\/11\/Couverture-Taennchel-768x768.jpg 768w, http:\/\/arwann.com\/wp-content\/uploads\/2019\/11\/Couverture-Taennchel-200x200.jpg 200w, http:\/\/arwann.com\/wp-content\/uploads\/2019\/11\/Couverture-Taennchel-100x100.jpg 100w\" sizes=\"auto, (max-width: 1000px) 100vw, 1000px\" \/><\/p>\n","protected":false},"excerpt":{"rendered":"<div data-ogsc=\"rgb(0, 0, 0)\"><b>Pr\u00e9sentation<\/b><\/div>\n<div data-ogsc=\"rgb(0, 0, 0)\">\n<p><span data-ogsc=\"black\">Cette ann\u00e9e, la troupe de Rosnay campe dans les Vosges, en plein massif du Taennchel r\u00e9put\u00e9 pour ses sortil\u00e8ges et ses roches magiques. Alors que la p\u00e9riode des installations n\u2019est pas achev\u00e9e, \u00e0 la nuit tomb\u00e9e, de l\u2019autre c\u00f4t\u00e9 de la vall\u00e9e, les patrouilles aper\u00e7oivent quelque chose qui ressemble \u00e0 un fant\u00f4me dans les ruines du ch\u00e2teau de Saint-Ulrich. Cet incident aurait d\u00fb \u00eatre rapidement oubli\u00e9 mais, pendant l\u2019exploration de l\u2019Alsace des vins autour de Ribeauvill\u00e9, les scouts mettent la main sur un livre de l\u00e9gendes\u2026 et le fant\u00f4me prend davantage de consistance. Mais \u00e0 nouveau on l\u2019oublie \u00e0 cause de l\u2019affaire des transfuges, ces scouts chass\u00e9s d\u2019un autre camp et qui demandent asile \u00e0 la troupe\u2026 Jusqu\u2019\u00e0 cette nuit o\u00f9 le fant\u00f4me se pr\u00e9sente au camp.<\/span><\/p>\n<p><span data-ogsc=\"black\"><b>Extrait<\/b><\/span><\/p>\n<p><span data-ogsc=\"black\">K\u00e9vin bondit dans la nuit pour atteindre l\u2019autre versant du promontoire. Dans la nuit, il essaya de rep\u00e9rer les ruines du ch\u00e2teau en contrebas sur le flanc de la montagne\u2026 Oh\u00a0! mon Dieu, cette lueur\u00a0! Malgr\u00e9 ses bons yeux c\u2019\u00e9tait trop loin. Tout excit\u00e9 il bondit \u00e0 nouveau pour rejoindre ses camarades.<\/span><\/p>\n<p><span data-ogsc=\"black\">&#8211;\u00a0 Vite, des jumelles\u00a0! Il y a truc, c\u2019est peut-\u00eatre un fant\u00f4me.<\/span><\/p>\n<p><span data-ogsc=\"black\">Jo\u00ebl lui en tendit et K\u00e9vin repartit \u00e0 nouveau, suivi par presque toute la patrouille.<\/span><\/p>\n<p><span data-ogsc=\"black\">&#8211;\u00a0 Eh\u00a0! c\u2019est quoi ce bazar\u00a0?\u00a0Et le relais optique\u00a0! s\u2019\u00e9poumona Jo\u00ebl, revenez !<\/span><\/p>\n<p><span data-ogsc=\"black\">Mais en pr\u00e9sence d\u2019un fant\u00f4me, que valaient ces ineptes messages en morse\u00a0? Jo\u00ebl abandonna son poste pour voir lui aussi le fant\u00f4me.<\/span><\/p>\n<p><span data-ogsc=\"black\">&#8211;\u00a0 Je peux venir aussi\u00a0? supplia Michel qui \u00e9tait pr\u00e9pos\u00e9 \u00e0 la garde du projecteur.<\/span><\/p>\n<p><span data-ogsc=\"black\">Arrive moucheron, mais d\u00e9pose proprement le projo. Fais gaffe en me suivant, dans le sous-bois il fait noir comme dans un four!<\/span><\/p>\n<\/div>\n<p><img loading=\"lazy\" decoding=\"async\" class=\"alignnone size-full wp-image-2281\" src=\"http:\/\/arwann.com\/wp-content\/uploads\/2014\/12\/paiement-secure.png\" alt=\"\" width=\"1222\" height=\"632\" srcset=\"http:\/\/arwann.com\/wp-content\/uploads\/2014\/12\/paiement-secure.png 1222w, http:\/\/arwann.com\/wp-content\/uploads\/2014\/12\/paiement-secure-300x155.png 300w, http:\/\/arwann.com\/wp-content\/uploads\/2014\/12\/paiement-secure-1024x529.png 1024w\" sizes=\"auto, (max-width: 1222px) 100vw, 1222px\" \/><\/p>\n<p><strong>15\u20ac<\/strong><\/p>\n","protected":false},"featured_media":3578,"comment_status":"open","ping_status":"closed","template":"","meta":[],"product_brand":[],"product_cat":[26],"product_tag":[],"class_list":{"0":"post-3573","1":"product","2":"type-product","3":"status-publish","4":"has-post-thumbnail","6":"product_cat-livres","7":"product_shipping_class-livre","9":"first","10":"instock","11":"featured","12":"purchasable","13":"product-type-simple"},"yoast_head":"<!-- This site is optimized with the Yoast SEO plugin v27.2 - https:\/\/yoast.com\/product\/yoast-seo-wordpress\/ -->\n<title>Les Chevaliers du Taennchel (15\u20ac) -<\/title>\n<meta name=\"robots\" content=\"index, follow, max-snippet:-1, max-image-preview:large, max-video-preview:-1\" \/>\n<link rel=\"canonical\" href=\"http:\/\/arwann.com\/?product=les-chevaliers-du-taennchel-15e\" \/>\n<meta property=\"og:locale\" content=\"fr_FR\" \/>\n<meta property=\"og:type\" content=\"article\" \/>\n<meta property=\"og:title\" content=\"Les Chevaliers du Taennchel (15\u20ac) -\" \/>\n<meta property=\"og:description\" content=\"Pr\u00e9sentation   Cette ann\u00e9e, la troupe de Rosnay campe dans les Vosges, en plein massif du Taennchel r\u00e9put\u00e9 pour ses sortil\u00e8ges et ses roches magiques. Alors que la p\u00e9riode des installations n\u2019est pas achev\u00e9e, \u00e0 la nuit tomb\u00e9e, de l\u2019autre c\u00f4t\u00e9 de la vall\u00e9e, les patrouilles aper\u00e7oivent quelque chose qui ressemble \u00e0 un fant\u00f4me dans les ruines du ch\u00e2teau de Saint-Ulrich. Cet incident aurait d\u00fb \u00eatre rapidement oubli\u00e9 mais, pendant l\u2019exploration de l\u2019Alsace des vins autour de Ribeauvill\u00e9, les scouts mettent la main sur un livre de l\u00e9gendes\u2026 et le fant\u00f4me prend davantage de consistance. Mais \u00e0 nouveau on l\u2019oublie \u00e0 cause de l\u2019affaire des transfuges, ces scouts chass\u00e9s d\u2019un autre camp et qui demandent asile \u00e0 la troupe\u2026 Jusqu\u2019\u00e0 cette nuit o\u00f9 le fant\u00f4me se pr\u00e9sente au camp.  Extrait  K\u00e9vin bondit dans la nuit pour atteindre l\u2019autre versant du promontoire. Dans la nuit, il essaya de rep\u00e9rer les ruines du ch\u00e2teau en contrebas sur le flanc de la montagne\u2026 Oh\u00a0! mon Dieu, cette lueur\u00a0! Malgr\u00e9 ses bons yeux c\u2019\u00e9tait trop loin. Tout excit\u00e9 il bondit \u00e0 nouveau pour rejoindre ses camarades.  -\u00a0 Vite, des jumelles\u00a0! Il y a truc, c\u2019est peut-\u00eatre un fant\u00f4me.  Jo\u00ebl lui en tendit et K\u00e9vin repartit \u00e0 nouveau, suivi par presque toute la patrouille.  -\u00a0 Eh\u00a0! c\u2019est quoi ce bazar\u00a0?\u00a0Et le relais optique\u00a0! s\u2019\u00e9poumona Jo\u00ebl, revenez !  Mais en pr\u00e9sence d\u2019un fant\u00f4me, que valaient ces ineptes messages en morse\u00a0? Jo\u00ebl abandonna son poste pour voir lui aussi le fant\u00f4me.  -\u00a0 Je peux venir aussi\u00a0? supplia Michel qui \u00e9tait pr\u00e9pos\u00e9 \u00e0 la garde du projecteur.  Arrive moucheron, mais d\u00e9pose proprement le projo. Fais gaffe en me suivant, dans le sous-bois il fait noir comme dans un four!     15\u20ac\" \/>\n<meta property=\"og:url\" content=\"http:\/\/arwann.com\/?product=les-chevaliers-du-taennchel-15e\" \/>\n<meta property=\"article:modified_time\" content=\"2024-06-03T13:59:28+00:00\" \/>\n<meta property=\"og:image\" content=\"http:\/\/arwann.com\/wp-content\/uploads\/2019\/11\/Taennchel-livre.png\" \/>\n\t<meta property=\"og:image:width\" content=\"1000\" \/>\n\t<meta property=\"og:image:height\" content=\"1000\" \/>\n\t<meta property=\"og:image:type\" content=\"image\/png\" \/>\n<meta name=\"twitter:label1\" content=\"Dur\u00e9e de lecture estim\u00e9e\" \/>\n\t<meta name=\"twitter:data1\" content=\"1 minute\" \/>\n<script type=\"application\/ld+json\" class=\"yoast-schema-graph\">{\"@context\":\"https:\/\/schema.org\",\"@graph\":[{\"@type\":\"WebPage\",\"@id\":\"http:\/\/arwann.com\/?product=les-chevaliers-du-taennchel-15e\",\"url\":\"http:\/\/arwann.com\/?product=les-chevaliers-du-taennchel-15e\",\"name\":\"Les Chevaliers du Taennchel (15\u20ac) -\",\"isPartOf\":{\"@id\":\"http:\/\/arwann.com\/#website\"},\"primaryImageOfPage\":{\"@id\":\"http:\/\/arwann.com\/?product=les-chevaliers-du-taennchel-15e#primaryimage\"},\"image\":{\"@id\":\"http:\/\/arwann.com\/?product=les-chevaliers-du-taennchel-15e#primaryimage\"},\"thumbnailUrl\":\"http:\/\/arwann.com\/wp-content\/uploads\/2019\/11\/Taennchel-livre.png\",\"datePublished\":\"2019-11-28T09:35:04+00:00\",\"dateModified\":\"2024-06-03T13:59:28+00:00\",\"breadcrumb\":{\"@id\":\"http:\/\/arwann.com\/?product=les-chevaliers-du-taennchel-15e#breadcrumb\"},\"inLanguage\":\"fr-FR\",\"potentialAction\":[{\"@type\":\"ReadAction\",\"target\":[\"http:\/\/arwann.com\/?product=les-chevaliers-du-taennchel-15e\"]}]},{\"@type\":\"ImageObject\",\"inLanguage\":\"fr-FR\",\"@id\":\"http:\/\/arwann.com\/?product=les-chevaliers-du-taennchel-15e#primaryimage\",\"url\":\"http:\/\/arwann.com\/wp-content\/uploads\/2019\/11\/Taennchel-livre.png\",\"contentUrl\":\"http:\/\/arwann.com\/wp-content\/uploads\/2019\/11\/Taennchel-livre.png\",\"width\":1000,\"height\":1000},{\"@type\":\"BreadcrumbList\",\"@id\":\"http:\/\/arwann.com\/?product=les-chevaliers-du-taennchel-15e#breadcrumb\",\"itemListElement\":[{\"@type\":\"ListItem\",\"position\":1,\"name\":\"Home\",\"item\":\"https:\/\/arwann.com\/\"},{\"@type\":\"ListItem\",\"position\":2,\"name\":\"\u00e9ditions Arwann\",\"item\":\"http:\/\/arwann.com\/?page_id=83\"},{\"@type\":\"ListItem\",\"position\":3,\"name\":\"Les Chevaliers du Taennchel (15\u20ac)\"}]},{\"@type\":\"WebSite\",\"@id\":\"http:\/\/arwann.com\/#website\",\"url\":\"http:\/\/arwann.com\/\",\"name\":\"Arwann.com\",\"description\":\"\",\"publisher\":{\"@id\":\"http:\/\/arwann.com\/#organization\"},\"potentialAction\":[{\"@type\":\"SearchAction\",\"target\":{\"@type\":\"EntryPoint\",\"urlTemplate\":\"http:\/\/arwann.com\/?s={search_term_string}\"},\"query-input\":{\"@type\":\"PropertyValueSpecification\",\"valueRequired\":true,\"valueName\":\"search_term_string\"}}],\"inLanguage\":\"fr-FR\"},{\"@type\":\"Organization\",\"@id\":\"http:\/\/arwann.com\/#organization\",\"name\":\"Arwann\",\"url\":\"http:\/\/arwann.com\/\",\"logo\":{\"@type\":\"ImageObject\",\"inLanguage\":\"fr-FR\",\"@id\":\"http:\/\/arwann.com\/#\/schema\/logo\/image\/\",\"url\":\"http:\/\/arwann.com\/wp-content\/uploads\/2014\/04\/cropped-bandeau-arwann-5.png\",\"contentUrl\":\"http:\/\/arwann.com\/wp-content\/uploads\/2014\/04\/cropped-bandeau-arwann-5.png\",\"width\":1600,\"height\":230,\"caption\":\"Arwann\"},\"image\":{\"@id\":\"http:\/\/arwann.com\/#\/schema\/logo\/image\/\"}}]}<\/script>\n<!-- \/ Yoast SEO plugin. -->","yoast_head_json":{"title":"Les Chevaliers du Taennchel (15\u20ac) -","robots":{"index":"index","follow":"follow","max-snippet":"max-snippet:-1","max-image-preview":"max-image-preview:large","max-video-preview":"max-video-preview:-1"},"canonical":"http:\/\/arwann.com\/?product=les-chevaliers-du-taennchel-15e","og_locale":"fr_FR","og_type":"article","og_title":"Les Chevaliers du Taennchel (15\u20ac) -","og_description":"Pr\u00e9sentation   Cette ann\u00e9e, la troupe de Rosnay campe dans les Vosges, en plein massif du Taennchel r\u00e9put\u00e9 pour ses sortil\u00e8ges et ses roches magiques. Alors que la p\u00e9riode des installations n\u2019est pas achev\u00e9e, \u00e0 la nuit tomb\u00e9e, de l\u2019autre c\u00f4t\u00e9 de la vall\u00e9e, les patrouilles aper\u00e7oivent quelque chose qui ressemble \u00e0 un fant\u00f4me dans les ruines du ch\u00e2teau de Saint-Ulrich. Cet incident aurait d\u00fb \u00eatre rapidement oubli\u00e9 mais, pendant l\u2019exploration de l\u2019Alsace des vins autour de Ribeauvill\u00e9, les scouts mettent la main sur un livre de l\u00e9gendes\u2026 et le fant\u00f4me prend davantage de consistance. Mais \u00e0 nouveau on l\u2019oublie \u00e0 cause de l\u2019affaire des transfuges, ces scouts chass\u00e9s d\u2019un autre camp et qui demandent asile \u00e0 la troupe\u2026 Jusqu\u2019\u00e0 cette nuit o\u00f9 le fant\u00f4me se pr\u00e9sente au camp.  Extrait  K\u00e9vin bondit dans la nuit pour atteindre l\u2019autre versant du promontoire. Dans la nuit, il essaya de rep\u00e9rer les ruines du ch\u00e2teau en contrebas sur le flanc de la montagne\u2026 Oh\u00a0! mon Dieu, cette lueur\u00a0! Malgr\u00e9 ses bons yeux c\u2019\u00e9tait trop loin. Tout excit\u00e9 il bondit \u00e0 nouveau pour rejoindre ses camarades.  -\u00a0 Vite, des jumelles\u00a0! Il y a truc, c\u2019est peut-\u00eatre un fant\u00f4me.  Jo\u00ebl lui en tendit et K\u00e9vin repartit \u00e0 nouveau, suivi par presque toute la patrouille.  -\u00a0 Eh\u00a0! c\u2019est quoi ce bazar\u00a0?\u00a0Et le relais optique\u00a0! s\u2019\u00e9poumona Jo\u00ebl, revenez !  Mais en pr\u00e9sence d\u2019un fant\u00f4me, que valaient ces ineptes messages en morse\u00a0? Jo\u00ebl abandonna son poste pour voir lui aussi le fant\u00f4me.  -\u00a0 Je peux venir aussi\u00a0? supplia Michel qui \u00e9tait pr\u00e9pos\u00e9 \u00e0 la garde du projecteur.  Arrive moucheron, mais d\u00e9pose proprement le projo. Fais gaffe en me suivant, dans le sous-bois il fait noir comme dans un four!     15\u20ac","og_url":"http:\/\/arwann.com\/?product=les-chevaliers-du-taennchel-15e","article_modified_time":"2024-06-03T13:59:28+00:00","og_image":[{"width":1000,"height":1000,"url":"http:\/\/arwann.com\/wp-content\/uploads\/2019\/11\/Taennchel-livre.png","type":"image\/png"}],"twitter_misc":{"Dur\u00e9e de lecture estim\u00e9e":"1 minute"},"schema":{"@context":"https:\/\/schema.org","@graph":[{"@type":"WebPage","@id":"http:\/\/arwann.com\/?product=les-chevaliers-du-taennchel-15e","url":"http:\/\/arwann.com\/?product=les-chevaliers-du-taennchel-15e","name":"Les Chevaliers du Taennchel (15\u20ac) -","isPartOf":{"@id":"http:\/\/arwann.com\/#website"},"primaryImageOfPage":{"@id":"http:\/\/arwann.com\/?product=les-chevaliers-du-taennchel-15e#primaryimage"},"image":{"@id":"http:\/\/arwann.com\/?product=les-chevaliers-du-taennchel-15e#primaryimage"},"thumbnailUrl":"http:\/\/arwann.com\/wp-content\/uploads\/2019\/11\/Taennchel-livre.png","datePublished":"2019-11-28T09:35:04+00:00","dateModified":"2024-06-03T13:59:28+00:00","breadcrumb":{"@id":"http:\/\/arwann.com\/?product=les-chevaliers-du-taennchel-15e#breadcrumb"},"inLanguage":"fr-FR","potentialAction":[{"@type":"ReadAction","target":["http:\/\/arwann.com\/?product=les-chevaliers-du-taennchel-15e"]}]},{"@type":"ImageObject","inLanguage":"fr-FR","@id":"http:\/\/arwann.com\/?product=les-chevaliers-du-taennchel-15e#primaryimage","url":"http:\/\/arwann.com\/wp-content\/uploads\/2019\/11\/Taennchel-livre.png","contentUrl":"http:\/\/arwann.com\/wp-content\/uploads\/2019\/11\/Taennchel-livre.png","width":1000,"height":1000},{"@type":"BreadcrumbList","@id":"http:\/\/arwann.com\/?product=les-chevaliers-du-taennchel-15e#breadcrumb","itemListElement":[{"@type":"ListItem","position":1,"name":"Home","item":"https:\/\/arwann.com\/"},{"@type":"ListItem","position":2,"name":"\u00e9ditions Arwann","item":"http:\/\/arwann.com\/?page_id=83"},{"@type":"ListItem","position":3,"name":"Les Chevaliers du Taennchel (15\u20ac)"}]},{"@type":"WebSite","@id":"http:\/\/arwann.com\/#website","url":"http:\/\/arwann.com\/","name":"Arwann.com","description":"","publisher":{"@id":"http:\/\/arwann.com\/#organization"},"potentialAction":[{"@type":"SearchAction","target":{"@type":"EntryPoint","urlTemplate":"http:\/\/arwann.com\/?s={search_term_string}"},"query-input":{"@type":"PropertyValueSpecification","valueRequired":true,"valueName":"search_term_string"}}],"inLanguage":"fr-FR"},{"@type":"Organization","@id":"http:\/\/arwann.com\/#organization","name":"Arwann","url":"http:\/\/arwann.com\/","logo":{"@type":"ImageObject","inLanguage":"fr-FR","@id":"http:\/\/arwann.com\/#\/schema\/logo\/image\/","url":"http:\/\/arwann.com\/wp-content\/uploads\/2014\/04\/cropped-bandeau-arwann-5.png","contentUrl":"http:\/\/arwann.com\/wp-content\/uploads\/2014\/04\/cropped-bandeau-arwann-5.png","width":1600,"height":230,"caption":"Arwann"},"image":{"@id":"http:\/\/arwann.com\/#\/schema\/logo\/image\/"}}]}},"_links":{"self":[{"href":"http:\/\/arwann.com\/index.php?rest_route=\/wp\/v2\/product\/3573","targetHints":{"allow":["GET"]}}],"collection":[{"href":"http:\/\/arwann.com\/index.php?rest_route=\/wp\/v2\/product"}],"about":[{"href":"http:\/\/arwann.com\/index.php?rest_route=\/wp\/v2\/types\/product"}],"replies":[{"embeddable":true,"href":"http:\/\/arwann.com\/index.php?rest_route=%2Fwp%2Fv2%2Fcomments&post=3573"}],"wp:featuredmedia":[{"embeddable":true,"href":"http:\/\/arwann.com\/index.php?rest_route=\/wp\/v2\/media\/3578"}],"wp:attachment":[{"href":"http:\/\/arwann.com\/index.php?rest_route=%2Fwp%2Fv2%2Fmedia&parent=3573"}],"wp:term":[{"taxonomy":"product_brand","embeddable":true,"href":"http:\/\/arwann.com\/index.php?rest_route=%2Fwp%2Fv2%2Fproduct_brand&post=3573"},{"taxonomy":"product_cat","embeddable":true,"href":"http:\/\/arwann.com\/index.php?rest_route=%2Fwp%2Fv2%2Fproduct_cat&post=3573"},{"taxonomy":"product_tag","embeddable":true,"href":"http:\/\/arwann.com\/index.php?rest_route=%2Fwp%2Fv2%2Fproduct_tag&post=3573"}],"curies":[{"name":"wp","href":"https:\/\/api.w.org\/{rel}","templated":true}]}}