{"id":725,"date":"2014-04-15T12:01:51","date_gmt":"2014-04-15T11:01:51","guid":{"rendered":"http:\/\/arwann.com\/?page_id=725"},"modified":"2014-05-12T08:53:57","modified_gmt":"2014-05-12T07:53:57","slug":"bivouac-fondu-dans-la-nature","status":"publish","type":"page","link":"http:\/\/arwann.com\/?page_id=725","title":{"rendered":"Bivouac fondu dans la nature"},"content":{"rendered":"<p style=\"text-align: justify;\"><a href=\"http:\/\/arwann.com\/?page_id=31\"><img loading=\"lazy\" decoding=\"async\" class=\"alignright wp-image-891\" src=\"http:\/\/arwann.com\/wp-content\/uploads\/2014\/04\/Bouton-HP.png\" alt=\"Bouton HP\" width=\"200\" height=\"200\" srcset=\"http:\/\/arwann.com\/wp-content\/uploads\/2014\/04\/Bouton-HP.png 400w, http:\/\/arwann.com\/wp-content\/uploads\/2014\/04\/Bouton-HP-200x200.png 200w, http:\/\/arwann.com\/wp-content\/uploads\/2014\/04\/Bouton-HP-100x100.png 100w, http:\/\/arwann.com\/wp-content\/uploads\/2014\/04\/Bouton-HP-300x300.png 300w, http:\/\/arwann.com\/wp-content\/uploads\/2014\/04\/Bouton-HP-150x150.png 150w\" sizes=\"auto, (max-width: 200px) 100vw, 200px\" \/><\/a><a name=\"Haut\"><\/a>Savoir camper semble \u00e0 la port\u00e9e de n&rsquo;importe qui de nos jours, le mat\u00e9riel moderne est de mieux en mieux con\u00e7u. Mais si nous l&rsquo;adoptons sans discernement nous sommes bien pr\u00e8s de perdre le style et l&rsquo;esprit scout. Ce serait bien dommage car l&rsquo;esprit scout n&rsquo;est autre que l&rsquo;esprit des b\u00e9atitudes, et l&rsquo;esprit des b\u00e9atitudes c&rsquo;est le secret pour traverser facilement et joyeusement cette vie terrestre sous le regard de Dieu. C&rsquo;est le talent des humbles pour qui la vie au milieu du monde n&rsquo;est qu&rsquo;une fa\u00e7on de grand jeu, avec comme r\u00e9compense la vie \u00e9ternelle en Dieu.<\/p>\n<p style=\"text-align: justify;\">Alors ne nous jetons pas avidement sur les gadgets sophistiqu\u00e9s des campistes mais apprenons \u00e0 camper ou bivouaquer sans nous encombrer de mat\u00e9riel, aussi simplement qu&rsquo;ont pu le faire la Sainte Vierge et Saint Joseph sur le chemin de Bethl\u00e9em ou en fuite vers l&rsquo;\u00c9gypte. Il y a \u00e9norm\u00e9ment de choses \u00e0 apprendre : <a title=\"Maitriser le feu\" href=\"http:\/\/arwann.com\/?page_id=748\">les feux<\/a>, <a title=\"Bivouac\" href=\"http:\/\/arwann.com\/?page_id=350\">le bivouac<\/a>, la tente, le couchage, la veille, la cuisine, le repas, la vaisselle&#8230;<\/p>\n<p style=\"text-align: justify;\">Nous allons commencer par le lieu de bivouac. Bien le choisir c&rsquo;est vivre une soir\u00e9e de r\u00eave, passer une nuit confortable et se r\u00e9veiller en forme pour d\u00e9guster un PDDM app\u00e9tissant.<\/p>\n<p style=\"text-align: justify;\"><b>Discr\u00e9tion = S\u00e9curit\u00e9<\/b><\/p>\n<p style=\"text-align: justify;\"><a href=\"http:\/\/arwann.com\/wp-content\/uploads\/2014\/04\/halo.png\"><img loading=\"lazy\" decoding=\"async\" class=\"wp-image-728 alignright\" src=\"http:\/\/arwann.com\/wp-content\/uploads\/2014\/04\/halo.png\" alt=\"halo\" width=\"372\" height=\"570\" srcset=\"http:\/\/arwann.com\/wp-content\/uploads\/2014\/04\/halo.png 620w, http:\/\/arwann.com\/wp-content\/uploads\/2014\/04\/halo-300x460.png 300w, http:\/\/arwann.com\/wp-content\/uploads\/2014\/04\/halo-195x300.png 195w\" sizes=\"auto, (max-width: 372px) 100vw, 372px\" \/><\/a>Tout d&rsquo;abord, une des r\u00e8gles essentielles c&rsquo;est la discr\u00e9tion. Il faut que le bivouac soit enfoui dans la for\u00eat et qu\u2019il s\u2019y fonde afin de passer inaper\u00e7u. C&rsquo;est d&rsquo;abord une r\u00e8gle de s\u00e9curit\u00e9 et c&rsquo;est ensuite une r\u00e8gle de savoir vivre. On choisira donc un lieu touffu et si possible plut\u00f4t dans une d\u00e9pression que sur un monticule. (Attention, par temps tr\u00e8s humide de ne pas s&rsquo;installer dans une cuvette qui se remplirait). Les lieux touffus ce sont les c\u00e9p\u00e9es, les taillis, les halliers. Il faut absolument fuir les futaies m\u00eame si le sol y para\u00eet plus accueillant. Tout d&rsquo;abord dans une futaie il y a peu de troncs et une flamme s&rsquo;y rep\u00e8re jusqu&rsquo;\u00e0 500 m. Il y a donc toutes les chances pour que l&#8217;emplacement du bivouac puisse se rep\u00e9rer depuis un chemin ou pire, depuis une route. Rien de mieux pour une visite nocturne de gendarmes (m\u00eame si on est en r\u00e8gle ce n&rsquo;est JAMAIS agr\u00e9able). Une visite de loubards en maraude le samedi (excit\u00e9s ou \u00e9m\u00e9ch\u00e9s) est le pire qui puisse vous arriver. M\u00eame si un effort particulier a \u00e9t\u00e9 fait pour occulter la vision directe de la flamme, celle-ci vient illuminer les grands troncs, lesquels la diffusent \u00e0 leur tour&#8230; Et plus les troncs sont hauts, plus le halo de lumi\u00e8re se voit de loin.<\/p>\n<p style=\"text-align: justify;\"><b>Chute de branches ou de troncs<\/b><\/p>\n<p style=\"text-align: justify;\">Ensuite une futaie est dangereuse, les arbres sont tous plus ou moins charg\u00e9s de grosses branches mortes qui finissent un jour ou l&rsquo;autre par tomber&#8230; Et la nuit aussi. Il est donc imprudent de rester longtemps \u00e0 un m\u00eame endroit. Il arrive aussi que le vent se l\u00e8ve soudainement et que l&rsquo;un de ces g\u00e9ants s&rsquo;abatte. Mieux vaut ne pas \u00eatre coinc\u00e9 dans son duvet \u00e0 ce moment. La grande temp\u00eate du 26 d\u00e9cembre 1999 s&rsquo;est lev\u00e9e d&rsquo;un seul coup au petit matin et a jet\u00e9 au sol des millions d&rsquo;arbres \u00e9normes. D\u2019autres coups de vents plus ou moins violents et soudains s\u2019abattent r\u00e9guli\u00e8rement sur nos contr\u00e9es. Enfin il faut fuir les futaies car elles sont tr\u00e8s pauvres en bois mort, surtout en brindilles et bois moyen qui sont indispensables pour lancer le feu. Il faudrait s&rsquo;\u00e9loigner assez loin du bivouac pour trouver du bois et l&rsquo;usage inconsid\u00e9r\u00e9 de la lampe torche signalera \u00e0 tous qu&rsquo;une bande campe dans le coin.<\/p>\n<p style=\"text-align: justify;\">Choisissons donc notre bivouac dans un hallier profond qui nous cache \u00e0 la vue des hostiles, et au sein duquel nous sommes en s\u00e9curit\u00e9, qui nous fournit du bois mort et des brindilles en proximit\u00e9 imm\u00e9diate et qui enfin nous fournit du bois de construction car un bon bivouac s&rsquo;\u00e9tablit sans monter la tente ou du moins sans la monter de mani\u00e8re traditionnelle.<\/p>\n<p style=\"text-align: justify;\"><b>Pas de bruit<\/b><\/p>\n<p style=\"text-align: justify;\">Mais la discr\u00e9tion ne se r\u00e9sume pas \u00e0 \u00e9viter de se faire voir, il faut aussi se taire au maximum. La nuit les voix, et surtout les \u00ab\u00a0gueulantes\u00a0\u00bb, portent plus loin parce que le silence s&rsquo;est \u00e9tabli dans la for\u00eat. C&rsquo;est dur de ne pas crier ni couiner, cela suppose une patrouille entra\u00een\u00e9e, au sein de laquelle chacun sait ce qu&rsquo;il doit faire et dans laquelle le CP n&rsquo;a pas besoin de donner de la voix. Raison de plus pour garder tout le monde sous la main et ne pas avoir besoin d&rsquo;aller au loin chercher du bois mort. Attention aussi aux grosses branches qu&rsquo;on fait craquer ou aussi aux coups de hachette qui portent tr\u00e8s tr\u00e8s loin dans la nuit. Il faut absolument pr\u00e9f\u00e9rer la scie qui est silencieuse et bien plus efficace et qui est capable de couper des rondins de bon diam\u00e8tre. Prendre imp\u00e9rativement une petite scie \u00e0 cadre tubulaire, pas plus de 50 cm, et qui peut se porter sur le dessus d\u2019un sac.<\/p>\n<p style=\"text-align: justify;\"><b>Attention \u00e0 l\u2019odeur du feu<\/b><\/p>\n<p style=\"text-align: justify;\">Il reste une derni\u00e8re fa\u00e7on de se faire rep\u00e9rer en bivouac : l&rsquo;odeur du feu. C&rsquo;est plus difficile \u00e0 g\u00e9rer mais il faut observer quelques r\u00e8gles simples. Pr\u00e9f\u00e9rer du bois moyen \u00e0 du gros bois, ne pas faire br\u00fbler de bois vert, \u00e9viter les essences denses comme le ch\u00eane qui ne br\u00fblent correctement que dans un foyer bien chaud. D&rsquo;une mani\u00e8re g\u00e9n\u00e9rale \u00e9viter de faire fumer le feu. Une odeur de fum\u00e9e peut se rep\u00e9rer \u00e0 plusieurs kilom\u00e8tres. Le feu de braise ne sent rien et il \u00e9claire peu \u00e0 l\u2019ext\u00e9rieur. Il faut essayer de garder son foyer proche de cet \u00e9tat.<\/p>\n<p style=\"text-align: justify;\">Maintenant mettons-nous \u00e0 la place d\u2019un non-scout\u00a0: Garde forestier, gendarme, quidam ou type mal intentionn\u00e9.<\/p>\n<p style=\"text-align: justify;\">&#8211;\u00a0\u00a0\u00a0 <b>1\u00b0<\/b> il rep\u00e8re une odeur de feu de loin : il sait qu&rsquo;il y a des campeurs, il \u00e9coute.<\/p>\n<p style=\"text-align: justify;\">&#8211;\u00a0\u00a0\u00a0 <b>2\u00b0<\/b> il entend des \u00e9clats de voix ou des coups de hachette au loin : il localise la direction. Il peut s\u2019approcher<\/p>\n<p style=\"text-align: justify;\">&#8211;\u00a0\u00a0\u00a0 <b>3\u00b0<\/b> il rep\u00e8re l&rsquo;\u00e9clat direct de la flamme ou la r\u00e9verb\u00e9ration du feu sur les troncs : il sait ou vous \u00eates.<\/p>\n<p style=\"text-align: justify;\">&#8211;\u00a0\u00a0\u00a0 <b>4\u00b0<\/b> il \u00ab\u00a0s&rsquo;invite\u00a0\u00bb chez vous. \u00c7a peut \u00eatre pour du bien, du moins bien&#8230; Ou du pire.<\/p>\n<p style=\"text-align: justify;\">Soyons toujours discrets. Pensons que les animaux nous invitent dans la for\u00eat et ayons \u00e0 c\u0153ur de ne pas les d\u00e9ranger.<\/p>\n<p><a href=\"#Haut\">Retour en haut<\/a><br \/>\npage suivante : <a title=\"La foudre, ce qu\u2019il faut savoir\" href=\"http:\/\/arwann.com\/?page_id=853\">la foudre, ce qu&rsquo;il faut savoir<\/a><\/p>\n","protected":false},"excerpt":{"rendered":"<p>Savoir camper semble \u00e0 la port\u00e9e de n&rsquo;importe qui de nos jours, le mat\u00e9riel moderne est de mieux en mieux con\u00e7u. Mais si nous l&rsquo;adoptons sans discernement nous sommes bien pr\u00e8s de perdre le style et l&rsquo;esprit scout. Ce serait bien dommage car l&rsquo;esprit scout n&rsquo;est autre que l&rsquo;esprit des b\u00e9atitudes, et l&rsquo;esprit des b\u00e9atitudes &hellip; <a href=\"http:\/\/arwann.com\/?page_id=725\" class=\"more-link\">Continuer la lecture de <span class=\"screen-reader-text\">Bivouac fondu dans la nature<\/span> <span class=\"meta-nav\">&rarr;<\/span><\/a><\/p>\n","protected":false},"author":1,"featured_media":0,"parent":1177,"menu_order":0,"comment_status":"open","ping_status":"open","template":"","meta":{"footnotes":""},"class_list":["post-725","page","type-page","status-publish","hentry"],"yoast_head":"<!-- This site is optimized with the Yoast SEO plugin v27.2 - https:\/\/yoast.com\/product\/yoast-seo-wordpress\/ -->\n<title>Bivouac fondu dans la nature -<\/title>\n<meta name=\"description\" content=\"Voici toutes les r\u00e8gles \u00e0 respecter pour faire un bon bivouac. bruit, odeur de fum\u00e9e, chute de branches...\" \/>\n<meta name=\"robots\" content=\"index, follow, max-snippet:-1, max-image-preview:large, max-video-preview:-1\" \/>\n<link rel=\"canonical\" href=\"http:\/\/arwann.com\/?page_id=725\" \/>\n<meta property=\"og:locale\" content=\"fr_FR\" \/>\n<meta property=\"og:type\" content=\"article\" \/>\n<meta property=\"og:title\" content=\"Bivouac fondu dans la nature -\" \/>\n<meta property=\"og:description\" content=\"Voici toutes les r\u00e8gles \u00e0 respecter pour faire un bon bivouac. bruit, odeur de fum\u00e9e, chute de branches...\" \/>\n<meta property=\"og:url\" content=\"http:\/\/arwann.com\/?page_id=725\" \/>\n<meta property=\"article:modified_time\" content=\"2014-05-12T07:53:57+00:00\" \/>\n<meta property=\"og:image\" content=\"http:\/\/arwann.com\/wp-content\/uploads\/2014\/04\/Bouton-HP.png\" \/>\n<meta name=\"twitter:label1\" content=\"Dur\u00e9e de lecture estim\u00e9e\" \/>\n\t<meta name=\"twitter:data1\" content=\"6 minutes\" \/>\n<script type=\"application\/ld+json\" class=\"yoast-schema-graph\">{\"@context\":\"https:\/\/schema.org\",\"@graph\":[{\"@type\":\"WebPage\",\"@id\":\"http:\/\/arwann.com\/?page_id=725\",\"url\":\"http:\/\/arwann.com\/?page_id=725\",\"name\":\"Bivouac fondu dans la nature -\",\"isPartOf\":{\"@id\":\"http:\/\/arwann.com\/#website\"},\"primaryImageOfPage\":{\"@id\":\"http:\/\/arwann.com\/?page_id=725#primaryimage\"},\"image\":{\"@id\":\"http:\/\/arwann.com\/?page_id=725#primaryimage\"},\"thumbnailUrl\":\"http:\/\/arwann.com\/wp-content\/uploads\/2014\/04\/Bouton-HP.png\",\"datePublished\":\"2014-04-15T11:01:51+00:00\",\"dateModified\":\"2014-05-12T07:53:57+00:00\",\"description\":\"Voici toutes les r\u00e8gles \u00e0 respecter pour faire un bon bivouac. bruit, odeur de fum\u00e9e, chute de branches...\",\"breadcrumb\":{\"@id\":\"http:\/\/arwann.com\/?page_id=725#breadcrumb\"},\"inLanguage\":\"fr-FR\",\"potentialAction\":[{\"@type\":\"ReadAction\",\"target\":[\"http:\/\/arwann.com\/?page_id=725\"]}]},{\"@type\":\"ImageObject\",\"inLanguage\":\"fr-FR\",\"@id\":\"http:\/\/arwann.com\/?page_id=725#primaryimage\",\"url\":\"http:\/\/arwann.com\/wp-content\/uploads\/2014\/04\/Bouton-HP.png\",\"contentUrl\":\"http:\/\/arwann.com\/wp-content\/uploads\/2014\/04\/Bouton-HP.png\",\"width\":400,\"height\":400},{\"@type\":\"BreadcrumbList\",\"@id\":\"http:\/\/arwann.com\/?page_id=725#breadcrumb\",\"itemListElement\":[{\"@type\":\"ListItem\",\"position\":1,\"name\":\"Home\",\"item\":\"http:\/\/arwann.com\/\"},{\"@type\":\"ListItem\",\"position\":2,\"name\":\"La Haute Patrouille\",\"item\":\"http:\/\/arwann.com\/?page_id=31\"},{\"@type\":\"ListItem\",\"position\":3,\"name\":\"Camper en patrouille\",\"item\":\"http:\/\/arwann.com\/?page_id=1177\"},{\"@type\":\"ListItem\",\"position\":4,\"name\":\"Bivouac fondu dans la nature\"}]},{\"@type\":\"WebSite\",\"@id\":\"http:\/\/arwann.com\/#website\",\"url\":\"http:\/\/arwann.com\/\",\"name\":\"Arwann.com\",\"description\":\"\",\"publisher\":{\"@id\":\"http:\/\/arwann.com\/#organization\"},\"potentialAction\":[{\"@type\":\"SearchAction\",\"target\":{\"@type\":\"EntryPoint\",\"urlTemplate\":\"http:\/\/arwann.com\/?s={search_term_string}\"},\"query-input\":{\"@type\":\"PropertyValueSpecification\",\"valueRequired\":true,\"valueName\":\"search_term_string\"}}],\"inLanguage\":\"fr-FR\"},{\"@type\":\"Organization\",\"@id\":\"http:\/\/arwann.com\/#organization\",\"name\":\"Arwann\",\"url\":\"http:\/\/arwann.com\/\",\"logo\":{\"@type\":\"ImageObject\",\"inLanguage\":\"fr-FR\",\"@id\":\"http:\/\/arwann.com\/#\/schema\/logo\/image\/\",\"url\":\"http:\/\/arwann.com\/wp-content\/uploads\/2014\/04\/cropped-bandeau-arwann-5.png\",\"contentUrl\":\"http:\/\/arwann.com\/wp-content\/uploads\/2014\/04\/cropped-bandeau-arwann-5.png\",\"width\":1600,\"height\":230,\"caption\":\"Arwann\"},\"image\":{\"@id\":\"http:\/\/arwann.com\/#\/schema\/logo\/image\/\"}}]}<\/script>\n<!-- \/ Yoast SEO plugin. -->","yoast_head_json":{"title":"Bivouac fondu dans la nature -","description":"Voici toutes les r\u00e8gles \u00e0 respecter pour faire un bon bivouac. bruit, odeur de fum\u00e9e, chute de branches...","robots":{"index":"index","follow":"follow","max-snippet":"max-snippet:-1","max-image-preview":"max-image-preview:large","max-video-preview":"max-video-preview:-1"},"canonical":"http:\/\/arwann.com\/?page_id=725","og_locale":"fr_FR","og_type":"article","og_title":"Bivouac fondu dans la nature -","og_description":"Voici toutes les r\u00e8gles \u00e0 respecter pour faire un bon bivouac. bruit, odeur de fum\u00e9e, chute de branches...","og_url":"http:\/\/arwann.com\/?page_id=725","article_modified_time":"2014-05-12T07:53:57+00:00","og_image":[{"url":"http:\/\/arwann.com\/wp-content\/uploads\/2014\/04\/Bouton-HP.png","type":"","width":"","height":""}],"twitter_misc":{"Dur\u00e9e de lecture estim\u00e9e":"6 minutes"},"schema":{"@context":"https:\/\/schema.org","@graph":[{"@type":"WebPage","@id":"http:\/\/arwann.com\/?page_id=725","url":"http:\/\/arwann.com\/?page_id=725","name":"Bivouac fondu dans la nature -","isPartOf":{"@id":"http:\/\/arwann.com\/#website"},"primaryImageOfPage":{"@id":"http:\/\/arwann.com\/?page_id=725#primaryimage"},"image":{"@id":"http:\/\/arwann.com\/?page_id=725#primaryimage"},"thumbnailUrl":"http:\/\/arwann.com\/wp-content\/uploads\/2014\/04\/Bouton-HP.png","datePublished":"2014-04-15T11:01:51+00:00","dateModified":"2014-05-12T07:53:57+00:00","description":"Voici toutes les r\u00e8gles \u00e0 respecter pour faire un bon bivouac. bruit, odeur de fum\u00e9e, chute de branches...","breadcrumb":{"@id":"http:\/\/arwann.com\/?page_id=725#breadcrumb"},"inLanguage":"fr-FR","potentialAction":[{"@type":"ReadAction","target":["http:\/\/arwann.com\/?page_id=725"]}]},{"@type":"ImageObject","inLanguage":"fr-FR","@id":"http:\/\/arwann.com\/?page_id=725#primaryimage","url":"http:\/\/arwann.com\/wp-content\/uploads\/2014\/04\/Bouton-HP.png","contentUrl":"http:\/\/arwann.com\/wp-content\/uploads\/2014\/04\/Bouton-HP.png","width":400,"height":400},{"@type":"BreadcrumbList","@id":"http:\/\/arwann.com\/?page_id=725#breadcrumb","itemListElement":[{"@type":"ListItem","position":1,"name":"Home","item":"http:\/\/arwann.com\/"},{"@type":"ListItem","position":2,"name":"La Haute Patrouille","item":"http:\/\/arwann.com\/?page_id=31"},{"@type":"ListItem","position":3,"name":"Camper en patrouille","item":"http:\/\/arwann.com\/?page_id=1177"},{"@type":"ListItem","position":4,"name":"Bivouac fondu dans la nature"}]},{"@type":"WebSite","@id":"http:\/\/arwann.com\/#website","url":"http:\/\/arwann.com\/","name":"Arwann.com","description":"","publisher":{"@id":"http:\/\/arwann.com\/#organization"},"potentialAction":[{"@type":"SearchAction","target":{"@type":"EntryPoint","urlTemplate":"http:\/\/arwann.com\/?s={search_term_string}"},"query-input":{"@type":"PropertyValueSpecification","valueRequired":true,"valueName":"search_term_string"}}],"inLanguage":"fr-FR"},{"@type":"Organization","@id":"http:\/\/arwann.com\/#organization","name":"Arwann","url":"http:\/\/arwann.com\/","logo":{"@type":"ImageObject","inLanguage":"fr-FR","@id":"http:\/\/arwann.com\/#\/schema\/logo\/image\/","url":"http:\/\/arwann.com\/wp-content\/uploads\/2014\/04\/cropped-bandeau-arwann-5.png","contentUrl":"http:\/\/arwann.com\/wp-content\/uploads\/2014\/04\/cropped-bandeau-arwann-5.png","width":1600,"height":230,"caption":"Arwann"},"image":{"@id":"http:\/\/arwann.com\/#\/schema\/logo\/image\/"}}]}},"_links":{"self":[{"href":"http:\/\/arwann.com\/index.php?rest_route=\/wp\/v2\/pages\/725","targetHints":{"allow":["GET"]}}],"collection":[{"href":"http:\/\/arwann.com\/index.php?rest_route=\/wp\/v2\/pages"}],"about":[{"href":"http:\/\/arwann.com\/index.php?rest_route=\/wp\/v2\/types\/page"}],"author":[{"embeddable":true,"href":"http:\/\/arwann.com\/index.php?rest_route=\/wp\/v2\/users\/1"}],"replies":[{"embeddable":true,"href":"http:\/\/arwann.com\/index.php?rest_route=%2Fwp%2Fv2%2Fcomments&post=725"}],"version-history":[{"count":7,"href":"http:\/\/arwann.com\/index.php?rest_route=\/wp\/v2\/pages\/725\/revisions"}],"predecessor-version":[{"id":898,"href":"http:\/\/arwann.com\/index.php?rest_route=\/wp\/v2\/pages\/725\/revisions\/898"}],"up":[{"embeddable":true,"href":"http:\/\/arwann.com\/index.php?rest_route=\/wp\/v2\/pages\/1177"}],"wp:attachment":[{"href":"http:\/\/arwann.com\/index.php?rest_route=%2Fwp%2Fv2%2Fmedia&parent=725"}],"curies":[{"name":"wp","href":"https:\/\/api.w.org\/{rel}","templated":true}]}}