{"id":496,"date":"2014-04-08T20:40:01","date_gmt":"2014-04-08T19:40:01","guid":{"rendered":"http:\/\/arwann.com\/?page_id=496"},"modified":"2026-02-28T21:05:26","modified_gmt":"2026-02-28T20:05:26","slug":"le-roy-louis","status":"publish","type":"page","link":"http:\/\/arwann.com\/?page_id=496","title":{"rendered":"Le roy Louis"},"content":{"rendered":"\n<p>Par Cygne. <em>pour \u00e9couter cliquez ici-&gt;<\/em><\/p>\n\n\n\n<figure class=\"wp-block-audio\"><audio controls src=\"http:\/\/arwann.com\/wp-content\/uploads\/2014\/04\/le-roy-louis.wma\"><\/audio><\/figure>\n\n\n\n<p>1. Le Roy Louis a convoqu\u00e9<br>Tous ses barons et chevaliers<br>Le Roy Louis a demand\u00e9<br>\u00ab&nbsp;Qui veut me suivre o\u00f9 que j\u2019irai ?&nbsp;\u00bb<\/p>\n\n\n\n<p>2. Les plus ardents se sont dress\u00e9s,<br>Ont jur\u00e9 Foi, Fid\u00e9lit\u00e9<br>Les plus prudents ont devin\u00e9<br>O\u00f9 le Roy voulait les mener.<\/p>\n\n\n\n<p>3. Ainsi parla le Duc de Baume<br>\u00ab&nbsp;Je combattrai pour le royaume&nbsp;\u00bb<br>Le Roy lui dit \u00ab&nbsp;c\u2019est point assez :<br>Nous d\u00e9fendrons la chr\u00e9tient\u00e9&nbsp;\u00bb<\/p>\n\n\n\n<p>4. Ainsi parla seigneur d\u2019Estienne :<br>\u00ab&nbsp;Je d\u00e9fends la terre chr\u00e9tienne,<br>Mais je ne veux pas m\u2019en aller<br>Semer la mort dessus la mer&nbsp;\u00bb<\/p>\n\n\n\n<p>5. \u00ab&nbsp;Ah, dit le Roy, notre domaine<br>S\u2019\u00e9tend sur la rive africaine<br>Jusqu\u2019au d\u00e9sert le plus avant<br>C\u2019est notre fief, et prix du sang&nbsp;\u00bb<\/p>\n\n\n\n<p>6. S\u2019en est all\u00e9 le Roy Louis<br>Les plus fid\u00e8les l\u2019ont suivi<br>S\u2019en sont all\u00e9s bien loin, bien loin<br>Pour conqu\u00e9rir le fief divin&nbsp;!<\/p>\n","protected":false},"excerpt":{"rendered":"<p>Par Cygne. pour \u00e9couter cliquez ici-&gt; 1. Le Roy Louis a convoqu\u00e9Tous ses barons et chevaliersLe Roy Louis a demand\u00e9\u00ab&nbsp;Qui veut me suivre o\u00f9 que j\u2019irai ?&nbsp;\u00bb 2. Les plus ardents se sont dress\u00e9s,Ont jur\u00e9 Foi, Fid\u00e9lit\u00e9Les plus prudents ont devin\u00e9O\u00f9 le Roy voulait les mener. 3. Ainsi parla le Duc de Baume\u00ab&nbsp;Je combattrai pour &hellip; <a href=\"http:\/\/arwann.com\/?page_id=496\" class=\"more-link\">Continuer la lecture de <span class=\"screen-reader-text\">Le roy Louis<\/span> <span class=\"meta-nav\">&rarr;<\/span><\/a><\/p>\n","protected":false},"author":1,"featured_media":0,"parent":359,"menu_order":0,"comment_status":"open","ping_status":"open","template":"","meta":{"footnotes":""},"class_list":["post-496","page","type-page","status-publish","hentry"],"yoast_head":"<!-- This site is optimized with the Yoast SEO plugin v27.2 - https:\/\/yoast.com\/product\/yoast-seo-wordpress\/ -->\n<title>Le roy Louis -<\/title>\n<meta name=\"robots\" content=\"index, follow, max-snippet:-1, max-image-preview:large, max-video-preview:-1\" \/>\n<link rel=\"canonical\" href=\"http:\/\/arwann.com\/?page_id=496\" \/>\n<meta property=\"og:locale\" content=\"fr_FR\" \/>\n<meta property=\"og:type\" content=\"article\" \/>\n<meta property=\"og:title\" content=\"Le roy Louis -\" \/>\n<meta property=\"og:description\" content=\"Par Cygne. pour \u00e9couter cliquez ici-&gt; 1. Le Roy Louis a convoqu\u00e9Tous ses barons et chevaliersLe Roy Louis a demand\u00e9\u00ab&nbsp;Qui veut me suivre o\u00f9 que j\u2019irai ?&nbsp;\u00bb 2. Les plus ardents se sont dress\u00e9s,Ont jur\u00e9 Foi, Fid\u00e9lit\u00e9Les plus prudents ont devin\u00e9O\u00f9 le Roy voulait les mener. 3. Ainsi parla le Duc de Baume\u00ab&nbsp;Je combattrai pour &hellip; Continuer la lecture de Le roy Louis &rarr;\" \/>\n<meta property=\"og:url\" content=\"http:\/\/arwann.com\/?page_id=496\" \/>\n<meta property=\"article:modified_time\" content=\"2026-02-28T20:05:26+00:00\" \/>\n<meta name=\"twitter:label1\" content=\"Dur\u00e9e de lecture estim\u00e9e\" \/>\n\t<meta name=\"twitter:data1\" content=\"1 minute\" \/>\n<script type=\"application\/ld+json\" class=\"yoast-schema-graph\">{\"@context\":\"https:\/\/schema.org\",\"@graph\":[{\"@type\":\"WebPage\",\"@id\":\"http:\/\/arwann.com\/?page_id=496\",\"url\":\"http:\/\/arwann.com\/?page_id=496\",\"name\":\"Le roy Louis -\",\"isPartOf\":{\"@id\":\"http:\/\/arwann.com\/#website\"},\"datePublished\":\"2014-04-08T19:40:01+00:00\",\"dateModified\":\"2026-02-28T20:05:26+00:00\",\"breadcrumb\":{\"@id\":\"http:\/\/arwann.com\/?page_id=496#breadcrumb\"},\"inLanguage\":\"fr-FR\",\"potentialAction\":[{\"@type\":\"ReadAction\",\"target\":[\"http:\/\/arwann.com\/?page_id=496\"]}]},{\"@type\":\"BreadcrumbList\",\"@id\":\"http:\/\/arwann.com\/?page_id=496#breadcrumb\",\"itemListElement\":[{\"@type\":\"ListItem\",\"position\":1,\"name\":\"Home\",\"item\":\"https:\/\/arwann.com\/\"},{\"@type\":\"ListItem\",\"position\":2,\"name\":\"Le coin des Scouts\",\"item\":\"http:\/\/arwann.com\/?page_id=29\"},{\"@type\":\"ListItem\",\"position\":3,\"name\":\"Veill\u00e9es\",\"item\":\"http:\/\/arwann.com\/?page_id=273\"},{\"@type\":\"ListItem\",\"position\":4,\"name\":\"Chants\",\"item\":\"http:\/\/arwann.com\/?page_id=276\"},{\"@type\":\"ListItem\",\"position\":5,\"name\":\"Chants de traditions et de r\u00e9gions\",\"item\":\"http:\/\/arwann.com\/?page_id=359\"},{\"@type\":\"ListItem\",\"position\":6,\"name\":\"Le roy Louis\"}]},{\"@type\":\"WebSite\",\"@id\":\"http:\/\/arwann.com\/#website\",\"url\":\"http:\/\/arwann.com\/\",\"name\":\"Arwann.com\",\"description\":\"\",\"publisher\":{\"@id\":\"http:\/\/arwann.com\/#organization\"},\"potentialAction\":[{\"@type\":\"SearchAction\",\"target\":{\"@type\":\"EntryPoint\",\"urlTemplate\":\"http:\/\/arwann.com\/?s={search_term_string}\"},\"query-input\":{\"@type\":\"PropertyValueSpecification\",\"valueRequired\":true,\"valueName\":\"search_term_string\"}}],\"inLanguage\":\"fr-FR\"},{\"@type\":\"Organization\",\"@id\":\"http:\/\/arwann.com\/#organization\",\"name\":\"Arwann\",\"url\":\"http:\/\/arwann.com\/\",\"logo\":{\"@type\":\"ImageObject\",\"inLanguage\":\"fr-FR\",\"@id\":\"http:\/\/arwann.com\/#\/schema\/logo\/image\/\",\"url\":\"http:\/\/arwann.com\/wp-content\/uploads\/2014\/04\/cropped-bandeau-arwann-5.png\",\"contentUrl\":\"http:\/\/arwann.com\/wp-content\/uploads\/2014\/04\/cropped-bandeau-arwann-5.png\",\"width\":1600,\"height\":230,\"caption\":\"Arwann\"},\"image\":{\"@id\":\"http:\/\/arwann.com\/#\/schema\/logo\/image\/\"}}]}<\/script>\n<!-- \/ Yoast SEO plugin. -->","yoast_head_json":{"title":"Le roy Louis -","robots":{"index":"index","follow":"follow","max-snippet":"max-snippet:-1","max-image-preview":"max-image-preview:large","max-video-preview":"max-video-preview:-1"},"canonical":"http:\/\/arwann.com\/?page_id=496","og_locale":"fr_FR","og_type":"article","og_title":"Le roy Louis -","og_description":"Par Cygne. pour \u00e9couter cliquez ici-&gt; 1. Le Roy Louis a convoqu\u00e9Tous ses barons et chevaliersLe Roy Louis a demand\u00e9\u00ab&nbsp;Qui veut me suivre o\u00f9 que j\u2019irai ?&nbsp;\u00bb 2. Les plus ardents se sont dress\u00e9s,Ont jur\u00e9 Foi, Fid\u00e9lit\u00e9Les plus prudents ont devin\u00e9O\u00f9 le Roy voulait les mener. 3. Ainsi parla le Duc de Baume\u00ab&nbsp;Je combattrai pour &hellip; Continuer la lecture de Le roy Louis &rarr;","og_url":"http:\/\/arwann.com\/?page_id=496","article_modified_time":"2026-02-28T20:05:26+00:00","twitter_misc":{"Dur\u00e9e de lecture estim\u00e9e":"1 minute"},"schema":{"@context":"https:\/\/schema.org","@graph":[{"@type":"WebPage","@id":"http:\/\/arwann.com\/?page_id=496","url":"http:\/\/arwann.com\/?page_id=496","name":"Le roy Louis -","isPartOf":{"@id":"http:\/\/arwann.com\/#website"},"datePublished":"2014-04-08T19:40:01+00:00","dateModified":"2026-02-28T20:05:26+00:00","breadcrumb":{"@id":"http:\/\/arwann.com\/?page_id=496#breadcrumb"},"inLanguage":"fr-FR","potentialAction":[{"@type":"ReadAction","target":["http:\/\/arwann.com\/?page_id=496"]}]},{"@type":"BreadcrumbList","@id":"http:\/\/arwann.com\/?page_id=496#breadcrumb","itemListElement":[{"@type":"ListItem","position":1,"name":"Home","item":"https:\/\/arwann.com\/"},{"@type":"ListItem","position":2,"name":"Le coin des Scouts","item":"http:\/\/arwann.com\/?page_id=29"},{"@type":"ListItem","position":3,"name":"Veill\u00e9es","item":"http:\/\/arwann.com\/?page_id=273"},{"@type":"ListItem","position":4,"name":"Chants","item":"http:\/\/arwann.com\/?page_id=276"},{"@type":"ListItem","position":5,"name":"Chants de traditions et de r\u00e9gions","item":"http:\/\/arwann.com\/?page_id=359"},{"@type":"ListItem","position":6,"name":"Le roy Louis"}]},{"@type":"WebSite","@id":"http:\/\/arwann.com\/#website","url":"http:\/\/arwann.com\/","name":"Arwann.com","description":"","publisher":{"@id":"http:\/\/arwann.com\/#organization"},"potentialAction":[{"@type":"SearchAction","target":{"@type":"EntryPoint","urlTemplate":"http:\/\/arwann.com\/?s={search_term_string}"},"query-input":{"@type":"PropertyValueSpecification","valueRequired":true,"valueName":"search_term_string"}}],"inLanguage":"fr-FR"},{"@type":"Organization","@id":"http:\/\/arwann.com\/#organization","name":"Arwann","url":"http:\/\/arwann.com\/","logo":{"@type":"ImageObject","inLanguage":"fr-FR","@id":"http:\/\/arwann.com\/#\/schema\/logo\/image\/","url":"http:\/\/arwann.com\/wp-content\/uploads\/2014\/04\/cropped-bandeau-arwann-5.png","contentUrl":"http:\/\/arwann.com\/wp-content\/uploads\/2014\/04\/cropped-bandeau-arwann-5.png","width":1600,"height":230,"caption":"Arwann"},"image":{"@id":"http:\/\/arwann.com\/#\/schema\/logo\/image\/"}}]}},"_links":{"self":[{"href":"http:\/\/arwann.com\/index.php?rest_route=\/wp\/v2\/pages\/496","targetHints":{"allow":["GET"]}}],"collection":[{"href":"http:\/\/arwann.com\/index.php?rest_route=\/wp\/v2\/pages"}],"about":[{"href":"http:\/\/arwann.com\/index.php?rest_route=\/wp\/v2\/types\/page"}],"author":[{"embeddable":true,"href":"http:\/\/arwann.com\/index.php?rest_route=\/wp\/v2\/users\/1"}],"replies":[{"embeddable":true,"href":"http:\/\/arwann.com\/index.php?rest_route=%2Fwp%2Fv2%2Fcomments&post=496"}],"version-history":[{"count":5,"href":"http:\/\/arwann.com\/index.php?rest_route=\/wp\/v2\/pages\/496\/revisions"}],"predecessor-version":[{"id":4169,"href":"http:\/\/arwann.com\/index.php?rest_route=\/wp\/v2\/pages\/496\/revisions\/4169"}],"up":[{"embeddable":true,"href":"http:\/\/arwann.com\/index.php?rest_route=\/wp\/v2\/pages\/359"}],"wp:attachment":[{"href":"http:\/\/arwann.com\/index.php?rest_route=%2Fwp%2Fv2%2Fmedia&parent=496"}],"curies":[{"name":"wp","href":"https:\/\/api.w.org\/{rel}","templated":true}]}}