{"id":443,"date":"2014-04-06T20:18:45","date_gmt":"2014-04-06T19:18:45","guid":{"rendered":"http:\/\/arwann.com\/?page_id=443"},"modified":"2014-04-06T20:32:46","modified_gmt":"2014-04-06T19:32:46","slug":"cantique-des-etoiles","status":"publish","type":"page","link":"http:\/\/arwann.com\/?page_id=443","title":{"rendered":"Cantique des \u00e9toiles"},"content":{"rendered":"<p>Par Cygne. <em>pour \u00e9couter cliquer ici- &gt; <audio class=\"wp-audio-shortcode\" id=\"audio-443-1\" preload=\"none\" style=\"width: 100%;\" controls=\"controls\"><source type=\"audio\/x-ms-wma\" src=\"http:\/\/arwann.com\/wp-content\/uploads\/2014\/04\/cantique-des-etoiles.wma?_=1\" \/><a href=\"http:\/\/arwann.com\/wp-content\/uploads\/2014\/04\/cantique-des-etoiles.wma\">http:\/\/arwann.com\/wp-content\/uploads\/2014\/04\/cantique-des-etoiles.wma<\/a><\/audio><br \/>\n<\/em><\/p>\n<ol>\n<li>As-tu compt\u00e9 les \u00e9toiles et les astres radieux<br \/>\nD\u00e9ployant aux nuits sans voile leur cort\u00e8ge dans les cieux?<br \/>\nDieu qui leur donna la vie et l&rsquo;\u00e9clat,<br \/>\nDieu qui leur fixa la course et le pas,<br \/>\nSait aussi quel est leur nombre et ne les oublie pas. (bis)<\/li>\n<li>As-tu compt\u00e9 les abeilles butinant parmi les fleurs,<br \/>\nPapillons, mouches vermeilles, sans souci et travailleurs?<br \/>\nDieu qui les v\u00eatit couleur paradis,<br \/>\nDieu qui leur fournit vivres et logis,<br \/>\nSait aussi quel est leur nombre et ne les oublie pas.(bis)<\/li>\n<li>As-tu compt\u00e9 les fleurettes souriant au gai printemps,<br \/>\nBoutons d&rsquo;or et p\u00e2querettes, fleurs des bois et fleurs des champs?<br \/>\nCelui qui leur fit ces riches habits<br \/>\nCelui qui leur mit ce frais coloris,<br \/>\nSait aussi quel est leur nombre et ne les oublie pas.(bis)<\/li>\n<li>As-tu compt\u00e9 les nu\u00e9es passant dans les champs du ciel,<br \/>\nEt les gouttes de ros\u00e9e aux reflets de l&rsquo;arc-en-ciel?<br \/>\nDieu qui fit le temps sombre ou \u00e9clatant,<br \/>\nLe ruisseau chantant et les flots grondant<br \/>\nSait aussi quel est leur nombre et ne les oublie pas.(bis)<\/li>\n<li>Sais-tu combien sur la terre vivent d&rsquo;enfants comme toi,<br \/>\nDans le luxe ou la mis\u00e8re, fils de pauvres ou fils de rois?<br \/>\nDieu les conna\u00eet tous et les aime tous,<br \/>\nDieu les garde tous et Dieu les veut tous.<br \/>\nTu es aussi de ce nombre, de ceux qu&rsquo;il n&rsquo;oublie pas.(bis)<\/li>\n<\/ol>\n","protected":false},"excerpt":{"rendered":"<p>Par Cygne. pour \u00e9couter cliquer ici- &gt; As-tu compt\u00e9 les \u00e9toiles et les astres radieux D\u00e9ployant aux nuits sans voile leur cort\u00e8ge dans les cieux? Dieu qui leur donna la vie et l&rsquo;\u00e9clat, Dieu qui leur fixa la course et le pas, Sait aussi quel est leur nombre et ne les oublie pas. (bis) As-tu &hellip; <a href=\"http:\/\/arwann.com\/?page_id=443\" class=\"more-link\">Continuer la lecture de <span class=\"screen-reader-text\">Cantique des \u00e9toiles<\/span> <span class=\"meta-nav\">&rarr;<\/span><\/a><\/p>\n","protected":false},"author":1,"featured_media":0,"parent":445,"menu_order":0,"comment_status":"open","ping_status":"open","template":"","meta":{"footnotes":""},"class_list":["post-443","page","type-page","status-publish","hentry"],"yoast_head":"<!-- This site is optimized with the Yoast SEO plugin v27.2 - https:\/\/yoast.com\/product\/yoast-seo-wordpress\/ -->\n<title>Cantique des \u00e9toiles -<\/title>\n<meta name=\"robots\" content=\"index, follow, max-snippet:-1, max-image-preview:large, max-video-preview:-1\" \/>\n<link rel=\"canonical\" href=\"http:\/\/arwann.com\/?page_id=443\" \/>\n<meta property=\"og:locale\" content=\"fr_FR\" \/>\n<meta property=\"og:type\" content=\"article\" \/>\n<meta property=\"og:title\" content=\"Cantique des \u00e9toiles -\" \/>\n<meta property=\"og:description\" content=\"Par Cygne. pour \u00e9couter cliquer ici- &gt; As-tu compt\u00e9 les \u00e9toiles et les astres radieux D\u00e9ployant aux nuits sans voile leur cort\u00e8ge dans les cieux? Dieu qui leur donna la vie et l&rsquo;\u00e9clat, Dieu qui leur fixa la course et le pas, Sait aussi quel est leur nombre et ne les oublie pas. (bis) As-tu &hellip; Continuer la lecture de Cantique des \u00e9toiles &rarr;\" \/>\n<meta property=\"og:url\" content=\"http:\/\/arwann.com\/?page_id=443\" \/>\n<meta property=\"article:modified_time\" content=\"2014-04-06T19:32:46+00:00\" \/>\n<meta name=\"twitter:label1\" content=\"Dur\u00e9e de lecture estim\u00e9e\" \/>\n\t<meta name=\"twitter:data1\" content=\"1 minute\" \/>\n<script type=\"application\/ld+json\" class=\"yoast-schema-graph\">{\"@context\":\"https:\/\/schema.org\",\"@graph\":[{\"@type\":\"WebPage\",\"@id\":\"http:\/\/arwann.com\/?page_id=443\",\"url\":\"http:\/\/arwann.com\/?page_id=443\",\"name\":\"Cantique des \u00e9toiles -\",\"isPartOf\":{\"@id\":\"http:\/\/arwann.com\/#website\"},\"datePublished\":\"2014-04-06T19:18:45+00:00\",\"dateModified\":\"2014-04-06T19:32:46+00:00\",\"breadcrumb\":{\"@id\":\"http:\/\/arwann.com\/?page_id=443#breadcrumb\"},\"inLanguage\":\"fr-FR\",\"potentialAction\":[{\"@type\":\"ReadAction\",\"target\":[\"http:\/\/arwann.com\/?page_id=443\"]}]},{\"@type\":\"BreadcrumbList\",\"@id\":\"http:\/\/arwann.com\/?page_id=443#breadcrumb\",\"itemListElement\":[{\"@type\":\"ListItem\",\"position\":1,\"name\":\"Home\",\"item\":\"https:\/\/arwann.com\/\"},{\"@type\":\"ListItem\",\"position\":2,\"name\":\"Le coin des Scouts\",\"item\":\"http:\/\/arwann.com\/?page_id=29\"},{\"@type\":\"ListItem\",\"position\":3,\"name\":\"Veill\u00e9es\",\"item\":\"http:\/\/arwann.com\/?page_id=273\"},{\"@type\":\"ListItem\",\"position\":4,\"name\":\"Chants\",\"item\":\"http:\/\/arwann.com\/?page_id=276\"},{\"@type\":\"ListItem\",\"position\":5,\"name\":\"Chants souts\",\"item\":\"http:\/\/arwann.com\/?page_id=445\"},{\"@type\":\"ListItem\",\"position\":6,\"name\":\"Cantique des \u00e9toiles\"}]},{\"@type\":\"WebSite\",\"@id\":\"http:\/\/arwann.com\/#website\",\"url\":\"http:\/\/arwann.com\/\",\"name\":\"Arwann.com\",\"description\":\"\",\"publisher\":{\"@id\":\"http:\/\/arwann.com\/#organization\"},\"potentialAction\":[{\"@type\":\"SearchAction\",\"target\":{\"@type\":\"EntryPoint\",\"urlTemplate\":\"http:\/\/arwann.com\/?s={search_term_string}\"},\"query-input\":{\"@type\":\"PropertyValueSpecification\",\"valueRequired\":true,\"valueName\":\"search_term_string\"}}],\"inLanguage\":\"fr-FR\"},{\"@type\":\"Organization\",\"@id\":\"http:\/\/arwann.com\/#organization\",\"name\":\"Arwann\",\"url\":\"http:\/\/arwann.com\/\",\"logo\":{\"@type\":\"ImageObject\",\"inLanguage\":\"fr-FR\",\"@id\":\"http:\/\/arwann.com\/#\/schema\/logo\/image\/\",\"url\":\"http:\/\/arwann.com\/wp-content\/uploads\/2014\/04\/cropped-bandeau-arwann-5.png\",\"contentUrl\":\"http:\/\/arwann.com\/wp-content\/uploads\/2014\/04\/cropped-bandeau-arwann-5.png\",\"width\":1600,\"height\":230,\"caption\":\"Arwann\"},\"image\":{\"@id\":\"http:\/\/arwann.com\/#\/schema\/logo\/image\/\"}}]}<\/script>\n<!-- \/ Yoast SEO plugin. -->","yoast_head_json":{"title":"Cantique des \u00e9toiles -","robots":{"index":"index","follow":"follow","max-snippet":"max-snippet:-1","max-image-preview":"max-image-preview:large","max-video-preview":"max-video-preview:-1"},"canonical":"http:\/\/arwann.com\/?page_id=443","og_locale":"fr_FR","og_type":"article","og_title":"Cantique des \u00e9toiles -","og_description":"Par Cygne. pour \u00e9couter cliquer ici- &gt; As-tu compt\u00e9 les \u00e9toiles et les astres radieux D\u00e9ployant aux nuits sans voile leur cort\u00e8ge dans les cieux? Dieu qui leur donna la vie et l&rsquo;\u00e9clat, Dieu qui leur fixa la course et le pas, Sait aussi quel est leur nombre et ne les oublie pas. (bis) As-tu &hellip; Continuer la lecture de Cantique des \u00e9toiles &rarr;","og_url":"http:\/\/arwann.com\/?page_id=443","article_modified_time":"2014-04-06T19:32:46+00:00","twitter_misc":{"Dur\u00e9e de lecture estim\u00e9e":"1 minute"},"schema":{"@context":"https:\/\/schema.org","@graph":[{"@type":"WebPage","@id":"http:\/\/arwann.com\/?page_id=443","url":"http:\/\/arwann.com\/?page_id=443","name":"Cantique des \u00e9toiles -","isPartOf":{"@id":"http:\/\/arwann.com\/#website"},"datePublished":"2014-04-06T19:18:45+00:00","dateModified":"2014-04-06T19:32:46+00:00","breadcrumb":{"@id":"http:\/\/arwann.com\/?page_id=443#breadcrumb"},"inLanguage":"fr-FR","potentialAction":[{"@type":"ReadAction","target":["http:\/\/arwann.com\/?page_id=443"]}]},{"@type":"BreadcrumbList","@id":"http:\/\/arwann.com\/?page_id=443#breadcrumb","itemListElement":[{"@type":"ListItem","position":1,"name":"Home","item":"https:\/\/arwann.com\/"},{"@type":"ListItem","position":2,"name":"Le coin des Scouts","item":"http:\/\/arwann.com\/?page_id=29"},{"@type":"ListItem","position":3,"name":"Veill\u00e9es","item":"http:\/\/arwann.com\/?page_id=273"},{"@type":"ListItem","position":4,"name":"Chants","item":"http:\/\/arwann.com\/?page_id=276"},{"@type":"ListItem","position":5,"name":"Chants souts","item":"http:\/\/arwann.com\/?page_id=445"},{"@type":"ListItem","position":6,"name":"Cantique des \u00e9toiles"}]},{"@type":"WebSite","@id":"http:\/\/arwann.com\/#website","url":"http:\/\/arwann.com\/","name":"Arwann.com","description":"","publisher":{"@id":"http:\/\/arwann.com\/#organization"},"potentialAction":[{"@type":"SearchAction","target":{"@type":"EntryPoint","urlTemplate":"http:\/\/arwann.com\/?s={search_term_string}"},"query-input":{"@type":"PropertyValueSpecification","valueRequired":true,"valueName":"search_term_string"}}],"inLanguage":"fr-FR"},{"@type":"Organization","@id":"http:\/\/arwann.com\/#organization","name":"Arwann","url":"http:\/\/arwann.com\/","logo":{"@type":"ImageObject","inLanguage":"fr-FR","@id":"http:\/\/arwann.com\/#\/schema\/logo\/image\/","url":"http:\/\/arwann.com\/wp-content\/uploads\/2014\/04\/cropped-bandeau-arwann-5.png","contentUrl":"http:\/\/arwann.com\/wp-content\/uploads\/2014\/04\/cropped-bandeau-arwann-5.png","width":1600,"height":230,"caption":"Arwann"},"image":{"@id":"http:\/\/arwann.com\/#\/schema\/logo\/image\/"}}]}},"_links":{"self":[{"href":"http:\/\/arwann.com\/index.php?rest_route=\/wp\/v2\/pages\/443","targetHints":{"allow":["GET"]}}],"collection":[{"href":"http:\/\/arwann.com\/index.php?rest_route=\/wp\/v2\/pages"}],"about":[{"href":"http:\/\/arwann.com\/index.php?rest_route=\/wp\/v2\/types\/page"}],"author":[{"embeddable":true,"href":"http:\/\/arwann.com\/index.php?rest_route=\/wp\/v2\/users\/1"}],"replies":[{"embeddable":true,"href":"http:\/\/arwann.com\/index.php?rest_route=%2Fwp%2Fv2%2Fcomments&post=443"}],"version-history":[{"count":3,"href":"http:\/\/arwann.com\/index.php?rest_route=\/wp\/v2\/pages\/443\/revisions"}],"predecessor-version":[{"id":456,"href":"http:\/\/arwann.com\/index.php?rest_route=\/wp\/v2\/pages\/443\/revisions\/456"}],"up":[{"embeddable":true,"href":"http:\/\/arwann.com\/index.php?rest_route=\/wp\/v2\/pages\/445"}],"wp:attachment":[{"href":"http:\/\/arwann.com\/index.php?rest_route=%2Fwp%2Fv2%2Fmedia&parent=443"}],"curies":[{"name":"wp","href":"https:\/\/api.w.org\/{rel}","templated":true}]}}