{"id":3131,"date":"2017-04-08T08:17:16","date_gmt":"2017-04-08T07:17:16","guid":{"rendered":"http:\/\/arwann.com\/?page_id=3131"},"modified":"2017-04-08T10:22:23","modified_gmt":"2017-04-08T09:22:23","slug":"ketty-version-drole","status":"publish","type":"page","link":"http:\/\/arwann.com\/?page_id=3131","title":{"rendered":"Ketty version dr\u00f4le"},"content":{"rendered":"<p>Chant\u00e9 par : Loutre, Ocelot, P\u00e9cari, Rainette, Siamois, Flamant Rose<\/p>\n<p><audio class=\"wp-audio-shortcode\" id=\"audio-3131-1\" preload=\"none\" style=\"width: 100%;\" controls=\"controls\"><source type=\"audio\/mpeg\" src=\"http:\/\/arwann.com\/wp-content\/uploads\/2014\/04\/K\u00e9ti-dr\u00f4le.m4a?_=1\" \/><a href=\"http:\/\/arwann.com\/wp-content\/uploads\/2014\/04\/K\u00e9ti-dr\u00f4le.m4a\">http:\/\/arwann.com\/wp-content\/uploads\/2014\/04\/K\u00e9ti-dr\u00f4le.m4a<\/a><\/audio><br \/>\nC\u2019\u00e9tait un jeun\u2019homme bien comm\u2019il faut<br \/>\nOui mais il avait un ptit d\u00e9faut<br \/>\nIl \u00e9tait charmant mais il b\u00e9gayait tellement<br \/>\nQue quand il parlait<br \/>\nTout l\u2019monde riait (hahaha)<br \/>\nUn jour dans un salon parisien<br \/>\nOn lui pr\u00e9sent\u2019une jeun\u2019fille tr\u00e8s bien<br \/>\nEt alors soudain se sentant tr\u00e8s tr\u00e8s mondain, (MMMHH)<br \/>\nVoil\u00e0 comment il demanda sa main (hum hum)<\/p>\n<p><strong><span style=\"color: #ff0000;\">R\/<\/span>\u00a0\u00a0 K\u00e9-k\u00e9-k\u00e9-Ketty, Oh ma K\u00e9-Ketty<\/strong><br \/>\n<strong> Je suis ton ga-ga-ga-galant troubadou \u2013 ou \u2013 our<\/strong><br \/>\n<strong> Je d\u00e9-d\u00e9sire, je soupi \u2013 pi \u2013 pire<\/strong><br \/>\n<strong> De devenir ton na-na-na-na-namouououour<\/strong><\/p>\n<p>Ketty voyant son infirmit\u00e9<br \/>\nLui dit \u00a0\u00bb c\u2019est pas la pein\u2019d\u2019insister\u00a0\u00bb<br \/>\nComm\u2019mari, j\u2019voudrais un homme d\u2019esprit<br \/>\nRevenez quand vous serez gu\u00e9ri ! \u00bb (Voix de fausset)<br \/>\nAlors en \u00e9moi le pauv\u2019gar\u00e7on<br \/>\nAfin d\u2019am\u00e9liorer sa diction<br \/>\nS\u2019en alla s\u2019inscrire au conservatoire<br \/>\nO\u00f9 il braillait du matin au soir :<\/p>\n<p><strong>R\/ On braille<\/strong><\/p>\n<p>Au bout de 18 ans et 3 mois<br \/>\nHeureux, il parlait comm\u2019vous et moi<br \/>\nEt c\u2019la au moment o\u00f9 sa K\u00e9ti justement<br \/>\nBaptisait son dix-huiti\u00e8me enfant<br \/>\nDevant cette nombreuse smala (bruit de famille nombreuse)<br \/>\nIl eut comme un coup (BAM) dans l\u2019estomac<br \/>\nEt les yeux mouill\u00e9s (Snif) se remit \u00e0 b\u00e9gayer<br \/>\nEn redescendant les escaliers (bruitage)<\/p>\n","protected":false},"excerpt":{"rendered":"<p>Chant\u00e9 par : Loutre, Ocelot, P\u00e9cari, Rainette, Siamois, Flamant Rose C\u2019\u00e9tait un jeun\u2019homme bien comm\u2019il faut Oui mais il avait un ptit d\u00e9faut Il \u00e9tait charmant mais il b\u00e9gayait tellement Que quand il parlait Tout l\u2019monde riait (hahaha) Un jour dans un salon parisien On lui pr\u00e9sent\u2019une jeun\u2019fille tr\u00e8s bien Et alors soudain se sentant &hellip; <a href=\"http:\/\/arwann.com\/?page_id=3131\" class=\"more-link\">Continuer la lecture de <span class=\"screen-reader-text\">Ketty version dr\u00f4le<\/span> <span class=\"meta-nav\">&rarr;<\/span><\/a><\/p>\n","protected":false},"author":1,"featured_media":0,"parent":1015,"menu_order":0,"comment_status":"closed","ping_status":"closed","template":"","meta":{"footnotes":""},"class_list":["post-3131","page","type-page","status-publish","hentry"],"yoast_head":"<!-- This site is optimized with the Yoast SEO plugin v27.2 - https:\/\/yoast.com\/product\/yoast-seo-wordpress\/ -->\n<title>Ketty version dr\u00f4le -<\/title>\n<meta name=\"robots\" content=\"index, follow, max-snippet:-1, max-image-preview:large, max-video-preview:-1\" \/>\n<link rel=\"canonical\" href=\"http:\/\/arwann.com\/?page_id=3131\" \/>\n<meta property=\"og:locale\" content=\"fr_FR\" \/>\n<meta property=\"og:type\" content=\"article\" \/>\n<meta property=\"og:title\" content=\"Ketty version dr\u00f4le -\" \/>\n<meta property=\"og:description\" content=\"Chant\u00e9 par : Loutre, Ocelot, P\u00e9cari, Rainette, Siamois, Flamant Rose C\u2019\u00e9tait un jeun\u2019homme bien comm\u2019il faut Oui mais il avait un ptit d\u00e9faut Il \u00e9tait charmant mais il b\u00e9gayait tellement Que quand il parlait Tout l\u2019monde riait (hahaha) Un jour dans un salon parisien On lui pr\u00e9sent\u2019une jeun\u2019fille tr\u00e8s bien Et alors soudain se sentant &hellip; Continuer la lecture de Ketty version dr\u00f4le &rarr;\" \/>\n<meta property=\"og:url\" content=\"http:\/\/arwann.com\/?page_id=3131\" \/>\n<meta property=\"article:modified_time\" content=\"2017-04-08T09:22:23+00:00\" \/>\n<meta name=\"twitter:label1\" content=\"Dur\u00e9e de lecture estim\u00e9e\" \/>\n\t<meta name=\"twitter:data1\" content=\"1 minute\" \/>\n<script type=\"application\/ld+json\" class=\"yoast-schema-graph\">{\"@context\":\"https:\/\/schema.org\",\"@graph\":[{\"@type\":\"WebPage\",\"@id\":\"http:\/\/arwann.com\/?page_id=3131\",\"url\":\"http:\/\/arwann.com\/?page_id=3131\",\"name\":\"Ketty version dr\u00f4le -\",\"isPartOf\":{\"@id\":\"http:\/\/arwann.com\/#website\"},\"datePublished\":\"2017-04-08T07:17:16+00:00\",\"dateModified\":\"2017-04-08T09:22:23+00:00\",\"breadcrumb\":{\"@id\":\"http:\/\/arwann.com\/?page_id=3131#breadcrumb\"},\"inLanguage\":\"fr-FR\",\"potentialAction\":[{\"@type\":\"ReadAction\",\"target\":[\"http:\/\/arwann.com\/?page_id=3131\"]}]},{\"@type\":\"BreadcrumbList\",\"@id\":\"http:\/\/arwann.com\/?page_id=3131#breadcrumb\",\"itemListElement\":[{\"@type\":\"ListItem\",\"position\":1,\"name\":\"Home\",\"item\":\"https:\/\/arwann.com\/\"},{\"@type\":\"ListItem\",\"position\":2,\"name\":\"Le coin des Scouts\",\"item\":\"http:\/\/arwann.com\/?page_id=29\"},{\"@type\":\"ListItem\",\"position\":3,\"name\":\"Veill\u00e9es\",\"item\":\"https:\/\/arwann.com\/?page_id=273\"},{\"@type\":\"ListItem\",\"position\":4,\"name\":\"Chants\",\"item\":\"http:\/\/arwann.com\/?page_id=276\"},{\"@type\":\"ListItem\",\"position\":5,\"name\":\"Chants divers\",\"item\":\"http:\/\/arwann.com\/?page_id=1015\"},{\"@type\":\"ListItem\",\"position\":6,\"name\":\"Ketty version dr\u00f4le\"}]},{\"@type\":\"WebSite\",\"@id\":\"http:\/\/arwann.com\/#website\",\"url\":\"http:\/\/arwann.com\/\",\"name\":\"Arwann.com\",\"description\":\"\",\"publisher\":{\"@id\":\"http:\/\/arwann.com\/#organization\"},\"potentialAction\":[{\"@type\":\"SearchAction\",\"target\":{\"@type\":\"EntryPoint\",\"urlTemplate\":\"http:\/\/arwann.com\/?s={search_term_string}\"},\"query-input\":{\"@type\":\"PropertyValueSpecification\",\"valueRequired\":true,\"valueName\":\"search_term_string\"}}],\"inLanguage\":\"fr-FR\"},{\"@type\":\"Organization\",\"@id\":\"http:\/\/arwann.com\/#organization\",\"name\":\"Arwann\",\"url\":\"http:\/\/arwann.com\/\",\"logo\":{\"@type\":\"ImageObject\",\"inLanguage\":\"fr-FR\",\"@id\":\"http:\/\/arwann.com\/#\/schema\/logo\/image\/\",\"url\":\"http:\/\/arwann.com\/wp-content\/uploads\/2014\/04\/cropped-bandeau-arwann-5.png\",\"contentUrl\":\"http:\/\/arwann.com\/wp-content\/uploads\/2014\/04\/cropped-bandeau-arwann-5.png\",\"width\":1600,\"height\":230,\"caption\":\"Arwann\"},\"image\":{\"@id\":\"http:\/\/arwann.com\/#\/schema\/logo\/image\/\"}}]}<\/script>\n<!-- \/ Yoast SEO plugin. -->","yoast_head_json":{"title":"Ketty version dr\u00f4le -","robots":{"index":"index","follow":"follow","max-snippet":"max-snippet:-1","max-image-preview":"max-image-preview:large","max-video-preview":"max-video-preview:-1"},"canonical":"http:\/\/arwann.com\/?page_id=3131","og_locale":"fr_FR","og_type":"article","og_title":"Ketty version dr\u00f4le -","og_description":"Chant\u00e9 par : Loutre, Ocelot, P\u00e9cari, Rainette, Siamois, Flamant Rose C\u2019\u00e9tait un jeun\u2019homme bien comm\u2019il faut Oui mais il avait un ptit d\u00e9faut Il \u00e9tait charmant mais il b\u00e9gayait tellement Que quand il parlait Tout l\u2019monde riait (hahaha) Un jour dans un salon parisien On lui pr\u00e9sent\u2019une jeun\u2019fille tr\u00e8s bien Et alors soudain se sentant &hellip; Continuer la lecture de Ketty version dr\u00f4le &rarr;","og_url":"http:\/\/arwann.com\/?page_id=3131","article_modified_time":"2017-04-08T09:22:23+00:00","twitter_misc":{"Dur\u00e9e de lecture estim\u00e9e":"1 minute"},"schema":{"@context":"https:\/\/schema.org","@graph":[{"@type":"WebPage","@id":"http:\/\/arwann.com\/?page_id=3131","url":"http:\/\/arwann.com\/?page_id=3131","name":"Ketty version dr\u00f4le -","isPartOf":{"@id":"http:\/\/arwann.com\/#website"},"datePublished":"2017-04-08T07:17:16+00:00","dateModified":"2017-04-08T09:22:23+00:00","breadcrumb":{"@id":"http:\/\/arwann.com\/?page_id=3131#breadcrumb"},"inLanguage":"fr-FR","potentialAction":[{"@type":"ReadAction","target":["http:\/\/arwann.com\/?page_id=3131"]}]},{"@type":"BreadcrumbList","@id":"http:\/\/arwann.com\/?page_id=3131#breadcrumb","itemListElement":[{"@type":"ListItem","position":1,"name":"Home","item":"https:\/\/arwann.com\/"},{"@type":"ListItem","position":2,"name":"Le coin des Scouts","item":"http:\/\/arwann.com\/?page_id=29"},{"@type":"ListItem","position":3,"name":"Veill\u00e9es","item":"https:\/\/arwann.com\/?page_id=273"},{"@type":"ListItem","position":4,"name":"Chants","item":"http:\/\/arwann.com\/?page_id=276"},{"@type":"ListItem","position":5,"name":"Chants divers","item":"http:\/\/arwann.com\/?page_id=1015"},{"@type":"ListItem","position":6,"name":"Ketty version dr\u00f4le"}]},{"@type":"WebSite","@id":"http:\/\/arwann.com\/#website","url":"http:\/\/arwann.com\/","name":"Arwann.com","description":"","publisher":{"@id":"http:\/\/arwann.com\/#organization"},"potentialAction":[{"@type":"SearchAction","target":{"@type":"EntryPoint","urlTemplate":"http:\/\/arwann.com\/?s={search_term_string}"},"query-input":{"@type":"PropertyValueSpecification","valueRequired":true,"valueName":"search_term_string"}}],"inLanguage":"fr-FR"},{"@type":"Organization","@id":"http:\/\/arwann.com\/#organization","name":"Arwann","url":"http:\/\/arwann.com\/","logo":{"@type":"ImageObject","inLanguage":"fr-FR","@id":"http:\/\/arwann.com\/#\/schema\/logo\/image\/","url":"http:\/\/arwann.com\/wp-content\/uploads\/2014\/04\/cropped-bandeau-arwann-5.png","contentUrl":"http:\/\/arwann.com\/wp-content\/uploads\/2014\/04\/cropped-bandeau-arwann-5.png","width":1600,"height":230,"caption":"Arwann"},"image":{"@id":"http:\/\/arwann.com\/#\/schema\/logo\/image\/"}}]}},"_links":{"self":[{"href":"http:\/\/arwann.com\/index.php?rest_route=\/wp\/v2\/pages\/3131","targetHints":{"allow":["GET"]}}],"collection":[{"href":"http:\/\/arwann.com\/index.php?rest_route=\/wp\/v2\/pages"}],"about":[{"href":"http:\/\/arwann.com\/index.php?rest_route=\/wp\/v2\/types\/page"}],"author":[{"embeddable":true,"href":"http:\/\/arwann.com\/index.php?rest_route=\/wp\/v2\/users\/1"}],"replies":[{"embeddable":true,"href":"http:\/\/arwann.com\/index.php?rest_route=%2Fwp%2Fv2%2Fcomments&post=3131"}],"version-history":[{"count":5,"href":"http:\/\/arwann.com\/index.php?rest_route=\/wp\/v2\/pages\/3131\/revisions"}],"predecessor-version":[{"id":3172,"href":"http:\/\/arwann.com\/index.php?rest_route=\/wp\/v2\/pages\/3131\/revisions\/3172"}],"up":[{"embeddable":true,"href":"http:\/\/arwann.com\/index.php?rest_route=\/wp\/v2\/pages\/1015"}],"wp:attachment":[{"href":"http:\/\/arwann.com\/index.php?rest_route=%2Fwp%2Fv2%2Fmedia&parent=3131"}],"curies":[{"name":"wp","href":"https:\/\/api.w.org\/{rel}","templated":true}]}}