{"id":2769,"date":"2015-06-13T14:31:29","date_gmt":"2015-06-13T13:31:29","guid":{"rendered":"http:\/\/arwann.com\/?page_id=2769"},"modified":"2015-07-05T19:54:26","modified_gmt":"2015-07-05T18:54:26","slug":"les-tentes-amenagees","status":"publish","type":"page","link":"http:\/\/arwann.com\/?page_id=2769","title":{"rendered":"Les tentes am\u00e9nag\u00e9es"},"content":{"rendered":"<div class=\"ecxWordSection2\">\n<p class=\"ecxMsoNormal\">Par Lama<br \/>\n<a href=\"http:\/\/arwann.com\/?page_id=2771\"><u><span style=\"color: #0066cc;\"><span style=\"color: #ff0000;\">la tente sur plateforme (en hauteur<\/span>)<\/span><\/u><\/a><br \/>\n<span style=\"color: #008000;\"><a style=\"color: #008000;\" href=\"http:\/\/arwann.com\/?page_id=2773\"><u>La tente rehauss\u00e9e (de plain pied)<\/u><\/a><br \/>\n<a style=\"color: #008000;\" href=\"http:\/\/arwann.com\/?page_id=2825\">Plan de tente rehauss\u00e9e<\/a><br \/>\n<\/span><\/p>\n<p class=\"ecxMsoNormal\"><span style=\"font-family: 'Times','serif';\">La tente fait partie int\u00e9grante de l\u2019univers scout. Mais le scout n\u2019y a de place que pour\u00a0dormir la nuit. \u00c0 toute autre heure de la journ\u00e9e il y est ind\u00e9sirable. La raison en est bien simple, c\u2019est que dans une tente on ne peut pas se tenir debout et il ne faut pas y semer le d\u00e9sordre. On ne peut donc quasiment pas y tenir d\u2019activit\u00e9 utile \u00e0 part celle de dormir. C\u2019est ce que comprennent imm\u00e9diatement les novices qui trouvent \u00e0 l\u2019abri de la tente un refuge douillet pour \u00e9chapper \u00e0 la vue du CP et aux travaux de patrouille. Il se cr\u00e9e donc une chasse au tire-au-flanc et on le chercher sous la tente, c\u2019est l\u00e0 qu\u2019il bulle en position allong\u00e9e (on est tellement mieux) pendant que le reste de la patrouille s\u2019acharne \u00e0 travailler au-dehors par tous les temps. La tente devient alors insidieusement le symbole honni de la vie au camp et au lieu d\u2019exercer une action de rassemblement elle devient zone centrifuge. <\/span><\/p>\n<p class=\"ecxMsoNormal\"><span style=\"font-family: 'Times','serif';\">Cette situation est tout \u00e0 fait regrettable car il est dommage de se priver de l\u2019abri d\u2019une tente pour un bon nombre d\u2019activit\u00e9s. La tente comme un foyer doit rassembler la patrouille qui doit s\u2019y trouver bien. On peut tout \u00e0 fait \u00eatre bien sans pour cela avoir besoin d\u2019\u00eatre couch\u00e9. On peut \u00eatre bien \u00e0 l\u2019abri assis devant une table en train d\u2019\u00e9plucher les pommes de terre quand dehors il pleut \u00e0 verse. On peut \u00eatre bien \u00e0 l\u2019abri \u00e0 l\u2019ombre de la tente, assis devant une table en train de r\u00e9diger le compte rendu de l\u2019exploration de patrouille quand cogne un soleil de plomb \u00e0 l\u2019heure de la sieste.<\/span><\/p>\n<p class=\"ecxMsoNormal\"><span style=\"font-family: 'Times','serif';\">La tente implique deux id\u00e9es qui alternent avec le jour et la nuit : l\u2019abri, la protection et le point de ralliement pour la journ\u00e9e\u00a0; le repos r\u00e9parateur\u00a0 pour la nuit. Le repos (allong\u00e9) de la nuit ne doit pas empi\u00e9ter sur les activit\u00e9s de la journ\u00e9e et c\u2019est pourtant la tendance naturelle chez le novice. Tous les directeurs de conscience le pr\u00e9conisent, Pour lutter contre une mauvaise habitude il faut la remplacer par une bonne habitude. Il ne faut donc plus chasser le tire-au-flanc hors de la tente, il faut transformer la tente pour que tous puissent d\u00e9sormais y travailler.<\/span><\/p>\n<p class=\"ecxMsoNormal\"><a href=\"http:\/\/arwann.com\/wp-content\/uploads\/2015\/06\/tente-am\u00e9nag\u00e9e-1.png\"><img loading=\"lazy\" decoding=\"async\" class=\"aligncenter wp-image-2789 size-large\" src=\"http:\/\/arwann.com\/wp-content\/uploads\/2015\/06\/tente-am\u00e9nag\u00e9e-1-1024x468.png\" alt=\"tente am\u00e9nag\u00e9e 1\" width=\"604\" height=\"276\" srcset=\"http:\/\/arwann.com\/wp-content\/uploads\/2015\/06\/tente-am\u00e9nag\u00e9e-1-1024x468.png 1024w, http:\/\/arwann.com\/wp-content\/uploads\/2015\/06\/tente-am\u00e9nag\u00e9e-1-300x137.png 300w, http:\/\/arwann.com\/wp-content\/uploads\/2015\/06\/tente-am\u00e9nag\u00e9e-1.png 1248w\" sizes=\"auto, (max-width: 604px) 100vw, 604px\" \/><\/a>nous connaissons deux types d&rsquo;organisation,\u00a0dont les avantages et inconv\u00e9nients sont examin\u00e9s en d\u00e9tail\u00a0:<\/p>\n<p class=\"ecxMsoNormal\"><a href=\"http:\/\/arwann.com\/?page_id=2771\">la tente sur plateforme (en hauteur)<\/a><br \/>\n<span style=\"color: #008000;\"><a style=\"color: #008000;\" href=\"http:\/\/arwann.com\/?page_id=2773\">La tente rehauss\u00e9e (de plain pied)<\/a><br \/>\n<a style=\"color: #008000;\" href=\"http:\/\/arwann.com\/?page_id=2825\">Plan de tente rehauss\u00e9e<\/a><br \/>\n<\/span><\/p>\n<p class=\"ecxMsoNormal\">autre page <a href=\"http:\/\/arwann.com\/?page_id=1240\">constuire une table<\/a><br \/>\nautre page <a href=\"http:\/\/arwann.com\/?page_id=1293\">construire une cuisine<\/a><\/p>\n<\/div>\n","protected":false},"excerpt":{"rendered":"<p>Par Lama la tente sur plateforme (en hauteur) La tente rehauss\u00e9e (de plain pied) Plan de tente rehauss\u00e9e La tente fait partie int\u00e9grante de l\u2019univers scout. Mais le scout n\u2019y a de place que pour\u00a0dormir la nuit. \u00c0 toute autre heure de la journ\u00e9e il y est ind\u00e9sirable. La raison en est bien simple, c\u2019est &hellip; <a href=\"http:\/\/arwann.com\/?page_id=2769\" class=\"more-link\">Continuer la lecture de <span class=\"screen-reader-text\">Les tentes am\u00e9nag\u00e9es<\/span> <span class=\"meta-nav\">&rarr;<\/span><\/a><\/p>\n","protected":false},"author":1,"featured_media":0,"parent":121,"menu_order":0,"comment_status":"open","ping_status":"open","template":"","meta":{"footnotes":""},"class_list":["post-2769","page","type-page","status-publish","hentry"],"yoast_head":"<!-- This site is optimized with the Yoast SEO plugin v27.2 - https:\/\/yoast.com\/product\/yoast-seo-wordpress\/ -->\n<title>Les tentes am\u00e9nag\u00e9es -<\/title>\n<meta name=\"robots\" content=\"index, follow, max-snippet:-1, max-image-preview:large, max-video-preview:-1\" \/>\n<link rel=\"canonical\" href=\"http:\/\/arwann.com\/?page_id=2769\" \/>\n<meta property=\"og:locale\" content=\"fr_FR\" \/>\n<meta property=\"og:type\" content=\"article\" \/>\n<meta property=\"og:title\" content=\"Les tentes am\u00e9nag\u00e9es -\" \/>\n<meta property=\"og:description\" content=\"Par Lama la tente sur plateforme (en hauteur) La tente rehauss\u00e9e (de plain pied) Plan de tente rehauss\u00e9e La tente fait partie int\u00e9grante de l\u2019univers scout. Mais le scout n\u2019y a de place que pour\u00a0dormir la nuit. \u00c0 toute autre heure de la journ\u00e9e il y est ind\u00e9sirable. La raison en est bien simple, c\u2019est &hellip; Continuer la lecture de Les tentes am\u00e9nag\u00e9es &rarr;\" \/>\n<meta property=\"og:url\" content=\"http:\/\/arwann.com\/?page_id=2769\" \/>\n<meta property=\"article:modified_time\" content=\"2015-07-05T18:54:26+00:00\" \/>\n<meta name=\"twitter:label1\" content=\"Dur\u00e9e de lecture estim\u00e9e\" \/>\n\t<meta name=\"twitter:data1\" content=\"2 minutes\" \/>\n<script type=\"application\/ld+json\" class=\"yoast-schema-graph\">{\"@context\":\"https:\/\/schema.org\",\"@graph\":[{\"@type\":\"WebPage\",\"@id\":\"http:\/\/arwann.com\/?page_id=2769\",\"url\":\"http:\/\/arwann.com\/?page_id=2769\",\"name\":\"Les tentes am\u00e9nag\u00e9es -\",\"isPartOf\":{\"@id\":\"http:\/\/arwann.com\/#website\"},\"datePublished\":\"2015-06-13T13:31:29+00:00\",\"dateModified\":\"2015-07-05T18:54:26+00:00\",\"breadcrumb\":{\"@id\":\"http:\/\/arwann.com\/?page_id=2769#breadcrumb\"},\"inLanguage\":\"fr-FR\",\"potentialAction\":[{\"@type\":\"ReadAction\",\"target\":[\"http:\/\/arwann.com\/?page_id=2769\"]}]},{\"@type\":\"BreadcrumbList\",\"@id\":\"http:\/\/arwann.com\/?page_id=2769#breadcrumb\",\"itemListElement\":[{\"@type\":\"ListItem\",\"position\":1,\"name\":\"Home\",\"item\":\"https:\/\/arwann.com\/\"},{\"@type\":\"ListItem\",\"position\":2,\"name\":\"Le coin des Scouts\",\"item\":\"http:\/\/arwann.com\/?page_id=29\"},{\"@type\":\"ListItem\",\"position\":3,\"name\":\"Forestage et installations\",\"item\":\"http:\/\/arwann.com\/?page_id=121\"},{\"@type\":\"ListItem\",\"position\":4,\"name\":\"Les tentes am\u00e9nag\u00e9es\"}]},{\"@type\":\"WebSite\",\"@id\":\"http:\/\/arwann.com\/#website\",\"url\":\"http:\/\/arwann.com\/\",\"name\":\"Arwann.com\",\"description\":\"\",\"publisher\":{\"@id\":\"http:\/\/arwann.com\/#organization\"},\"potentialAction\":[{\"@type\":\"SearchAction\",\"target\":{\"@type\":\"EntryPoint\",\"urlTemplate\":\"http:\/\/arwann.com\/?s={search_term_string}\"},\"query-input\":{\"@type\":\"PropertyValueSpecification\",\"valueRequired\":true,\"valueName\":\"search_term_string\"}}],\"inLanguage\":\"fr-FR\"},{\"@type\":\"Organization\",\"@id\":\"http:\/\/arwann.com\/#organization\",\"name\":\"Arwann\",\"url\":\"http:\/\/arwann.com\/\",\"logo\":{\"@type\":\"ImageObject\",\"inLanguage\":\"fr-FR\",\"@id\":\"http:\/\/arwann.com\/#\/schema\/logo\/image\/\",\"url\":\"http:\/\/arwann.com\/wp-content\/uploads\/2014\/04\/cropped-bandeau-arwann-5.png\",\"contentUrl\":\"http:\/\/arwann.com\/wp-content\/uploads\/2014\/04\/cropped-bandeau-arwann-5.png\",\"width\":1600,\"height\":230,\"caption\":\"Arwann\"},\"image\":{\"@id\":\"http:\/\/arwann.com\/#\/schema\/logo\/image\/\"}}]}<\/script>\n<!-- \/ Yoast SEO plugin. -->","yoast_head_json":{"title":"Les tentes am\u00e9nag\u00e9es -","robots":{"index":"index","follow":"follow","max-snippet":"max-snippet:-1","max-image-preview":"max-image-preview:large","max-video-preview":"max-video-preview:-1"},"canonical":"http:\/\/arwann.com\/?page_id=2769","og_locale":"fr_FR","og_type":"article","og_title":"Les tentes am\u00e9nag\u00e9es -","og_description":"Par Lama la tente sur plateforme (en hauteur) La tente rehauss\u00e9e (de plain pied) Plan de tente rehauss\u00e9e La tente fait partie int\u00e9grante de l\u2019univers scout. Mais le scout n\u2019y a de place que pour\u00a0dormir la nuit. \u00c0 toute autre heure de la journ\u00e9e il y est ind\u00e9sirable. La raison en est bien simple, c\u2019est &hellip; Continuer la lecture de Les tentes am\u00e9nag\u00e9es &rarr;","og_url":"http:\/\/arwann.com\/?page_id=2769","article_modified_time":"2015-07-05T18:54:26+00:00","twitter_misc":{"Dur\u00e9e de lecture estim\u00e9e":"2 minutes"},"schema":{"@context":"https:\/\/schema.org","@graph":[{"@type":"WebPage","@id":"http:\/\/arwann.com\/?page_id=2769","url":"http:\/\/arwann.com\/?page_id=2769","name":"Les tentes am\u00e9nag\u00e9es -","isPartOf":{"@id":"http:\/\/arwann.com\/#website"},"datePublished":"2015-06-13T13:31:29+00:00","dateModified":"2015-07-05T18:54:26+00:00","breadcrumb":{"@id":"http:\/\/arwann.com\/?page_id=2769#breadcrumb"},"inLanguage":"fr-FR","potentialAction":[{"@type":"ReadAction","target":["http:\/\/arwann.com\/?page_id=2769"]}]},{"@type":"BreadcrumbList","@id":"http:\/\/arwann.com\/?page_id=2769#breadcrumb","itemListElement":[{"@type":"ListItem","position":1,"name":"Home","item":"https:\/\/arwann.com\/"},{"@type":"ListItem","position":2,"name":"Le coin des Scouts","item":"http:\/\/arwann.com\/?page_id=29"},{"@type":"ListItem","position":3,"name":"Forestage et installations","item":"http:\/\/arwann.com\/?page_id=121"},{"@type":"ListItem","position":4,"name":"Les tentes am\u00e9nag\u00e9es"}]},{"@type":"WebSite","@id":"http:\/\/arwann.com\/#website","url":"http:\/\/arwann.com\/","name":"Arwann.com","description":"","publisher":{"@id":"http:\/\/arwann.com\/#organization"},"potentialAction":[{"@type":"SearchAction","target":{"@type":"EntryPoint","urlTemplate":"http:\/\/arwann.com\/?s={search_term_string}"},"query-input":{"@type":"PropertyValueSpecification","valueRequired":true,"valueName":"search_term_string"}}],"inLanguage":"fr-FR"},{"@type":"Organization","@id":"http:\/\/arwann.com\/#organization","name":"Arwann","url":"http:\/\/arwann.com\/","logo":{"@type":"ImageObject","inLanguage":"fr-FR","@id":"http:\/\/arwann.com\/#\/schema\/logo\/image\/","url":"http:\/\/arwann.com\/wp-content\/uploads\/2014\/04\/cropped-bandeau-arwann-5.png","contentUrl":"http:\/\/arwann.com\/wp-content\/uploads\/2014\/04\/cropped-bandeau-arwann-5.png","width":1600,"height":230,"caption":"Arwann"},"image":{"@id":"http:\/\/arwann.com\/#\/schema\/logo\/image\/"}}]}},"_links":{"self":[{"href":"http:\/\/arwann.com\/index.php?rest_route=\/wp\/v2\/pages\/2769","targetHints":{"allow":["GET"]}}],"collection":[{"href":"http:\/\/arwann.com\/index.php?rest_route=\/wp\/v2\/pages"}],"about":[{"href":"http:\/\/arwann.com\/index.php?rest_route=\/wp\/v2\/types\/page"}],"author":[{"embeddable":true,"href":"http:\/\/arwann.com\/index.php?rest_route=\/wp\/v2\/users\/1"}],"replies":[{"embeddable":true,"href":"http:\/\/arwann.com\/index.php?rest_route=%2Fwp%2Fv2%2Fcomments&post=2769"}],"version-history":[{"count":12,"href":"http:\/\/arwann.com\/index.php?rest_route=\/wp\/v2\/pages\/2769\/revisions"}],"predecessor-version":[{"id":2841,"href":"http:\/\/arwann.com\/index.php?rest_route=\/wp\/v2\/pages\/2769\/revisions\/2841"}],"up":[{"embeddable":true,"href":"http:\/\/arwann.com\/index.php?rest_route=\/wp\/v2\/pages\/121"}],"wp:attachment":[{"href":"http:\/\/arwann.com\/index.php?rest_route=%2Fwp%2Fv2%2Fmedia&parent=2769"}],"curies":[{"name":"wp","href":"https:\/\/api.w.org\/{rel}","templated":true}]}}