{"id":276,"date":"2014-04-02T16:03:52","date_gmt":"2014-04-02T15:03:52","guid":{"rendered":"http:\/\/arwann.com\/?page_id=276"},"modified":"2015-05-08T11:11:39","modified_gmt":"2015-05-08T10:11:39","slug":"chants","status":"publish","type":"page","link":"http:\/\/arwann.com\/?page_id=276","title":{"rendered":"Chants"},"content":{"rendered":"<p><a href=\"http:\/\/arwann.com\/wp-content\/uploads\/2014\/04\/bouton-scout.png\"><img loading=\"lazy\" decoding=\"async\" class=\"alignright wp-image-892\" src=\"http:\/\/arwann.com\/wp-content\/uploads\/2014\/04\/bouton-scout.png\" alt=\"bouton scout\" width=\"200\" height=\"200\" srcset=\"http:\/\/arwann.com\/wp-content\/uploads\/2014\/04\/bouton-scout.png 400w, http:\/\/arwann.com\/wp-content\/uploads\/2014\/04\/bouton-scout-200x200.png 200w, http:\/\/arwann.com\/wp-content\/uploads\/2014\/04\/bouton-scout-100x100.png 100w, http:\/\/arwann.com\/wp-content\/uploads\/2014\/04\/bouton-scout-300x300.png 300w, http:\/\/arwann.com\/wp-content\/uploads\/2014\/04\/bouton-scout-150x150.png 150w\" sizes=\"auto, (max-width: 200px) 100vw, 200px\" \/><\/a>Notre but est de te faire d\u00e9couvrir ou red\u00e9couvrir toutes sortes de chants. Nous n&rsquo;avons pas la pr\u00e9tention de mettre ici tous les chants; mais uniquement ceux qui sont moins connus, oubli\u00e9s&#8230;<br \/>\nSi tu veux nous aider, envoie nous le texte d&rsquo;un chant ainsi que son enregistrement (1 couplet-1 refrain) pour que tout le monde puisse l&rsquo;apprendre.<\/p>\n<p><a title=\"Chants religieux\" href=\"http:\/\/arwann.com\/?page_id=421\">Chants religieux<\/a><br \/>\n<a title=\"Chants souts\" href=\"http:\/\/arwann.com\/?page_id=445\">Chants scouts<\/a><br \/>\nChants militaires<br \/>\nChants vend\u00e9ens<br \/>\n<a title=\"Chants de traditions et de r\u00e9gions\" href=\"http:\/\/arwann.com\/?page_id=359\">Chants de traditions et de r\u00e9gions<\/a><br \/>\n<a title=\"Chants marins\" href=\"http:\/\/arwann.com\/?page_id=502\">Chants marins<\/a><br \/>\nChansons \u00e0 boire<br \/>\n<a title=\"Chants divers\" href=\"http:\/\/arwann.com\/?page_id=1015\">Chants divers<\/a><br \/>\n<a title=\"Canons\" href=\"http:\/\/arwann.com\/?page_id=996\">Canons<\/a><\/p>\n","protected":false},"excerpt":{"rendered":"<p>Notre but est de te faire d\u00e9couvrir ou red\u00e9couvrir toutes sortes de chants. Nous n&rsquo;avons pas la pr\u00e9tention de mettre ici tous les chants; mais uniquement ceux qui sont moins connus, oubli\u00e9s&#8230; Si tu veux nous aider, envoie nous le texte d&rsquo;un chant ainsi que son enregistrement (1 couplet-1 refrain) pour que tout le monde &hellip; <a href=\"http:\/\/arwann.com\/?page_id=276\" class=\"more-link\">Continuer la lecture de <span class=\"screen-reader-text\">Chants<\/span> <span class=\"meta-nav\">&rarr;<\/span><\/a><\/p>\n","protected":false},"author":1,"featured_media":0,"parent":273,"menu_order":0,"comment_status":"closed","ping_status":"closed","template":"","meta":{"footnotes":""},"class_list":["post-276","page","type-page","status-publish","hentry"],"yoast_head":"<!-- This site is optimized with the Yoast SEO plugin v27.2 - https:\/\/yoast.com\/product\/yoast-seo-wordpress\/ -->\n<title>Chants -<\/title>\n<meta name=\"robots\" content=\"index, follow, max-snippet:-1, max-image-preview:large, max-video-preview:-1\" \/>\n<link rel=\"canonical\" href=\"http:\/\/arwann.com\/?page_id=276\" \/>\n<meta property=\"og:locale\" content=\"fr_FR\" \/>\n<meta property=\"og:type\" content=\"article\" \/>\n<meta property=\"og:title\" content=\"Chants -\" \/>\n<meta property=\"og:description\" content=\"Notre but est de te faire d\u00e9couvrir ou red\u00e9couvrir toutes sortes de chants. Nous n&rsquo;avons pas la pr\u00e9tention de mettre ici tous les chants; mais uniquement ceux qui sont moins connus, oubli\u00e9s&#8230; Si tu veux nous aider, envoie nous le texte d&rsquo;un chant ainsi que son enregistrement (1 couplet-1 refrain) pour que tout le monde &hellip; Continuer la lecture de Chants &rarr;\" \/>\n<meta property=\"og:url\" content=\"http:\/\/arwann.com\/?page_id=276\" \/>\n<meta property=\"article:modified_time\" content=\"2015-05-08T10:11:39+00:00\" \/>\n<meta property=\"og:image\" content=\"http:\/\/arwann.com\/wp-content\/uploads\/2014\/04\/bouton-scout.png\" \/>\n<script type=\"application\/ld+json\" class=\"yoast-schema-graph\">{\"@context\":\"https:\/\/schema.org\",\"@graph\":[{\"@type\":\"WebPage\",\"@id\":\"http:\/\/arwann.com\/?page_id=276\",\"url\":\"http:\/\/arwann.com\/?page_id=276\",\"name\":\"Chants -\",\"isPartOf\":{\"@id\":\"http:\/\/arwann.com\/#website\"},\"primaryImageOfPage\":{\"@id\":\"http:\/\/arwann.com\/?page_id=276#primaryimage\"},\"image\":{\"@id\":\"http:\/\/arwann.com\/?page_id=276#primaryimage\"},\"thumbnailUrl\":\"http:\/\/arwann.com\/wp-content\/uploads\/2014\/04\/bouton-scout.png\",\"datePublished\":\"2014-04-02T15:03:52+00:00\",\"dateModified\":\"2015-05-08T10:11:39+00:00\",\"breadcrumb\":{\"@id\":\"http:\/\/arwann.com\/?page_id=276#breadcrumb\"},\"inLanguage\":\"fr-FR\",\"potentialAction\":[{\"@type\":\"ReadAction\",\"target\":[\"http:\/\/arwann.com\/?page_id=276\"]}]},{\"@type\":\"ImageObject\",\"inLanguage\":\"fr-FR\",\"@id\":\"http:\/\/arwann.com\/?page_id=276#primaryimage\",\"url\":\"http:\/\/arwann.com\/wp-content\/uploads\/2014\/04\/bouton-scout.png\",\"contentUrl\":\"http:\/\/arwann.com\/wp-content\/uploads\/2014\/04\/bouton-scout.png\",\"width\":400,\"height\":400},{\"@type\":\"BreadcrumbList\",\"@id\":\"http:\/\/arwann.com\/?page_id=276#breadcrumb\",\"itemListElement\":[{\"@type\":\"ListItem\",\"position\":1,\"name\":\"Home\",\"item\":\"https:\/\/arwann.com\/\"},{\"@type\":\"ListItem\",\"position\":2,\"name\":\"Le coin des Scouts\",\"item\":\"http:\/\/arwann.com\/?page_id=29\"},{\"@type\":\"ListItem\",\"position\":3,\"name\":\"Veill\u00e9es\",\"item\":\"http:\/\/arwann.com\/?page_id=273\"},{\"@type\":\"ListItem\",\"position\":4,\"name\":\"Chants\"}]},{\"@type\":\"WebSite\",\"@id\":\"http:\/\/arwann.com\/#website\",\"url\":\"http:\/\/arwann.com\/\",\"name\":\"Arwann.com\",\"description\":\"\",\"publisher\":{\"@id\":\"http:\/\/arwann.com\/#organization\"},\"potentialAction\":[{\"@type\":\"SearchAction\",\"target\":{\"@type\":\"EntryPoint\",\"urlTemplate\":\"http:\/\/arwann.com\/?s={search_term_string}\"},\"query-input\":{\"@type\":\"PropertyValueSpecification\",\"valueRequired\":true,\"valueName\":\"search_term_string\"}}],\"inLanguage\":\"fr-FR\"},{\"@type\":\"Organization\",\"@id\":\"http:\/\/arwann.com\/#organization\",\"name\":\"Arwann\",\"url\":\"http:\/\/arwann.com\/\",\"logo\":{\"@type\":\"ImageObject\",\"inLanguage\":\"fr-FR\",\"@id\":\"http:\/\/arwann.com\/#\/schema\/logo\/image\/\",\"url\":\"http:\/\/arwann.com\/wp-content\/uploads\/2014\/04\/cropped-bandeau-arwann-5.png\",\"contentUrl\":\"http:\/\/arwann.com\/wp-content\/uploads\/2014\/04\/cropped-bandeau-arwann-5.png\",\"width\":1600,\"height\":230,\"caption\":\"Arwann\"},\"image\":{\"@id\":\"http:\/\/arwann.com\/#\/schema\/logo\/image\/\"}}]}<\/script>\n<!-- \/ Yoast SEO plugin. -->","yoast_head_json":{"title":"Chants -","robots":{"index":"index","follow":"follow","max-snippet":"max-snippet:-1","max-image-preview":"max-image-preview:large","max-video-preview":"max-video-preview:-1"},"canonical":"http:\/\/arwann.com\/?page_id=276","og_locale":"fr_FR","og_type":"article","og_title":"Chants -","og_description":"Notre but est de te faire d\u00e9couvrir ou red\u00e9couvrir toutes sortes de chants. Nous n&rsquo;avons pas la pr\u00e9tention de mettre ici tous les chants; mais uniquement ceux qui sont moins connus, oubli\u00e9s&#8230; Si tu veux nous aider, envoie nous le texte d&rsquo;un chant ainsi que son enregistrement (1 couplet-1 refrain) pour que tout le monde &hellip; Continuer la lecture de Chants &rarr;","og_url":"http:\/\/arwann.com\/?page_id=276","article_modified_time":"2015-05-08T10:11:39+00:00","og_image":[{"url":"http:\/\/arwann.com\/wp-content\/uploads\/2014\/04\/bouton-scout.png","type":"","width":"","height":""}],"schema":{"@context":"https:\/\/schema.org","@graph":[{"@type":"WebPage","@id":"http:\/\/arwann.com\/?page_id=276","url":"http:\/\/arwann.com\/?page_id=276","name":"Chants -","isPartOf":{"@id":"http:\/\/arwann.com\/#website"},"primaryImageOfPage":{"@id":"http:\/\/arwann.com\/?page_id=276#primaryimage"},"image":{"@id":"http:\/\/arwann.com\/?page_id=276#primaryimage"},"thumbnailUrl":"http:\/\/arwann.com\/wp-content\/uploads\/2014\/04\/bouton-scout.png","datePublished":"2014-04-02T15:03:52+00:00","dateModified":"2015-05-08T10:11:39+00:00","breadcrumb":{"@id":"http:\/\/arwann.com\/?page_id=276#breadcrumb"},"inLanguage":"fr-FR","potentialAction":[{"@type":"ReadAction","target":["http:\/\/arwann.com\/?page_id=276"]}]},{"@type":"ImageObject","inLanguage":"fr-FR","@id":"http:\/\/arwann.com\/?page_id=276#primaryimage","url":"http:\/\/arwann.com\/wp-content\/uploads\/2014\/04\/bouton-scout.png","contentUrl":"http:\/\/arwann.com\/wp-content\/uploads\/2014\/04\/bouton-scout.png","width":400,"height":400},{"@type":"BreadcrumbList","@id":"http:\/\/arwann.com\/?page_id=276#breadcrumb","itemListElement":[{"@type":"ListItem","position":1,"name":"Home","item":"https:\/\/arwann.com\/"},{"@type":"ListItem","position":2,"name":"Le coin des Scouts","item":"http:\/\/arwann.com\/?page_id=29"},{"@type":"ListItem","position":3,"name":"Veill\u00e9es","item":"http:\/\/arwann.com\/?page_id=273"},{"@type":"ListItem","position":4,"name":"Chants"}]},{"@type":"WebSite","@id":"http:\/\/arwann.com\/#website","url":"http:\/\/arwann.com\/","name":"Arwann.com","description":"","publisher":{"@id":"http:\/\/arwann.com\/#organization"},"potentialAction":[{"@type":"SearchAction","target":{"@type":"EntryPoint","urlTemplate":"http:\/\/arwann.com\/?s={search_term_string}"},"query-input":{"@type":"PropertyValueSpecification","valueRequired":true,"valueName":"search_term_string"}}],"inLanguage":"fr-FR"},{"@type":"Organization","@id":"http:\/\/arwann.com\/#organization","name":"Arwann","url":"http:\/\/arwann.com\/","logo":{"@type":"ImageObject","inLanguage":"fr-FR","@id":"http:\/\/arwann.com\/#\/schema\/logo\/image\/","url":"http:\/\/arwann.com\/wp-content\/uploads\/2014\/04\/cropped-bandeau-arwann-5.png","contentUrl":"http:\/\/arwann.com\/wp-content\/uploads\/2014\/04\/cropped-bandeau-arwann-5.png","width":1600,"height":230,"caption":"Arwann"},"image":{"@id":"http:\/\/arwann.com\/#\/schema\/logo\/image\/"}}]}},"_links":{"self":[{"href":"http:\/\/arwann.com\/index.php?rest_route=\/wp\/v2\/pages\/276","targetHints":{"allow":["GET"]}}],"collection":[{"href":"http:\/\/arwann.com\/index.php?rest_route=\/wp\/v2\/pages"}],"about":[{"href":"http:\/\/arwann.com\/index.php?rest_route=\/wp\/v2\/types\/page"}],"author":[{"embeddable":true,"href":"http:\/\/arwann.com\/index.php?rest_route=\/wp\/v2\/users\/1"}],"replies":[{"embeddable":true,"href":"http:\/\/arwann.com\/index.php?rest_route=%2Fwp%2Fv2%2Fcomments&post=276"}],"version-history":[{"count":16,"href":"http:\/\/arwann.com\/index.php?rest_route=\/wp\/v2\/pages\/276\/revisions"}],"predecessor-version":[{"id":2739,"href":"http:\/\/arwann.com\/index.php?rest_route=\/wp\/v2\/pages\/276\/revisions\/2739"}],"up":[{"embeddable":true,"href":"http:\/\/arwann.com\/index.php?rest_route=\/wp\/v2\/pages\/273"}],"wp:attachment":[{"href":"http:\/\/arwann.com\/index.php?rest_route=%2Fwp%2Fv2%2Fmedia&parent=276"}],"curies":[{"name":"wp","href":"https:\/\/api.w.org\/{rel}","templated":true}]}}