{"id":2658,"date":"2015-04-29T18:25:04","date_gmt":"2015-04-29T17:25:04","guid":{"rendered":"http:\/\/arwann.com\/?page_id=2658"},"modified":"2020-03-30T16:34:21","modified_gmt":"2020-03-30T15:34:21","slug":"la-ba-point-cle-du-scoutisme","status":"publish","type":"page","link":"http:\/\/arwann.com\/?page_id=2658","title":{"rendered":"La BA, point cl\u00e9 du scoutisme"},"content":{"rendered":"<p class=\"ecxMsoNormal\" style=\"text-align: justify;\"><a href=\"http:\/\/arwann.com\/wp-content\/uploads\/2014\/04\/baden_powell_portrait-Copie.png\"><img loading=\"lazy\" decoding=\"async\" class=\"alignright wp-image-601\" src=\"http:\/\/arwann.com\/wp-content\/uploads\/2014\/04\/baden_powell_portrait-Copie.png\" alt=\"baden_powell_portrait - Copie\" width=\"200\" height=\"200\" srcset=\"http:\/\/arwann.com\/wp-content\/uploads\/2014\/04\/baden_powell_portrait-Copie.png 400w, http:\/\/arwann.com\/wp-content\/uploads\/2014\/04\/baden_powell_portrait-Copie-200x200.png 200w, http:\/\/arwann.com\/wp-content\/uploads\/2014\/04\/baden_powell_portrait-Copie-100x100.png 100w, http:\/\/arwann.com\/wp-content\/uploads\/2014\/04\/baden_powell_portrait-Copie-300x300.png 300w, http:\/\/arwann.com\/wp-content\/uploads\/2014\/04\/baden_powell_portrait-Copie-150x150.png 150w\" sizes=\"auto, (max-width: 200px) 100vw, 200px\" \/><\/a><a name=\"Haut\"><\/a>Par Lama.<\/p>\n<p class=\"ecxMsoNormal\" style=\"text-align: justify;\">\u00a0<span style=\"font-family: 'Times New Roman','serif'; font-size: 12pt;\">&#8211;<span style=\"font: 7pt\/normal 'Times New Roman'; font-size-adjust: none; font-stretch: normal;\">\u00a0\u00a0\u00a0\u00a0\u00a0\u00a0\u00a0\u00a0\u00a0\u00a0\u00a0\u00a0\u00a0\u00a0\u00a0\u00a0\u00a0 <\/span><\/span><i>Quelle est la premi\u00e8re obligation du scout<\/i>\u00a0\u00bb demande le chef au futur promettant.<br \/>\n<span style=\"font-family: 'Times New Roman','serif'; font-size: 12pt;\">&#8211;<span style=\"font: 7pt\/normal 'Times New Roman'; font-size-adjust: none; font-stretch: normal;\">\u00a0\u00a0\u00a0\u00a0\u00a0\u00a0\u00a0\u00a0\u00a0\u00a0\u00a0\u00a0\u00a0\u00a0\u00a0\u00a0\u00a0 <\/span><\/span><i>La bonne action quotidienne<\/i>\u00a0\u00bb r\u00e9pond ce dernier.<\/p>\n<p class=\"ecxMsoNormal\" style=\"text-align: justify;\">Combien de scouts respectent-ils cette obligation qu\u2019ils se sont librement impos\u00e9e lorsqu\u2019il ont promis ? Et qui comprend vraiment ce que signifie la BA et quel est son r\u00f4le\u00a0? C\u2019est pr\u00e9cis\u00e9ment le but de cette page\u00a0: de mettre en lumi\u00e8re le r\u00f4le cl\u00e9 de la BA : la d\u00e9finir et comprendre son action.<b><span style=\"font-family: 'Verdana','sans-serif'; font-size: 12pt;\">\u00a0<\/span><\/b><\/p>\n<p style=\"text-align: justify;\"><strong><span style=\"color: #3366ff;\"><span style=\"font-family: 'Verdana','sans-serif'; font-size: 12pt;\">Ce qu\u2019est la BA<\/span><\/span><\/strong><\/p>\n<p class=\"ecxMsoNormal\" style=\"text-align: justify;\"><strong>BA<\/strong>, <strong>B<\/strong>onne <strong>A<\/strong>ction est une mauvaise traduction de l\u2019anglais et donc de la pens\u00e9e de Baden Powel. Bonne Action pr\u00e9tend traduire Good Will en anglais. Une traduction plus fid\u00e8le serait \u00ab\u00a0bon tour\u00a0\u00bb. En r\u00e9alit\u00e9, le but de la BA est de r\u00e9aliser une bonne action sans se faire rep\u00e9rer, surtout pas de celui qui en est le b\u00e9n\u00e9ficiaire. C\u2019est un acte gratuit altruiste sans r\u00e9compense terrestre. La BA n\u2019est pas de bien faire ce que le CP nous a demand\u00e9, \u00e7a c\u2019est le \u00ab\u00a0boulot\u00a0normal\u00a0\u00bb. La BA c\u2019est le truc en plus gratuit et sans r\u00e9compense. Un exemple\u00a0? Le novice auquel le CP a demand\u00e9 une corv\u00e9e de bois a rapport\u00e9 quatre malheureuses branches. Le troisi\u00e8me voit \u00e7a, il sent que le nono va se faire souffler dans les bronche et, subrepticement, il compl\u00e8te la corv\u00e9e de bois.\u00a0 Si bien que le CP f\u00e9licite le novice.<\/p>\n<p class=\"ecxMsoNormal\" style=\"text-align: justify;\">Les BA ne se complexifient pas du tout lorsque le scout grandit et devient adulte, au contraire. L\u2019habitude aidant, les occasions se multiplient. Par exemple ce chef de service, dans les toilettes, ramasse-t-il les d\u00e9chets d\u2019essuie mains en papier que les autres ont n\u00e9gligemment laiss\u00e9s tomber \u00e0 terre. Ou alors sur le parking il nettoie la crotte d\u2019oiseau tomb\u00e9e sur la voiture d\u2019\u00e0 c\u00f4t\u00e9.<\/p>\n<p class=\"ecxMsoNormal\" style=\"text-align: justify;\">Une <span style=\"color: #0000ff;\"><strong>BA =<\/strong><\/span> dans le secret et rien que pour les yeux du Bon Dieu <strong><span style=\"color: #0000ff;\">+<\/span><\/strong> un petit rien qui b\u00e9n\u00e9ficie \u00e0 un autre <span style=\"color: #0000ff;\"><strong>+<\/strong><\/span> et ceci TOUS les jours.<br \/>\nLes occasions de BA sont innombrables.<\/p>\n<p class=\"ecxMsoNormal\" style=\"text-align: justify;\">Mais attention les contrefa\u00e7ons sont faciles et nombreuses.<br \/>\nLa BA ne consiste pas \u00e0 faire son devoir, \u00e7a c&rsquo;est normal.<br \/>\nLa BA doit rest\u00e9e ignor\u00e9e, ou au moins on laisse ignorer ce qu&rsquo;elle a co\u00fbt\u00e9<br \/>\nLa BA ne doit pas nous servir directement \u00e0 nous-m\u00eame.<br \/>\nOn peut faire plusieurs BA par jour mais pas possible de faire du stock pour les mauvais jours.<br \/>\nOn peut r\u00e9p\u00e9ter inlassablement une m\u00eame BA tant qu&rsquo;elle reste ignor\u00e9e et qu&rsquo;elle nous demande toujours un effort.<\/p>\n<p class=\"ecxMsoNormal\" style=\"text-align: justify;\">\n<h2 class=\"ecxMsoNormal\" style=\"text-align: justify;\"><span style=\"color: #3366ff;\"><b><span style=\"font-family: 'Verdana','sans-serif'; font-size: 12pt;\">Pourquoi la BA\u00a0?<\/span><\/b><\/span><\/h2>\n<p class=\"ecxMsoNormal\" style=\"text-align: justify;\">Une question vient alors imm\u00e9diatement \u00e0 la bouche\u00a0: \u00e0 quoi donc peut servir cette BA, quel rapport avec la promesse\u00a0?<br \/>\nIl a exactement deux raisons \u00e0 la BA ainsi con\u00e7ue.<\/p>\n<h2 class=\"ecxMsoNormal\" style=\"text-align: justify;\"><strong><span style=\"color: #3366ff;\"><span style=\"font-family: 'Verdana','sans-serif'; font-size: 12pt;\">Premier but de la BA : <\/span><\/span><\/strong><span style=\"color: #3366ff;\"><span style=\"font-family: 'Verdana','sans-serif'; font-size: 12pt;\">Entra\u00eenement \u00e0 Vivre la loi scoute<\/span><\/span><\/h2>\n<p class=\"ecxMsoNormal\" style=\"text-align: justify;\">Un grand filet est fait d\u2019une multitude de petits n\u0153uds. Autrement dit, un grand et bel engagement comme la promesse est compos\u00e9 en r\u00e9alit\u00e9 par une multitude de petites actions \u00ab\u00a0dans le bon sens\u00a0\u00bb. S\u2019engager \u00e0 respecter la loi scoute est assez difficile. Il faut se mettre au travail imm\u00e9diatement, c\u2019est \u00e0 dire qu\u2019il faut commencer l\u2019entra\u00eenement quotidien car, pour respecter de grandes choses, il faut \u00eatre capable d\u2019en respecter de petites. Et comme les BA sont de petites choses elles sont faciles et il est possible d\u2019en faire souvent. La BA c\u2019est une par jour. La BA c\u2019est l\u2019un des articles de la loi au hasard, volontairement appliqu\u00e9, au hasard de la journ\u00e9e et au hasard des situations qui se pr\u00e9sentent. En respectant la BA quotidienne on est sur la bonne voie pour vivre r\u00e9ellement la loi scoute. Si on ne respecte pas l\u2019obligation de la BA, si tous les jours en n\u2019entretient pas son id\u00e9al, le bel engagement de la promesse risque de s\u2019\u00e9roder, de s\u2019effriter puis de s\u2019affaisser. Il ne faut pas que l\u2019engagement de la promesse ne dure que le temps de l\u2019\u00e9motion qu\u2019elle procure.<\/p>\n<h2 class=\"ecxMsoNormal\" style=\"text-align: justify;\"><span style=\"color: #3366ff;\"><b><span style=\"font-family: 'Verdana','sans-serif'; font-size: 12pt;\">Deuxi\u00e8me but de la BA : La bienveillance pour s<\/span><\/b><b><span style=\"font-family: 'Verdana','sans-serif'; font-size: 12pt;\">\u2019ouvrir \u00e0 la gr\u00e2ce<\/span><\/b><\/span><\/h2>\n<p class=\"ecxMsoNormal\" style=\"text-align: justify;\">Prendre l\u2019habitude d\u2019un <u>bon tour<\/u> quotidien c\u2019est se contraindre \u00e0 la bienveillance. La bienveillance ainsi acquise et r\u00e9guli\u00e8rement entretenue est comparable au rodage n\u00e9cessaire pour les pi\u00e8ces m\u00e9caniques. Celles-ci ont \u00e9t\u00e9 correctement usin\u00e9es mais il faut ce doux frottement qui va produire une adaptation parfaite d\u2019une pi\u00e8ce vers l\u2019autre. Sans ce rodage les pi\u00e8ces peuvent gripper et la machine va coincer\u2026 La soci\u00e9t\u00e9 coince car il n\u2019y a plus de bienveillance\u00a0: on jette ses papiers de bonbon par terre, on d\u00e9nigre son chef qui nous a fait une petite remontrance, on insulte le conducteur qui nous ralentit sur la route, on fait un proc\u00e8s \u00e0 son voisin pour des peccadilles. Pour \u00ab\u00a0g\u00e9rer\u00a0\u00bb toutes ces m\u00e9chancet\u00e9s, il faut des lois, des r\u00e8glements, des m\u00e9diateurs, des juges, des gendarmes des avocats, des tribunaux, des amendes, des prisons\u2026 et on s&rsquo;aper\u00e7oit que tout ceci n&rsquo;est pas n\u00e9cessaire au camp scout.<\/p>\n<p class=\"ecxMsoNormal\" style=\"text-align: justify;\">La BA nous incite \u00e0 toujours rester bienveillants et donc \u00e0 toujours voir le bon c\u00f4t\u00e9 des choses. Voir les qualit\u00e9s des personnes avant de s\u2019attarder sur leurs d\u00e9fauts. Voir les bonnes intentions, les efforts\u2026 et c\u2019est ainsi que le scout ou l\u2019\u00e9claireuse s\u2019ouvre \u00e0 l\u2019action de la gr\u00e2ce en soi et la facilite grandement en lui offrant un terrain particuli\u00e8rement propice. Sans un terrain suffisamment sarcl\u00e9 et bin\u00e9, la gr\u00e2ce reste inop\u00e9rante, comme la graine du semeur tom\u00e9e sur le chemin\u2026 et c\u2019est bien dommage pour tous.<\/p>\n<h2 class=\"ecxMsoNormal\" style=\"text-align: justify;\"><span style=\"color: #3366ff;\"><b><span style=\"font-family: 'Verdana','sans-serif'; font-size: 12pt;\">La r\u00e9alit\u00e9 de la BA dans les troupes<\/span><\/b><\/span><\/h2>\n<p class=\"ecxMsoNormal\" style=\"text-align: justify;\">Soyons honn\u00eate et r\u00e9aliste\u00a0: les Chefs ne respectent pas la BA. Cependant nuan\u00e7ons ces propos\u00a0: les chefs ont certainement un bon esprit scout et donnent certainement le bon exemple par leur comportent scout.<br \/>\nCe que je veux dire c\u2019est qu\u2019ils ne jouent pas le jeu de la BA. Pour eux, la BA n\u2019est pas LE truc important de la journ\u00e9e, et donc la BA n\u2019est pas LE truc important pour les scouts ou les guides. Sans BA quotidienne pas d\u2019entra\u00eenement \u00e0 l\u2019id\u00e9al scout. Sans la BA on obtient une certaine solidarit\u00e9 de bande mais pas la communion des c\u0153urs.<br \/>\nCela ne signifie pas que cette unit\u00e9 tourne mal, cela signifie que cette unit\u00e9 ne tourne pas aussi bien qu\u2019elle le pourrait, toutes choses \u00e9gales par ailleurs.<br \/>\nDans certaines entreprises qui tournent vraiment bien (souvent des entreprises japonaises) chaque employ\u00e9 (ce qui signifie TOUS les employ\u00e9s, du balayeur au PDG) doit am\u00e9liorer quelque chose chaque jour. Ces entreprises tournent bien, non pas \u00e0 cause de ces am\u00e9liorations quotidiennes, mais \u00e0 cause de l\u2019\u00e9tat d\u2019esprit de tous ses employ\u00e9s qui restent tendus vers le m\u00eame but\u00a0: mieux travailler, \u00eatre sans cesse plus efficaces et finalement satisfaire le client, but ultime de l\u2019entreprise (avant m\u00eame celui de gagner sa croute).<br \/>\nLa BA c\u2019est la m\u00eame chose, tous restent tendus vers l\u2019esprit de bienveillance pour que r\u00e8gne l\u2019amiti\u00e9 au camp (ou dans nos familles). Voil\u00e0 comment on peut alors r\u00e9ellement aimer le prochain comme soi-m\u00eame et le Bon Dieu par-dessus tout.<br \/>\nRelisons le texte de la promesse et prenons conscience que chacun de nous a r\u00e9ellement promis :<\/p>\n<p class=\"ecxMsoNormal\" style=\"text-align: center;\"><em><span style=\"color: #0000ff;\">Sur mon honneur et avec la gr\u00e2ce de Dieu,<\/span><\/em><br \/>\n<em><span style=\"color: #0000ff;\">Je m&rsquo;engage \u00e0 servir de mon mieux,<\/span><\/em><br \/>\n<em><span style=\"color: #0000ff;\">Dieu, l&rsquo;\u00e9glise et ma Patrie,<\/span><\/em><br \/>\n<em><span style=\"color: #0000ff;\">\u00e0 aider mon prochain en toute circonstance,<\/span><\/em><br \/>\n<em><span style=\"color: #0000ff;\">\u00e0 observer la loi scoute<\/span><\/em><br \/>\n<em><span style=\"color: #0000ff;\">et \u00e0 rendre chaque jour un service \u00e0 quelqu&rsquo;un<\/span><\/em><\/p>\n<p class=\"ecxMsoNormal\" style=\"text-align: justify;\">bien s\u00fbr, e texte de la promesse varie d&rsquo;un mouvement \u00e0 l&rsquo;autre et il est bien dommage que le dernier engagement, celui de la BA, ne soit plus \u00e9nonc\u00e9 solennellement.<\/p>\n<p class=\"ecxMsoNormal\" style=\"text-align: justify;\"><a href=\"#Haut\">Retour en haut<\/a><br \/>\n<em>page pr\u00e9c\u00e9dente: <a href=\"http:\/\/arwann.com\/?page_id=1623\">vivre la loi scoute<\/a><\/em><br \/>\n<a href=\"http:\/\/arwann.com\/?page_id=1118\"><em>retour aux 5 dimensions<\/em><\/a><\/p>\n","protected":false},"excerpt":{"rendered":"<p>Par Lama. \u00a0&#8211;\u00a0\u00a0\u00a0\u00a0\u00a0\u00a0\u00a0\u00a0\u00a0\u00a0\u00a0\u00a0\u00a0\u00a0\u00a0\u00a0\u00a0 Quelle est la premi\u00e8re obligation du scout\u00a0\u00bb demande le chef au futur promettant. &#8211;\u00a0\u00a0\u00a0\u00a0\u00a0\u00a0\u00a0\u00a0\u00a0\u00a0\u00a0\u00a0\u00a0\u00a0\u00a0\u00a0\u00a0 La bonne action quotidienne\u00a0\u00bb r\u00e9pond ce dernier. Combien de scouts respectent-ils cette obligation qu\u2019ils se sont librement impos\u00e9e lorsqu\u2019il ont promis ? Et qui comprend vraiment ce que signifie la BA et quel est son r\u00f4le\u00a0? C\u2019est pr\u00e9cis\u00e9ment &hellip; <a href=\"http:\/\/arwann.com\/?page_id=2658\" class=\"more-link\">Continuer la lecture de <span class=\"screen-reader-text\">La BA, point cl\u00e9 du scoutisme<\/span> <span class=\"meta-nav\">&rarr;<\/span><\/a><\/p>\n","protected":false},"author":1,"featured_media":0,"parent":1183,"menu_order":0,"comment_status":"open","ping_status":"open","template":"","meta":{"footnotes":""},"class_list":["post-2658","page","type-page","status-publish","hentry"],"yoast_head":"<!-- This site is optimized with the Yoast SEO plugin v27.2 - https:\/\/yoast.com\/product\/yoast-seo-wordpress\/ -->\n<title>La BA, point cl\u00e9 du scoutisme -<\/title>\n<meta name=\"robots\" content=\"index, follow, max-snippet:-1, max-image-preview:large, max-video-preview:-1\" \/>\n<link rel=\"canonical\" href=\"http:\/\/arwann.com\/?page_id=2658\" \/>\n<meta property=\"og:locale\" content=\"fr_FR\" \/>\n<meta property=\"og:type\" content=\"article\" \/>\n<meta property=\"og:title\" content=\"La BA, point cl\u00e9 du scoutisme -\" \/>\n<meta property=\"og:description\" content=\"Par Lama. \u00a0&#8211;\u00a0\u00a0\u00a0\u00a0\u00a0\u00a0\u00a0\u00a0\u00a0\u00a0\u00a0\u00a0\u00a0\u00a0\u00a0\u00a0\u00a0 Quelle est la premi\u00e8re obligation du scout\u00a0\u00bb demande le chef au futur promettant. &#8211;\u00a0\u00a0\u00a0\u00a0\u00a0\u00a0\u00a0\u00a0\u00a0\u00a0\u00a0\u00a0\u00a0\u00a0\u00a0\u00a0\u00a0 La bonne action quotidienne\u00a0\u00bb r\u00e9pond ce dernier. Combien de scouts respectent-ils cette obligation qu\u2019ils se sont librement impos\u00e9e lorsqu\u2019il ont promis ? Et qui comprend vraiment ce que signifie la BA et quel est son r\u00f4le\u00a0? C\u2019est pr\u00e9cis\u00e9ment &hellip; Continuer la lecture de La BA, point cl\u00e9 du scoutisme &rarr;\" \/>\n<meta property=\"og:url\" content=\"http:\/\/arwann.com\/?page_id=2658\" \/>\n<meta property=\"article:modified_time\" content=\"2020-03-30T15:34:21+00:00\" \/>\n<meta property=\"og:image\" content=\"http:\/\/arwann.com\/wp-content\/uploads\/2014\/04\/baden_powell_portrait-Copie.png\" \/>\n<meta name=\"twitter:label1\" content=\"Dur\u00e9e de lecture estim\u00e9e\" \/>\n\t<meta name=\"twitter:data1\" content=\"7 minutes\" \/>\n<script type=\"application\/ld+json\" class=\"yoast-schema-graph\">{\"@context\":\"https:\/\/schema.org\",\"@graph\":[{\"@type\":\"WebPage\",\"@id\":\"http:\/\/arwann.com\/?page_id=2658\",\"url\":\"http:\/\/arwann.com\/?page_id=2658\",\"name\":\"La BA, point cl\u00e9 du scoutisme -\",\"isPartOf\":{\"@id\":\"http:\/\/arwann.com\/#website\"},\"primaryImageOfPage\":{\"@id\":\"http:\/\/arwann.com\/?page_id=2658#primaryimage\"},\"image\":{\"@id\":\"http:\/\/arwann.com\/?page_id=2658#primaryimage\"},\"thumbnailUrl\":\"http:\/\/arwann.com\/wp-content\/uploads\/2014\/04\/baden_powell_portrait-Copie.png\",\"datePublished\":\"2015-04-29T17:25:04+00:00\",\"dateModified\":\"2020-03-30T15:34:21+00:00\",\"breadcrumb\":{\"@id\":\"http:\/\/arwann.com\/?page_id=2658#breadcrumb\"},\"inLanguage\":\"fr-FR\",\"potentialAction\":[{\"@type\":\"ReadAction\",\"target\":[\"http:\/\/arwann.com\/?page_id=2658\"]}]},{\"@type\":\"ImageObject\",\"inLanguage\":\"fr-FR\",\"@id\":\"http:\/\/arwann.com\/?page_id=2658#primaryimage\",\"url\":\"http:\/\/arwann.com\/wp-content\/uploads\/2014\/04\/baden_powell_portrait-Copie.png\",\"contentUrl\":\"http:\/\/arwann.com\/wp-content\/uploads\/2014\/04\/baden_powell_portrait-Copie.png\",\"width\":400,\"height\":400},{\"@type\":\"BreadcrumbList\",\"@id\":\"http:\/\/arwann.com\/?page_id=2658#breadcrumb\",\"itemListElement\":[{\"@type\":\"ListItem\",\"position\":1,\"name\":\"Home\",\"item\":\"http:\/\/arwann.com\/\"},{\"@type\":\"ListItem\",\"position\":2,\"name\":\"Le Kr\u00e2al\",\"item\":\"http:\/\/arwann.com\/?page_id=33\"},{\"@type\":\"ListItem\",\"position\":3,\"name\":\"Comprendre la m\u00e9thode scoute\",\"item\":\"https:\/\/arwann.com\/?page_id=1183\"},{\"@type\":\"ListItem\",\"position\":4,\"name\":\"La BA, point cl\u00e9 du scoutisme\"}]},{\"@type\":\"WebSite\",\"@id\":\"http:\/\/arwann.com\/#website\",\"url\":\"http:\/\/arwann.com\/\",\"name\":\"Arwann.com\",\"description\":\"\",\"publisher\":{\"@id\":\"http:\/\/arwann.com\/#organization\"},\"potentialAction\":[{\"@type\":\"SearchAction\",\"target\":{\"@type\":\"EntryPoint\",\"urlTemplate\":\"http:\/\/arwann.com\/?s={search_term_string}\"},\"query-input\":{\"@type\":\"PropertyValueSpecification\",\"valueRequired\":true,\"valueName\":\"search_term_string\"}}],\"inLanguage\":\"fr-FR\"},{\"@type\":\"Organization\",\"@id\":\"http:\/\/arwann.com\/#organization\",\"name\":\"Arwann\",\"url\":\"http:\/\/arwann.com\/\",\"logo\":{\"@type\":\"ImageObject\",\"inLanguage\":\"fr-FR\",\"@id\":\"http:\/\/arwann.com\/#\/schema\/logo\/image\/\",\"url\":\"http:\/\/arwann.com\/wp-content\/uploads\/2014\/04\/cropped-bandeau-arwann-5.png\",\"contentUrl\":\"http:\/\/arwann.com\/wp-content\/uploads\/2014\/04\/cropped-bandeau-arwann-5.png\",\"width\":1600,\"height\":230,\"caption\":\"Arwann\"},\"image\":{\"@id\":\"http:\/\/arwann.com\/#\/schema\/logo\/image\/\"}}]}<\/script>\n<!-- \/ Yoast SEO plugin. -->","yoast_head_json":{"title":"La BA, point cl\u00e9 du scoutisme -","robots":{"index":"index","follow":"follow","max-snippet":"max-snippet:-1","max-image-preview":"max-image-preview:large","max-video-preview":"max-video-preview:-1"},"canonical":"http:\/\/arwann.com\/?page_id=2658","og_locale":"fr_FR","og_type":"article","og_title":"La BA, point cl\u00e9 du scoutisme -","og_description":"Par Lama. \u00a0&#8211;\u00a0\u00a0\u00a0\u00a0\u00a0\u00a0\u00a0\u00a0\u00a0\u00a0\u00a0\u00a0\u00a0\u00a0\u00a0\u00a0\u00a0 Quelle est la premi\u00e8re obligation du scout\u00a0\u00bb demande le chef au futur promettant. &#8211;\u00a0\u00a0\u00a0\u00a0\u00a0\u00a0\u00a0\u00a0\u00a0\u00a0\u00a0\u00a0\u00a0\u00a0\u00a0\u00a0\u00a0 La bonne action quotidienne\u00a0\u00bb r\u00e9pond ce dernier. Combien de scouts respectent-ils cette obligation qu\u2019ils se sont librement impos\u00e9e lorsqu\u2019il ont promis ? Et qui comprend vraiment ce que signifie la BA et quel est son r\u00f4le\u00a0? C\u2019est pr\u00e9cis\u00e9ment &hellip; Continuer la lecture de La BA, point cl\u00e9 du scoutisme &rarr;","og_url":"http:\/\/arwann.com\/?page_id=2658","article_modified_time":"2020-03-30T15:34:21+00:00","og_image":[{"url":"http:\/\/arwann.com\/wp-content\/uploads\/2014\/04\/baden_powell_portrait-Copie.png","type":"","width":"","height":""}],"twitter_misc":{"Dur\u00e9e de lecture estim\u00e9e":"7 minutes"},"schema":{"@context":"https:\/\/schema.org","@graph":[{"@type":"WebPage","@id":"http:\/\/arwann.com\/?page_id=2658","url":"http:\/\/arwann.com\/?page_id=2658","name":"La BA, point cl\u00e9 du scoutisme -","isPartOf":{"@id":"http:\/\/arwann.com\/#website"},"primaryImageOfPage":{"@id":"http:\/\/arwann.com\/?page_id=2658#primaryimage"},"image":{"@id":"http:\/\/arwann.com\/?page_id=2658#primaryimage"},"thumbnailUrl":"http:\/\/arwann.com\/wp-content\/uploads\/2014\/04\/baden_powell_portrait-Copie.png","datePublished":"2015-04-29T17:25:04+00:00","dateModified":"2020-03-30T15:34:21+00:00","breadcrumb":{"@id":"http:\/\/arwann.com\/?page_id=2658#breadcrumb"},"inLanguage":"fr-FR","potentialAction":[{"@type":"ReadAction","target":["http:\/\/arwann.com\/?page_id=2658"]}]},{"@type":"ImageObject","inLanguage":"fr-FR","@id":"http:\/\/arwann.com\/?page_id=2658#primaryimage","url":"http:\/\/arwann.com\/wp-content\/uploads\/2014\/04\/baden_powell_portrait-Copie.png","contentUrl":"http:\/\/arwann.com\/wp-content\/uploads\/2014\/04\/baden_powell_portrait-Copie.png","width":400,"height":400},{"@type":"BreadcrumbList","@id":"http:\/\/arwann.com\/?page_id=2658#breadcrumb","itemListElement":[{"@type":"ListItem","position":1,"name":"Home","item":"http:\/\/arwann.com\/"},{"@type":"ListItem","position":2,"name":"Le Kr\u00e2al","item":"http:\/\/arwann.com\/?page_id=33"},{"@type":"ListItem","position":3,"name":"Comprendre la m\u00e9thode scoute","item":"https:\/\/arwann.com\/?page_id=1183"},{"@type":"ListItem","position":4,"name":"La BA, point cl\u00e9 du scoutisme"}]},{"@type":"WebSite","@id":"http:\/\/arwann.com\/#website","url":"http:\/\/arwann.com\/","name":"Arwann.com","description":"","publisher":{"@id":"http:\/\/arwann.com\/#organization"},"potentialAction":[{"@type":"SearchAction","target":{"@type":"EntryPoint","urlTemplate":"http:\/\/arwann.com\/?s={search_term_string}"},"query-input":{"@type":"PropertyValueSpecification","valueRequired":true,"valueName":"search_term_string"}}],"inLanguage":"fr-FR"},{"@type":"Organization","@id":"http:\/\/arwann.com\/#organization","name":"Arwann","url":"http:\/\/arwann.com\/","logo":{"@type":"ImageObject","inLanguage":"fr-FR","@id":"http:\/\/arwann.com\/#\/schema\/logo\/image\/","url":"http:\/\/arwann.com\/wp-content\/uploads\/2014\/04\/cropped-bandeau-arwann-5.png","contentUrl":"http:\/\/arwann.com\/wp-content\/uploads\/2014\/04\/cropped-bandeau-arwann-5.png","width":1600,"height":230,"caption":"Arwann"},"image":{"@id":"http:\/\/arwann.com\/#\/schema\/logo\/image\/"}}]}},"_links":{"self":[{"href":"http:\/\/arwann.com\/index.php?rest_route=\/wp\/v2\/pages\/2658","targetHints":{"allow":["GET"]}}],"collection":[{"href":"http:\/\/arwann.com\/index.php?rest_route=\/wp\/v2\/pages"}],"about":[{"href":"http:\/\/arwann.com\/index.php?rest_route=\/wp\/v2\/types\/page"}],"author":[{"embeddable":true,"href":"http:\/\/arwann.com\/index.php?rest_route=\/wp\/v2\/users\/1"}],"replies":[{"embeddable":true,"href":"http:\/\/arwann.com\/index.php?rest_route=%2Fwp%2Fv2%2Fcomments&post=2658"}],"version-history":[{"count":11,"href":"http:\/\/arwann.com\/index.php?rest_route=\/wp\/v2\/pages\/2658\/revisions"}],"predecessor-version":[{"id":3774,"href":"http:\/\/arwann.com\/index.php?rest_route=\/wp\/v2\/pages\/2658\/revisions\/3774"}],"up":[{"embeddable":true,"href":"http:\/\/arwann.com\/index.php?rest_route=\/wp\/v2\/pages\/1183"}],"wp:attachment":[{"href":"http:\/\/arwann.com\/index.php?rest_route=%2Fwp%2Fv2%2Fmedia&parent=2658"}],"curies":[{"name":"wp","href":"https:\/\/api.w.org\/{rel}","templated":true}]}}