{"id":253,"date":"2014-04-02T08:51:04","date_gmt":"2014-04-02T07:51:04","guid":{"rendered":"http:\/\/arwann.com\/?page_id=253"},"modified":"2015-05-08T10:37:23","modified_gmt":"2015-05-08T09:37:23","slug":"mettre-un-coin-dans-un-tenon","status":"publish","type":"page","link":"http:\/\/arwann.com\/?page_id=253","title":{"rendered":"Mettre un coin dans un tenon"},"content":{"rendered":"<p style=\"text-align: justify;\"><a href=\"http:\/\/arwann.com\/wp-content\/uploads\/2014\/04\/bouton-scout.png\"><img loading=\"lazy\" decoding=\"async\" class=\"alignright wp-image-892\" src=\"http:\/\/arwann.com\/wp-content\/uploads\/2014\/04\/bouton-scout.png\" alt=\"bouton scout\" width=\"200\" height=\"200\" srcset=\"http:\/\/arwann.com\/wp-content\/uploads\/2014\/04\/bouton-scout.png 400w, http:\/\/arwann.com\/wp-content\/uploads\/2014\/04\/bouton-scout-200x200.png 200w, http:\/\/arwann.com\/wp-content\/uploads\/2014\/04\/bouton-scout-100x100.png 100w, http:\/\/arwann.com\/wp-content\/uploads\/2014\/04\/bouton-scout-300x300.png 300w, http:\/\/arwann.com\/wp-content\/uploads\/2014\/04\/bouton-scout-150x150.png 150w\" sizes=\"auto, (max-width: 200px) 100vw, 200px\" \/><\/a>Par Lama. <a href=\"http:\/\/arwann.com\/?page_id=29\">Le coin des scouts<\/a> -&gt; <a href=\"http:\/\/arwann.com\/?page_id=121\">Forestage et installations<\/a><\/p>\n<p style=\"text-align: justify;\">Les coins servent \u00e0 parfaire le coincement du tenon dans la mortaise, ils permettent surtout de maintenir ce coincement m\u00eame lorsque les pi\u00e8ces de bois ont s\u00e9ch\u00e9. Tu y auras donc syst\u00e9matiquement recours pour une installation appel\u00e9e \u00e0 durer bien au-del\u00e0 du camp. Dans certains cas, ils peuvent te servir \u00e0 rattraper un embo\u00eetement rat\u00e9 qui ne peut pas fournir \u00e0 lui seul le coincement, par exemple si le tenon est trop petit en diam\u00e8tre. Le coin doit \u00eatre de pr\u00e9f\u00e9rence du m\u00eame bois que le tenon. Des bois diff\u00e9rents s\u2019\u00e9crasent de mani\u00e8res diff\u00e9rentes et l\u2019effet de coincement devient inop\u00e9rant si le bois du coin est moins dur que le bois du tenon. Si tu disposes de bois sec n\u2019h\u00e9site pas \u00e0 y fa\u00e7onner tes coins car le bois sec est bien plus dur que le bois vert et l\u00e0 tu obtiendras un excellent coincement<\/p>\n<p style=\"text-align: justify;\">Lorsque le tenon est enfonc\u00e9 dans une mortaise d\u00e9bouchante, son extr\u00e9mit\u00e9 est <a href=\"http:\/\/arwann.com\/wp-content\/uploads\/2014\/04\/coin.png\"><img loading=\"lazy\" decoding=\"async\" class=\"size-full wp-image-239 alignright\" style=\"border: 1px solid black;\" src=\"http:\/\/arwann.com\/wp-content\/uploads\/2014\/04\/coin.png\" alt=\"coin\" width=\"516\" height=\"200\" srcset=\"http:\/\/arwann.com\/wp-content\/uploads\/2014\/04\/coin.png 516w, http:\/\/arwann.com\/wp-content\/uploads\/2014\/04\/coin-300x116.png 300w\" sizes=\"auto, (max-width: 516px) 100vw, 516px\" \/><\/a>accessible de l\u2019autre c\u00f4t\u00e9 de la mortaise. Il peut m\u00eame saillir hors de la mortaise. Avec un ciseau \u00e0 bois, un couteau ou une hachette, fends le bout du tenon en deux parties \u00e9gales. Cette fente doit \u00eatre perpendiculaire\u00a0 \u00e0 l\u2019axe de la pi\u00e8ce de bois dans laquelle est perc\u00e9e la mortaise. Ainsi, l\u2019action du coin va se d\u00e9velopper dans le sens des fibres et les faire travailler en traction. Dans ces conditions, le coin peut \u00eatre enfonc\u00e9 \u00e0 bloc. Si par m\u00e9garde tu places la fente dans le sens parall\u00e8le aux fibres du bois dans lequel est perc\u00e9e la mortaise, l\u2019action du coin va tout simplement faire \u00e9clater la mortaise et la pi\u00e8ce de bois va se fendre.<\/p>\n<p style=\"text-align: justify;\">En utilisant cette caract\u00e9ristique du coin il devient possible de r\u00e9aliser des mortaises assez<a href=\"http:\/\/arwann.com\/wp-content\/uploads\/2014\/04\/coin-3.png\"><img loading=\"lazy\" decoding=\"async\" class=\"size-full wp-image-235 alignright\" style=\"border: 1px solid black;\" src=\"http:\/\/arwann.com\/wp-content\/uploads\/2014\/04\/coin-3.png\" alt=\"coin 3\" width=\"263\" height=\"154\" \/><\/a> pr\u00e8s de l\u2019extr\u00e9mit\u00e9 d\u2019une pi\u00e8ce. Au lieu d\u2019y enfoncer fortement ton tenon pour obtenir le coincement, enfonce-le mod\u00e9r\u00e9ment et confie \u00e0 un coin plac\u00e9 dans le bon sens le soin de r\u00e9aliser le coincement. Bien utilis\u00e9s, les coins multiplient les possibilit\u00e9s des assemblages en forestage.<\/p>\n<p style=\"text-align: justify;\">Pour faire un coin efficace il\u00a0 faut prendre une tige assez longue (que tu tires de ton tas de branchages et de chutes). A l\u2019extr\u00e9mit\u00e9 de cette tige, dont le diam\u00e8tre vaut \u00e0 peu pr\u00e8s celui du tenon, est taill\u00e9 le coin. L\u2019amorce du coin doit \u00eatre solide avec un angle important, la pente du coin doit \u00eatre la m\u00eame que celle d\u2019un tenon, c\u2019est \u00e0 dire assez faible. Le coin est donc relativement long et le bout sur lequel tu vas frapper est environ de la surface du bout du tenon.<\/p>\n<p style=\"text-align: justify;\">Pr\u00e9sente maintenant le coin sur la fente et \u00e0 l\u2019aide de quelques coups l\u00e9gers, \u00e9carte les l\u00e8vres de la fente et fait-le p\u00e9n\u00e9trer dans le tenon. Quand tout est bien en place, frappe avec ardeur jusqu\u2019\u00e0 enfoncer le coin \u00e0 bloc. Il faut s\u2019arr\u00eater de frapper quand les fibres de bois du coin ont tendance \u00e0 se d\u00e9commettre sous les coups du maillet. Il n\u2019est pas rare d\u2019exsuder la s\u00e8ve. Coupe alors le coin au ras du tenon ou m\u00eame, coupe l\u2019ensemble tenon-coin au ras de la mortaise : ton assemblage est quasi ind\u00e9montable\u00a0; pour y parvenir tout de m\u00eame il faut faire sauter le coin<\/p>\n<p style=\"text-align: justify;\"><b>Resserrer les assemblages<br \/>\n<\/b>Le bois en s\u00e9chant se r\u00e9tr\u00e9ci en \u00e9paisseur (mais pas en longueur) et il peut \u00eatre utile de <a href=\"http:\/\/arwann.com\/wp-content\/uploads\/2014\/04\/coin-2.png\"><img loading=\"lazy\" decoding=\"async\" class=\"size-full wp-image-234 alignright\" style=\"border: 1px solid black;\" src=\"http:\/\/arwann.com\/wp-content\/uploads\/2014\/04\/coin-2.png\" alt=\"coin 2\" width=\"248\" height=\"244\" \/><\/a>renfoncer les coins apr\u00e8s un certain temps (bien apr\u00e8s la dur\u00e9e du camp en g\u00e9n\u00e9ral). Toutes les installations que tu souhaites conserver longtemps doivent \u00eatre \u00e9quip\u00e9es de coins. Dans ce cas \u00e9vite de couper l\u2019ensemble tenon-coin au ras de la mortaise mais coupe plut\u00f4t au ras du tenon. Tu couperas l\u2019ensemble au ras de la mortaise apr\u00e8s avoir resserr\u00e9 les assemblages en renfon\u00e7ant un peu plus les coins.<\/p>\n<p style=\"text-align: justify;\"><b>Mortaise borgne<br \/>\n<\/b>Si la mortaise est borgne (non d\u00e9bouchant) on peut tout de m\u00eame mettre un coin au bout <a href=\"http:\/\/arwann.com\/wp-content\/uploads\/2014\/04\/coin-aveugle.png\"><img loading=\"lazy\" decoding=\"async\" class=\"size-full wp-image-238 alignright\" style=\"border: 1px solid black;\" src=\"http:\/\/arwann.com\/wp-content\/uploads\/2014\/04\/coin-aveugle.png\" alt=\"coin aveugle\" width=\"227\" height=\"168\" \/><\/a>du tenon mais le r\u00e9sultat n\u2019est pas garanti. Avant d\u2019enfoncer le tenon, fais une fente puis places-y\u00a0 un coin court \u00e0 peine enfonc\u00e9. Embo\u00eete-le tout dans la mortaise. D\u00e8s que l\u2019extr\u00e9mit\u00e9 du coin touche le fond de la mortaise il cesse de progresser tandis que le tenon continue sa progression. Le tenon s\u2019enfonce donc dans la mortaise et en m\u00eame temps, le coin s\u2019enfonce dans le tenon. Pour cet assemblage, les dimensions du tenon, de la mortaise et du coin doivent \u00eatre bien ma\u00eetris\u00e9es. On peut donner pour r\u00e8gle g\u00e9n\u00e9rale que l\u2019\u00e9paisseur maximale du coin doit \u00eatre d\u2019un tiers celle du tenon, la longueur du coin est alors d\u00e9pendante de la pente du coin. Cette fa\u00e7on de poser les coins ne permet pas de les resserrer. Elle demande par ailleurs une bonne exp\u00e9rience pour bien appr\u00e9cier les dimensions \u00e0 donner \u00e0 tes diff\u00e9rentes pi\u00e8ces et une certaine adresse dans la r\u00e9alisation. Elle est utile dans tous les cas de mortaise borgne.<\/p>\n<p style=\"text-align: justify;\"><em>page pr\u00e9c\u00e9dente : <a title=\"La mortaise\" href=\"http:\/\/arwann.com\/?page_id=251\">la mortaise<\/a><\/em><br \/>\n<em>page suivante : <a title=\"les Cadres et les Modules\" href=\"http:\/\/arwann.com\/?page_id=373\">les cadres et les modules<\/a><\/em><\/p>\n","protected":false},"excerpt":{"rendered":"<p>Par Lama. Le coin des scouts -&gt; Forestage et installations Les coins servent \u00e0 parfaire le coincement du tenon dans la mortaise, ils permettent surtout de maintenir ce coincement m\u00eame lorsque les pi\u00e8ces de bois ont s\u00e9ch\u00e9. Tu y auras donc syst\u00e9matiquement recours pour une installation appel\u00e9e \u00e0 durer bien au-del\u00e0 du camp. Dans certains &hellip; <a href=\"http:\/\/arwann.com\/?page_id=253\" class=\"more-link\">Continuer la lecture de <span class=\"screen-reader-text\">Mettre un coin dans un tenon<\/span> <span class=\"meta-nav\">&rarr;<\/span><\/a><\/p>\n","protected":false},"author":1,"featured_media":0,"parent":121,"menu_order":0,"comment_status":"open","ping_status":"open","template":"","meta":{"footnotes":""},"class_list":["post-253","page","type-page","status-publish","hentry"],"yoast_head":"<!-- This site is optimized with the Yoast SEO plugin v27.2 - https:\/\/yoast.com\/product\/yoast-seo-wordpress\/ -->\n<title>Mettre un coin dans un tenon -<\/title>\n<meta name=\"robots\" content=\"index, follow, max-snippet:-1, max-image-preview:large, max-video-preview:-1\" \/>\n<link rel=\"canonical\" href=\"http:\/\/arwann.com\/?page_id=253\" \/>\n<meta property=\"og:locale\" content=\"fr_FR\" \/>\n<meta property=\"og:type\" content=\"article\" \/>\n<meta property=\"og:title\" content=\"Mettre un coin dans un tenon -\" \/>\n<meta property=\"og:description\" content=\"Par Lama. Le coin des scouts -&gt; Forestage et installations Les coins servent \u00e0 parfaire le coincement du tenon dans la mortaise, ils permettent surtout de maintenir ce coincement m\u00eame lorsque les pi\u00e8ces de bois ont s\u00e9ch\u00e9. Tu y auras donc syst\u00e9matiquement recours pour une installation appel\u00e9e \u00e0 durer bien au-del\u00e0 du camp. Dans certains &hellip; Continuer la lecture de Mettre un coin dans un tenon &rarr;\" \/>\n<meta property=\"og:url\" content=\"http:\/\/arwann.com\/?page_id=253\" \/>\n<meta property=\"article:modified_time\" content=\"2015-05-08T09:37:23+00:00\" \/>\n<meta property=\"og:image\" content=\"http:\/\/arwann.com\/wp-content\/uploads\/2014\/04\/bouton-scout.png\" \/>\n<meta name=\"twitter:label1\" content=\"Dur\u00e9e de lecture estim\u00e9e\" \/>\n\t<meta name=\"twitter:data1\" content=\"5 minutes\" \/>\n<script type=\"application\/ld+json\" class=\"yoast-schema-graph\">{\"@context\":\"https:\/\/schema.org\",\"@graph\":[{\"@type\":\"WebPage\",\"@id\":\"http:\/\/arwann.com\/?page_id=253\",\"url\":\"http:\/\/arwann.com\/?page_id=253\",\"name\":\"Mettre un coin dans un tenon -\",\"isPartOf\":{\"@id\":\"http:\/\/arwann.com\/#website\"},\"primaryImageOfPage\":{\"@id\":\"http:\/\/arwann.com\/?page_id=253#primaryimage\"},\"image\":{\"@id\":\"http:\/\/arwann.com\/?page_id=253#primaryimage\"},\"thumbnailUrl\":\"http:\/\/arwann.com\/wp-content\/uploads\/2014\/04\/bouton-scout.png\",\"datePublished\":\"2014-04-02T07:51:04+00:00\",\"dateModified\":\"2015-05-08T09:37:23+00:00\",\"breadcrumb\":{\"@id\":\"http:\/\/arwann.com\/?page_id=253#breadcrumb\"},\"inLanguage\":\"fr-FR\",\"potentialAction\":[{\"@type\":\"ReadAction\",\"target\":[\"http:\/\/arwann.com\/?page_id=253\"]}]},{\"@type\":\"ImageObject\",\"inLanguage\":\"fr-FR\",\"@id\":\"http:\/\/arwann.com\/?page_id=253#primaryimage\",\"url\":\"http:\/\/arwann.com\/wp-content\/uploads\/2014\/04\/bouton-scout.png\",\"contentUrl\":\"http:\/\/arwann.com\/wp-content\/uploads\/2014\/04\/bouton-scout.png\",\"width\":400,\"height\":400},{\"@type\":\"BreadcrumbList\",\"@id\":\"http:\/\/arwann.com\/?page_id=253#breadcrumb\",\"itemListElement\":[{\"@type\":\"ListItem\",\"position\":1,\"name\":\"Home\",\"item\":\"http:\/\/arwann.com\/\"},{\"@type\":\"ListItem\",\"position\":2,\"name\":\"Le coin des Scouts\",\"item\":\"http:\/\/arwann.com\/?page_id=29\"},{\"@type\":\"ListItem\",\"position\":3,\"name\":\"Forestage et installations\",\"item\":\"http:\/\/arwann.com\/?page_id=121\"},{\"@type\":\"ListItem\",\"position\":4,\"name\":\"Mettre un coin dans un tenon\"}]},{\"@type\":\"WebSite\",\"@id\":\"http:\/\/arwann.com\/#website\",\"url\":\"http:\/\/arwann.com\/\",\"name\":\"Arwann.com\",\"description\":\"\",\"publisher\":{\"@id\":\"http:\/\/arwann.com\/#organization\"},\"potentialAction\":[{\"@type\":\"SearchAction\",\"target\":{\"@type\":\"EntryPoint\",\"urlTemplate\":\"http:\/\/arwann.com\/?s={search_term_string}\"},\"query-input\":{\"@type\":\"PropertyValueSpecification\",\"valueRequired\":true,\"valueName\":\"search_term_string\"}}],\"inLanguage\":\"fr-FR\"},{\"@type\":\"Organization\",\"@id\":\"http:\/\/arwann.com\/#organization\",\"name\":\"Arwann\",\"url\":\"http:\/\/arwann.com\/\",\"logo\":{\"@type\":\"ImageObject\",\"inLanguage\":\"fr-FR\",\"@id\":\"http:\/\/arwann.com\/#\/schema\/logo\/image\/\",\"url\":\"http:\/\/arwann.com\/wp-content\/uploads\/2014\/04\/cropped-bandeau-arwann-5.png\",\"contentUrl\":\"http:\/\/arwann.com\/wp-content\/uploads\/2014\/04\/cropped-bandeau-arwann-5.png\",\"width\":1600,\"height\":230,\"caption\":\"Arwann\"},\"image\":{\"@id\":\"http:\/\/arwann.com\/#\/schema\/logo\/image\/\"}}]}<\/script>\n<!-- \/ Yoast SEO plugin. -->","yoast_head_json":{"title":"Mettre un coin dans un tenon -","robots":{"index":"index","follow":"follow","max-snippet":"max-snippet:-1","max-image-preview":"max-image-preview:large","max-video-preview":"max-video-preview:-1"},"canonical":"http:\/\/arwann.com\/?page_id=253","og_locale":"fr_FR","og_type":"article","og_title":"Mettre un coin dans un tenon -","og_description":"Par Lama. Le coin des scouts -&gt; Forestage et installations Les coins servent \u00e0 parfaire le coincement du tenon dans la mortaise, ils permettent surtout de maintenir ce coincement m\u00eame lorsque les pi\u00e8ces de bois ont s\u00e9ch\u00e9. Tu y auras donc syst\u00e9matiquement recours pour une installation appel\u00e9e \u00e0 durer bien au-del\u00e0 du camp. Dans certains &hellip; Continuer la lecture de Mettre un coin dans un tenon &rarr;","og_url":"http:\/\/arwann.com\/?page_id=253","article_modified_time":"2015-05-08T09:37:23+00:00","og_image":[{"url":"http:\/\/arwann.com\/wp-content\/uploads\/2014\/04\/bouton-scout.png","type":"","width":"","height":""}],"twitter_misc":{"Dur\u00e9e de lecture estim\u00e9e":"5 minutes"},"schema":{"@context":"https:\/\/schema.org","@graph":[{"@type":"WebPage","@id":"http:\/\/arwann.com\/?page_id=253","url":"http:\/\/arwann.com\/?page_id=253","name":"Mettre un coin dans un tenon -","isPartOf":{"@id":"http:\/\/arwann.com\/#website"},"primaryImageOfPage":{"@id":"http:\/\/arwann.com\/?page_id=253#primaryimage"},"image":{"@id":"http:\/\/arwann.com\/?page_id=253#primaryimage"},"thumbnailUrl":"http:\/\/arwann.com\/wp-content\/uploads\/2014\/04\/bouton-scout.png","datePublished":"2014-04-02T07:51:04+00:00","dateModified":"2015-05-08T09:37:23+00:00","breadcrumb":{"@id":"http:\/\/arwann.com\/?page_id=253#breadcrumb"},"inLanguage":"fr-FR","potentialAction":[{"@type":"ReadAction","target":["http:\/\/arwann.com\/?page_id=253"]}]},{"@type":"ImageObject","inLanguage":"fr-FR","@id":"http:\/\/arwann.com\/?page_id=253#primaryimage","url":"http:\/\/arwann.com\/wp-content\/uploads\/2014\/04\/bouton-scout.png","contentUrl":"http:\/\/arwann.com\/wp-content\/uploads\/2014\/04\/bouton-scout.png","width":400,"height":400},{"@type":"BreadcrumbList","@id":"http:\/\/arwann.com\/?page_id=253#breadcrumb","itemListElement":[{"@type":"ListItem","position":1,"name":"Home","item":"http:\/\/arwann.com\/"},{"@type":"ListItem","position":2,"name":"Le coin des Scouts","item":"http:\/\/arwann.com\/?page_id=29"},{"@type":"ListItem","position":3,"name":"Forestage et installations","item":"http:\/\/arwann.com\/?page_id=121"},{"@type":"ListItem","position":4,"name":"Mettre un coin dans un tenon"}]},{"@type":"WebSite","@id":"http:\/\/arwann.com\/#website","url":"http:\/\/arwann.com\/","name":"Arwann.com","description":"","publisher":{"@id":"http:\/\/arwann.com\/#organization"},"potentialAction":[{"@type":"SearchAction","target":{"@type":"EntryPoint","urlTemplate":"http:\/\/arwann.com\/?s={search_term_string}"},"query-input":{"@type":"PropertyValueSpecification","valueRequired":true,"valueName":"search_term_string"}}],"inLanguage":"fr-FR"},{"@type":"Organization","@id":"http:\/\/arwann.com\/#organization","name":"Arwann","url":"http:\/\/arwann.com\/","logo":{"@type":"ImageObject","inLanguage":"fr-FR","@id":"http:\/\/arwann.com\/#\/schema\/logo\/image\/","url":"http:\/\/arwann.com\/wp-content\/uploads\/2014\/04\/cropped-bandeau-arwann-5.png","contentUrl":"http:\/\/arwann.com\/wp-content\/uploads\/2014\/04\/cropped-bandeau-arwann-5.png","width":1600,"height":230,"caption":"Arwann"},"image":{"@id":"http:\/\/arwann.com\/#\/schema\/logo\/image\/"}}]}},"_links":{"self":[{"href":"http:\/\/arwann.com\/index.php?rest_route=\/wp\/v2\/pages\/253","targetHints":{"allow":["GET"]}}],"collection":[{"href":"http:\/\/arwann.com\/index.php?rest_route=\/wp\/v2\/pages"}],"about":[{"href":"http:\/\/arwann.com\/index.php?rest_route=\/wp\/v2\/types\/page"}],"author":[{"embeddable":true,"href":"http:\/\/arwann.com\/index.php?rest_route=\/wp\/v2\/users\/1"}],"replies":[{"embeddable":true,"href":"http:\/\/arwann.com\/index.php?rest_route=%2Fwp%2Fv2%2Fcomments&post=253"}],"version-history":[{"count":10,"href":"http:\/\/arwann.com\/index.php?rest_route=\/wp\/v2\/pages\/253\/revisions"}],"predecessor-version":[{"id":2716,"href":"http:\/\/arwann.com\/index.php?rest_route=\/wp\/v2\/pages\/253\/revisions\/2716"}],"up":[{"embeddable":true,"href":"http:\/\/arwann.com\/index.php?rest_route=\/wp\/v2\/pages\/121"}],"wp:attachment":[{"href":"http:\/\/arwann.com\/index.php?rest_route=%2Fwp%2Fv2%2Fmedia&parent=253"}],"curies":[{"name":"wp","href":"https:\/\/api.w.org\/{rel}","templated":true}]}}